-- Data for Name: file_managed; Type: TABLE DATA; Schema: public; Owner: -
--

COPY public.file_managed (fid, uuid, langcode, uid, filename, uri, filemime, filesize, status, created, changed) FROM stdin;
1	1754463a-423c-49dc-a85b-129778a8dfcd	en	1	security.webp	public://2024-04/security_1.webp	image/webp	1303096	1	1713438475	1738557231
2	c316455a-ec9c-4e26-bb94-8fd4423c3c74	en	1	product-5.jpg	public://2024-04/product-5.jpg	image/jpeg	61856	1	1642685096	1738557243
3	040e3490-dd75-41a7-b54a-b15d747da209	en	1	figure-14.png	public://2024-04/figure-14.png	image/png	15167	1	1642682146	1738557243
4	044fd323-87ee-46a4-b30a-97f38f1fcd63	en	1	app-3.png	public://2024-04/app-3.png	image/png	135384	1	1642682146	1738557243
5	0f856c9c-7e84-4d5b-b0a4-dce34930c196	en	1	figure-12.png	public://2024-04/figure-12.png	image/png	210683	1	1642682146	1738557243
6	0fa9c527-a02d-4e09-8374-8beb5941d52c	en	1	startup-1.jpg	public://2024-04/startup-1.jpg	image/jpeg	147661	1	1642682146	1738557243
7	13bb2a00-09c5-4b66-80e0-fc6db50180a6	en	1	business-meeting.png	public://2024-04/business-meeting.png	image/png	1347102	1	1642682146	1738557243
8	1754463a-423c-49dc-a85b-129778a8dfcb	en	1	coworking-2.webp	public://2024-04/coworking-2.webp	image/webp	1303096	1	1713438475	1738557243
9	3582ba01-b87a-489c-a63e-d336852ac355	en	1	bg-image-2.jpg	public://2024-04/bg-image-2.jpg	image/jpeg	198827	1	1642682146	1738557243
10	3a957390-3514-422c-843a-3aec87deb32f	en	1	app-2.png	public://2024-04/app-2.png	image/png	520447	1	1642682146	1738557243
11	41a7e408-115b-496a-badc-4413cee20708	en	1	skyscraper.webp	public://2024-04/skyscraper.webp	image/webp	1246142	1	1713439769	1738557243
12	4b67ae96-c46d-45aa-aa8f-db68f00d53e6	en	1	business-welcome.webp	public://2024-04/business-welcome.webp	image/webp	465668	1	1713439586	1738557243
13	53e3f474-6dc2-40ce-8cb0-b5b18606af74	en	1	figure-9.png	public://2024-04/figure-9.png	image/png	18888	1	1642682146	1738557243
14	5af68702-cd87-4c2a-86fd-29eecda0ecc3	en	1	business-meeting.mp4	public://2024-04/business-meeting.mp4	video/mp4	3832530	1	1642682178	1738557243
15	5bddfa11-1a47-439a-ad6c-e7e95e8b41d5	en	1	meeting-5.webp	public://2024-04/meeting-5.webp	image/webp	921728	1	1713439445	1738557243
16	68477768-dba2-4238-8a0d-2f4605cc2c6c	en	1	bg-image-1.png	public://2024-04/bg-image-1.png	image/png	572174	1	1642685153	1738557243
17	6ffa989f-1f18-450d-b6f2-fc39431b8291	en	1	startup-3.jpg	public://2024-04/startup-3.jpg	image/jpeg	52360	1	1642682146	1738557243
18	77c0e38c-8dee-446e-ab7c-423d805a1126	en	1	coworking-4.jpg	public://2024-04/coworking-4.jpg	image/jpeg	79599	1	1642682146	1738557243
19	7cd9e722-c4a8-45ea-98e0-e19c7feb921b	en	1	app-1.png	public://2024-04/app-1.png	image/png	420089	1	1642682146	1738557243
20	7ff2f50b-bddd-44c0-b974-cb3a714d7430	en	1	coworking-1.webp	public://2024-04/coworking-1.webp	image/webp	945478	1	1713438321	1738557243
21	88c6d838-bd1e-45a9-b701-618057ca0a7b	en	1	development.webp	public://2024-04/development.webp	image/webp	541864	1	1713438605	1738557243
22	8912ec99-51d7-470d-9d37-3f0588da3124	en	1	business-way.webp	public://2024-04/business-way.webp	image/webp	1591722	1	1713435038	1738557243
23	8c86981a-b0d6-4ef1-bb11-dc338ebe2800	en	1	blog-1_0.jpg	public://2024-04/blog-1_0.jpg	image/jpeg	85598	1	1642684997	1738557243
24	90bf5453-afc1-48fa-8fbd-7199fccd2066	en	1	team-3.jpg	public://2024-04/team-3.jpg	image/jpeg	40784	1	1642682146	1738557243
25	97ff4e8c-3ab3-4bc0-8839-73602058dcea	en	1	saas-1.jpg	public://2024-04/saas-1.jpg	image/jpeg	117544	1	1642682146	1738557243
26	9e57ffd4-c18d-41d6-8c9e-f6ad62cd446b	en	1	startup-2.jpg	public://2024-04/startup-2.jpg	image/jpeg	35190	1	1642682146	1738557243
27	9f9cf049-c0d9-4596-9a17-a43e6ba81bfb	en	1	meeting-2.webp	public://2024-04/meeting-2.webp	image/webp	1132806	1	1713439013	1738557243
28	a57f7394-fd39-4cea-a6a9-4d8314d7aa8e	en	1	vimeo-cover-image_0.jpg	public://2024-04/vimeo-cover-image_0.jpg	image/jpeg	79599	1	1642685054	1738557243
29	a9465d07-8e21-4374-b5f6-683e787d1388	en	1	meeting-1.webp	public://2024-04/meeting-1.webp	image/webp	909684	1	1713438775	1738557243
30	ac01299f-ef92-4287-833c-8359419fb1c1	en	1	meeting-4.webp	public://2024-04/meeting-4.webp	image/webp	234452	1	1713439253	1738557243
31	beda8840-18c1-4e57-a389-cdebdf33ed8b	en	1	coworking-5.jpg	public://2024-04/coworking-5.jpg	image/jpeg	73870	1	1642682146	1738557243
32	c265f212-66f0-4a3b-a0e3-05971eadc021	en	1	team-4.jpg	public://2024-04/team-4.jpg	image/jpeg	38081	1	1642682146	1738557243
33	c4f3f6ef-ec67-4327-9eb8-87591cdef9f3	en	1	team-1.jpg	public://2024-04/team-1.jpg	image/jpeg	39000	1	1642682146	1738557243
34	d72a2d2a-6e6d-45d6-a6db-6dcb1aa1f812	en	1	conference-1.webp	public://2024-04/conference-1.webp	image/webp	1556576	1	1713435444	1738557243
35	d9d6ab04-0d6b-4a67-a120-a6e38dd88359	en	1	business-meeting.mp4	public://2024-04/business-meeting_2.mp4	video/mp4	3832530	1	1642682146	1738557243
36	dc21ec79-9feb-4e65-81dc-6da03c9a6f42	en	1	avatar-1.jpg	public://2024-04/avatar-1.jpg	image/jpeg	116578	1	1642682146	1738557243
37	dc9a99f6-c186-460f-8616-c52bae4f8bb8	en	1	conference-2.webp	public://2024-04/conference-2.webp	image/webp	3095446	1	1713438214	1738557243
38	e367b163-332b-4135-b88b-b73c1c9088a7	en	1	team-5.jpg	public://2024-04/team-5.jpg	image/jpeg	38073	1	1642682146	1738557243
39	ed3f7678-0fc6-4695-8ab4-c5e2ef6d952f	en	1	meeting-3.webp	public://2024-04/meeting-3.webp	image/webp	2056172	1	1713439142	1738557243
40	ef46d5fb-c867-4451-8a2a-9f35a94b50a5	en	1	coworking-3.webp	public://2024-04/coworking-3.webp	image/webp	457644	1	1713438475	1738557243
41	fe30d6dd-02a3-4ed7-94fc-b00212711166	en	1	team-2.jpg	public://2024-04/team-2.jpg	image/jpeg	35056	1	1642682146	1738557243
42	0691c4a2-ba06-48cf-bf94-decaec4a6d3b	en	1	TsdT5FNEvGMWQTPHtjra3VlBGY2X_Da3LQZEyy9HtAM.jpg	public://oembed_thumbnails/TsdT5FNEvGMWQTPHtjra3VlBGY2X_Da3LQZEyy9HtAM.jpg	image/jpeg	34192	1	1713432296	1738557243
43	0897a215-a65e-46a5-bdca-8a200ad83185	en	1	X1qJmpnuMjQlrcNRGmPPQwO1jTM6wT_I9qKSJ4BhPms.jpg	public://oembed_thumbnails/X1qJmpnuMjQlrcNRGmPPQwO1jTM6wT_I9qKSJ4BhPms_0.jpg	image/jpeg	79599	1	1642684728	1738557243
44	2fccf9e0-9d91-41aa-9488-ab33f2b41233	en	1	TsdT5FNEvGMWQTPHtjra3VlBGY2X_Da3LQZEyy9HtAM.jpg	public://oembed_thumbnails/TsdT5FNEvGMWQTPHtjra3VlBGY2X_Da3LQZEyy9HtAM_0.jpg	image/jpeg	34192	1	1642684740	1738557243
45	6d54d237-a0c9-4cee-ae0a-0a86727bf8ec	en	1	X1qJmpnuMjQlrcNRGmPPQwO1jTM6wT_I9qKSJ4BhPms.jpg	public://oembed_thumbnails/X1qJmpnuMjQlrcNRGmPPQwO1jTM6wT_I9qKSJ4BhPms.jpg	image/jpeg	79599	1	1713432296	1738557243
46	b09fad82-e9f1-4985-84aa-04ee6541c717	en	1	video.png	public://media-icons/generic/video.png	image/png	4156	1	1738557243	1738557243
47	af916789-8cfc-42e8-9c88-c4a76fd2fab9	en	1	Spino.png	public://2025-02/Spino.png	image/png	1433893	1	1738594388	1738594428
48	b8f2e831-c318-406a-8030-5573c6353ab3	en	1	Stone.png	public://2025-02/Stone.png	image/png	1384451	1	1738595089	1738595133
50	318c70e6-5e72-4d81-9086-3dba78ed322a	en	1	Fossil.png	public://2025-02/Fossil.png	image/png	1125510	1	1738595089	1738595133
55	bb4e1fbe-a8d3-4e41-8668-27b5e9db129d	en	1	post-8.jpg	public://2025-02/post-8.jpg	image/jpeg	147319	1	1738829601	1738829608
56	08c968cc-a560-42ac-9d6c-6fa5a8f8aeb9	en	1	post-7.jpg	public://2025-02/post-7.jpg	image/jpeg	131388	1	1738835948	1738835953
57	f8a7255e-6eae-4984-9d7b-53181f029d0c	en	1	post-6.jpg	public://2025-02/post-6.jpg	image/jpeg	118849	1	1739001925	1739001930
58	bd6efd20-24fe-4176-9d9f-4e5715a16b4a	en	1	Screenshot_from_2024-11-22_16-33-02-removebg-preview.png	public://2025-02/Screenshot_from_2024-11-22_16-33-02-removebg-preview.png	image/png	79410	1	1739171588	1739171602
59	06115f7f-f9fa-495b-8618-46074afa9482	en	1	post-3.jpg	public://2025-02/post-3.jpg	image/jpeg	95217	1	1739356885	1739356890
60	45e13062-e322-498b-ab1f-5f44baf5cb50	en	1	post-5.jpg	public://2025-02/post-5.jpg	image/jpeg	127816	1	1739357100	1739357104
62	e9c60cae-f5bc-4d2d-9ecf-ff6a5f8b2fd8	en	1	banner.jpg	public://2025-02/banner.jpg	image/jpeg	228791	1	1739935327	1739935332
63	dac3e47d-720a-4506-aa9e-27e67cd239d9	en	1	banner.jpg	public://2025-02/banner_0.jpg	image/jpeg	228791	1	1739935378	1739935382
64	c22b67ca-f378-46fe-ad8b-603dd88dd3e4	en	1	pexels-tima-miroshnichenko-5427665.jpg	public://2025-02/pexels-tima-miroshnichenko-5427665.jpg	image/jpeg	1889931	1	1739936426	1739936431
65	58e8795c-b100-4614-bf78-69b07a413338	en	1	pexels-yankrukov-8617995.jpg	public://2025-02/pexels-yankrukov-8617995.jpg	image/jpeg	1311102	1	1739939744	1739939792
66	bd1028f2-94f3-4ad0-af1d-717379e00830	en	1	logo-cropped.svg	temporary://logo-cropped.svg	image/svg+xml	43813	0	1739944898	1739944898
67	ee74b031-c185-469a-81bb-8259d651a713	en	1	249428.jpg	public://2025-02/249428.jpg	image/jpeg	53861	0	1740037776	1740037776
68	3a2fa13f-b430-4aef-9932-57864d7b3144	en	1	Banner_01.png	public://2025-02/Banner_01.png	image/png	411137	1	1740045027	1740045038
69	63c9bd94-c0d5-4eef-a7a3-c28661f3dbcf	en	1	bdecea0788a51112bd9355850f1b1697.jpg	public://2025-02/bdecea0788a51112bd9355850f1b1697.jpg	image/jpeg	53672	1	1740045975	1740045979
70	4fdcc115-3667-4594-a043-a757789f7e9a	en	1	Untitled design.png	public://2025-02/Untitled design.png	image/png	1933097	1	1740111169	1740111178
71	8a847f0d-d9dc-4e1a-9b93-883a09222507	en	1	Untitled design(2).png	public://2025-02/Untitled design(2).png	image/png	698631	1	1740112130	1740112152
72	e8d30a15-38eb-4a31-b7a7-5a15fbb24a62	en	1	photo_2025-02-25_16-55-13.jpg	public://2025-02/photo_2025-02-25_16-55-13.jpg	image/jpeg	132747	1	1740477477	1740477566
73	6e6ff89e-9275-4b16-88a5-ed8310bcc362	en	1	photo_2025-02-25_16-55-16.jpg	public://2025-02/photo_2025-02-25_16-55-16.jpg	image/jpeg	178427	1	1740477477	1740477566
74	10b34965-ce9a-400e-9e2f-b4731c2a81d3	en	1	photo_2025-02-25_16-55-10.jpg	public://2025-02/photo_2025-02-25_16-55-10.jpg	image/jpeg	102078	1	1740477477	1740477566
75	c5b900a0-61c1-42af-941c-c7a417752352	en	1	photo_2025-02-25_16-54-57.jpg	public://2025-02/photo_2025-02-25_16-54-57.jpg	image/jpeg	119403	1	1740477477	1740477566
76	839cad18-4c65-490f-8e0f-550948a527c5	en	1	photo_2025-02-25_16-54-49.jpg	public://2025-02/photo_2025-02-25_16-54-49.jpg	image/jpeg	133216	1	1740477477	1740477566
77	37917b2e-9bef-4a23-8bfc-f0c4f6a98c37	en	1	photo_2025-02-25_16-54-54.jpg	public://2025-02/photo_2025-02-25_16-54-54.jpg	image/jpeg	115897	1	1740477477	1740477566
78	3f31f701-571f-4939-8037-4781495c1755	en	1	photo_2025-02-25_16-54-41.jpg	public://2025-02/photo_2025-02-25_16-54-41.jpg	image/jpeg	51855	1	1740477477	1740477566
79	f55974cd-d90b-472b-8a2e-c5e65d574e4a	en	1	photo_2025-02-25_16-54-46.jpg	public://2025-02/photo_2025-02-25_16-54-46.jpg	image/jpeg	94280	1	1740477477	1740477566
80	64f07472-1c88-48b3-b2b1-96c34f6ad49a	en	1	photo_2025-02-25_16-59-40.jpg	public://2025-02/photo_2025-02-25_16-59-40.jpg	image/jpeg	129607	1	1740479684	1740479721
81	e2e526e3-86e1-44a4-b101-786c07d74d43	en	1	photo_2025-02-25_17-05-07.jpg	public://2025-02/photo_2025-02-25_17-05-07.jpg	image/jpeg	185112	1	1740479746	1740479748
82	5791e9f7-0327-42bb-b1c1-de32376535ca	en	1	photo_2025-02-25_17-15-33.jpg	public://2025-02/photo_2025-02-25_17-15-33.jpg	image/jpeg	102250	1	1740479812	1740479830
83	ab4736a4-660a-422c-8c65-3b513022e48a	en	1	photo_2025-02-25_17-07-41.jpg	public://2025-02/photo_2025-02-25_17-07-41.jpg	image/jpeg	117639	1	1740479812	1740479830
84	cf9fd294-4512-483a-be7c-d186a191a0a6	en	1	photo_2025-02-25_17-15-53.jpg	public://2025-02/photo_2025-02-25_17-15-53.jpg	image/jpeg	114682	1	1740479895	1740479903
85	974281bd-8a11-4eea-b80c-050af22e905a	en	1	photo_2025-02-25_17-13-47.jpg	public://2025-02/photo_2025-02-25_17-13-47.jpg	image/jpeg	102213	1	1740479895	1740479903
86	9a8261cb-a9af-446f-8929-f6f5243380ed	en	1	photo_2025-02-25_18-19-01.jpg	public://2025-02/photo_2025-02-25_18-19-01.jpg	image/jpeg	115872	1	1740543214	1740543218
87	e73ede11-2acf-452a-8340-a2d93b7cc1d3	en	1	photo_2025-02-25_17-46-33.jpg	public://2025-02/photo_2025-02-25_17-46-33.jpg	image/jpeg	150367	1	1740543345	1740543350
88	21fbae79-246e-4bf8-abfa-f9bbc1c3c9bd	en	1	photo_2025-02-25_17-42-00.jpg	public://2025-02/photo_2025-02-25_17-42-00.jpg	image/jpeg	108481	1	1740543345	1740543350
89	e89c4a3c-5dba-463f-afc4-72b052a1bbae	en	1	photo_2025-02-26_12-06-46.jpg	public://2025-02/photo_2025-02-26_12-06-46.jpg	image/jpeg	126388	1	1740549221	1740549225
90	4fdb8bb4-5875-40a6-8ff2-9c5e2c40793b	en	1	photo_2025-02-26_12-06-33.jpg	public://2025-02/photo_2025-02-26_12-06-33.jpg	image/jpeg	140877	1	1740549221	1740549225
91	dc290aba-7e53-4b05-8811-1169bd838f3f	en	1	2.png	public://2025-02/2.png	image/png	637723	1	1740551292	1740551313
92	5e4c605c-d69a-4173-826b-249f64abf92e	en	1	1.png	public://2025-02/1.png	image/png	409340	1	1740552434	1740552452
93	36eca511-5e90-4b75-a283-3d9242f57311	en	1	Banner.png	public://2025-02/Banner.png	image/png	544200	1	1740556109	1740556121
94	4918ca2b-98a7-47aa-96bd-7645f2a91682	en	1	12069094.png	public://2025-02/12069094.png	image/png	13393	1	1740638869	1740638886
95	3f444ff0-0e2a-444c-80a6-ae511ff52162	en	1	staff.png	public://2025-02/staff.png	image/png	52992	1	1740639450	1740639460
96	2068261a-78bf-4ce1-8020-bc8e1de585ee	en	1	research.png	public://2025-02/research.png	image/png	33350	1	1740639854	1740639858
97	a35e6b73-9940-4fde-8dc1-834aa64e7f3c	en	1	light.png	public://2025-02/light.png	image/png	28566	1	1740639956	1740639959
98	a2a89f8f-0103-4146-be30-470e975a8b00	en	1	person.png	public://2025-02/person.png	image/png	24403	1	1740640038	1740640043
99	efcbdf66-25d3-4b8a-9c94-267ef060bf96	en	1	photo_2025-02-28_15-01-35.jpg	public://2025-02/photo_2025-02-28_15-01-35.jpg	image/jpeg	49486	1	1740729789	1740729810
100	d5f97c7d-93c0-4f3f-afc1-e7255ef930c3	en	1	Lovepik_com_833500063_Cartoon_school_supplies,_stationery,_material1.png	public://2025-02/Lovepik_com_833500063_Cartoon_school_supplies,_stationery,_material1.png	image/png	578388	1	1740730334	1740730337
101	3037edc8-1053-4a54-9834-5e192d9bba80	en	1	photo_2025-02-21_14-51-06.jpg	public://2025-02/photo_2025-02-21_14-51-06.jpg	image/jpeg	109337	1	1740730692	1740730729
102	69923059-eef8-46c3-a2c3-23a858a651fb	en	1	photo_2025-02-21_15-13-05.jpg	public://2025-02/photo_2025-02-21_15-13-05.jpg	image/jpeg	88094	1	1740731017	1740731029
103	644db1eb-5d39-4e7d-b3d6-76c1e238dd81	en	1	photo_2025-02-21_13-58-00.jpg	public://2025-02/photo_2025-02-21_13-58-00.jpg	image/jpeg	96101	1	1740731206	1740731221
104	9ec8cfde-7407-46ce-9281-af4165c1ece4	en	1	pexels-pixabay-462331.jpg	public://2025-02/pexels-pixabay-462331.jpg	image/jpeg	319632	1	1740733794	1740733801
105	2140d8bf-0921-4c30-a40d-c215f1aaefcb	en	1	photo_2025-02-28_16-13-45.jpg	public://2025-02/photo_2025-02-28_16-13-45.jpg	image/jpeg	129952	1	1740734078	1740734085
106	23813133-fd36-4c04-bbb6-5ccdb2961fb5	en	1	photo_2025-02-28_16-14-52.jpg	public://2025-02/photo_2025-02-28_16-14-52.jpg	image/jpeg	33559	1	1740734146	1740734156
107	fad340f7-9eea-49a7-a06a-6ef9f2e9a1ed	en	1	บ้านครูโอม(2).png	public://2025-03/บ้านครูโอม(2).png	image/png	698950	1	1740804526	1740804543
108	d928d60c-f5e4-4a55-a323-a83ccd90bbd9	en	1	photo_2025-02-21_15-42-23(1).jpg	public://2025-03/photo_2025-02-21_15-42-23(1).jpg	image/jpeg	135559	1	1740972176	1740972193
109	4dfeaebe-85e2-4578-9e9f-91784a5cb534	en	1	4.png	public://2025-03/4.png	image/png	755754	1	1741062858	1741062887
110	13f169f1-fef3-4229-a8f8-04be6ba314e0	en	1	1.png	public://2025-03/1.png	image/png	1512136	1	1741062949	1741062967
111	8fac3a64-4bc7-4cbe-997f-2abbe2588467	en	1	3.png	public://2025-03/3.png	image/png	1070739	1	1741063013	1741063030
112	2f9a9f20-5839-4306-b366-a2bbe400c0fd	en	1	2.png	public://2025-03/2.png	image/png	1068506	1	1741063073	1741063091
113	67d9167b-43f1-491d-9b9c-f022125f9e1b	en	1	Add Line.png	public://2025-03/Add Line.png	image/png	384844	1	1741149883	1741149897
114	1ad30386-a0ab-47ff-9888-e01990366f71	en	1	6.png	public://2025-03/6.png	image/png	1491649	1	1741250918	1741250930
115	4074293d-d4ad-4207-a0ed-ef785cf8119a	en	1	7.png	public://2025-03/7.png	image/png	1664157	1	1741251098	1741251103
116	8b05ce75-3c89-46b3-a890-0bfe6704c306	en	1	8.png	public://2025-03/8.png	image/png	1169575	1	1741253931	1741253938
117	457db0e4-ddc5-427a-955d-d51d5acf1b08	en	1	9.png	public://2025-03/9.png	image/png	958714	1	1741254122	1741254130
118	36b9d017-e24e-49cd-9921-f7c9df308426	en	1	photo_2025-03-06_18-39-24 (2).jpg	public://2025-03/photo_2025-03-06_18-39-24 (2).jpg	image/jpeg	93832	1	1741670854	1741670871
119	32d725db-9512-43c8-86b5-5531ba7354a2	en	1	photo_2025-03-06_18-39-24 (3).jpg	public://2025-03/photo_2025-03-06_18-39-24 (3).jpg	image/jpeg	88548	1	1741671055	1741671063
120	0f017c80-d258-434f-9292-46ff7b88f322	en	1	photo_2025-03-11_17-41-27.jpg	public://2025-03/photo_2025-03-11_17-41-27.jpg	image/jpeg	119716	1	1741690582	1741690625
121	5599ae76-722b-4e4d-b0bb-480bd491bf7d	en	1	photo_2025-03-11_17-41-27 (2).jpg	public://2025-03/photo_2025-03-11_17-41-27 (2).jpg	image/jpeg	175536	1	1741690638	1741690644
122	a328cb4a-b14c-4193-b33e-8a0ea37a0112	en	1	photo_2025-03-11_18-56-26 (2).jpg	public://2025-03/photo_2025-03-11_18-56-26 (2).jpg	image/jpeg	119697	1	1741694310	1741694317
123	da2780bc-2566-43a1-ac23-9aedfbe0495f	en	1	photo_2025-03-11_18-56-26.jpg	public://2025-03/photo_2025-03-11_18-56-26.jpg	image/jpeg	175695	1	1741694333	1741694341
124	eb199d69-8f5d-4f47-9e84-71c3b0087b62	en	1	Mero Thai.png	public://2025-03/Mero Thai.png	image/png	2054175	1	1741711460	1741711468
125	97d61b75-8580-4b51-bf99-2b6203c3c794	en	1	Untitled design(4).png	public://2025-03/Untitled design(4).png	image/png	1132817	1	1741711765	1741711772
126	d7114b7c-bb5f-478d-8326-a81c6d50e7bc	en	1	photo_2025-03-06_18-39-22 (2).jpg	public://2025-03/photo_2025-03-06_18-39-22 (2).jpg	image/jpeg	109048	1	1741712304	1741712308
127	2df02b6e-8943-40ca-89f5-09cbe8ca9367	en	1	photo_2025-03-06_18-39-23 (7).jpg	public://2025-03/photo_2025-03-06_18-39-23 (7).jpg	image/jpeg	79927	1	1741712577	1741712580
128	651ba7a0-79e5-48e5-8d71-266bde47a96d	en	1	photo_2025-03-12_00-09-39.jpg	public://2025-03/photo_2025-03-12_00-09-39.jpg	image/jpeg	83386	1	1741713153	1741713167
129	26c9f3cb-5402-4ef6-89e9-c7ff299040a9	en	1	photo_2025-03-12_11-37-36.jpg	public://2025-03/photo_2025-03-12_11-37-36.jpg	image/jpeg	65361	1	1741754335	1741754347
130	549ab2e0-f291-498a-8c13-c56a4412ffaf	en	1	photo_2025-03-12_11-37-36 (2).jpg	public://2025-03/photo_2025-03-12_11-37-36 (2).jpg	image/jpeg	112472	1	1741754489	1741754526
131	494bff8c-7406-431a-9094-ca511fe6f2cb	en	1	12.png	public://2025-03/12.png	image/png	648002	1	1741794090	1741794106
132	1a042de2-11d6-4183-b61a-b6973566f703	en	1	13.png	public://2025-03/13.png	image/png	840021	1	1741794189	1741794209
133	fa6f21fe-afcd-42db-a38e-5335a0826e4f	en	1	14.png	public://2025-03/14.png	image/png	814182	1	1741794332	1741794359
134	6d0ef99f-2fa5-4275-a3d0-60ec30d9eeba	en	1	15.png	public://2025-03/15.png	image/png	657899	1	1741794640	1741794660
135	a078fb47-b1f2-4936-a4ea-8544fb6153d4	en	1	08-0430-1035.png	public://2025-03/08-0430-1035.png	image/png	143030	1	1741835026	1741835036
136	8f20d9c8-bb95-44dd-8963-723f0a202370	en	1	photo_2025-03-13_18-27-13 (2).jpg	public://2025-03/photo_2025-03-13_18-27-13 (2).jpg	image/jpeg	85930	1	1741874813	1741874820
137	90b32d7f-bb91-4e6b-be27-13ef78d45c8f	en	1	photo_2025-03-13_18-27-13 (3).jpg	public://2025-03/photo_2025-03-13_18-27-13 (3).jpg	image/jpeg	149833	1	1741874813	1741874820
138	e36c0a82-b8dd-4fe0-8d5f-3e2edeb985a1	en	1	photo_2025-03-13_18-27-13.jpg	public://2025-03/photo_2025-03-13_18-27-13.jpg	image/jpeg	152046	1	1741874813	1741874820
139	8b2d36e0-8df3-4907-9995-aef9459f4cc4	en	1	photo_2025-03-13_18-25-20.jpg	public://2025-03/photo_2025-03-13_18-25-20.jpg	image/jpeg	78550	1	1741874980	1741874983
140	8229c24b-e170-4c22-a3c3-f6a9ef92004d	en	1	photo_2025-03-13_18-25-21.jpg	public://2025-03/photo_2025-03-13_18-25-21.jpg	image/jpeg	96659	1	1741875025	1741875030
141	b521395a-38fb-48c1-9b5f-54c4bc64e191	en	1	photo_2025-03-13_18-25-20 (2).jpg	public://2025-03/photo_2025-03-13_18-25-20 (2).jpg	image/jpeg	71237	1	1741875025	1741875030
142	c21d4781-98ba-4427-a742-4d141b34b523	en	1	photo_2025-03-13_21-15-04.jpg	public://2025-03/photo_2025-03-13_21-15-04.jpg	image/jpeg	126413	1	1741875442	1741875449
143	e37786f8-afb3-451b-be0a-f4c17cfe2315	en	1	photo_2025-03-06_11-13-03.jpg	public://2025-03/photo_2025-03-06_11-13-03.jpg	image/jpeg	100478	1	1741875442	1741875449
144	2dcdb31b-9e77-41cd-ade7-00022b23bee5	en	1	photo_2025-03-06_10-41-38.jpg	public://2025-03/photo_2025-03-06_10-41-38.jpg	image/jpeg	79327	1	1741875442	1741875449
145	0fba06d6-da95-4261-a960-9a08eb366731	en	1	photo_2025-03-13_18-29-34 (2).jpg	public://2025-03/photo_2025-03-13_18-29-34 (2).jpg	image/jpeg	76582	1	1741875551	1741875556
146	8104c8fd-d0a7-410d-b3af-b11395f54df7	en	1	photo_2025-03-13_18-29-34.jpg	public://2025-03/photo_2025-03-13_18-29-34.jpg	image/jpeg	135022	1	1741875551	1741875556
147	8e3f9f59-bb44-499f-9ee9-e0e90062bd99	en	1	photo_2025-03-13_18-30-37 (3).jpg	public://2025-03/photo_2025-03-13_18-30-37 (3).jpg	image/jpeg	78564	1	1741875623	1741875630
148	08a4fb69-31a9-4b50-87d3-489e8e7693d4	en	1	photo_2025-03-13_18-30-37 (2).jpg	public://2025-03/photo_2025-03-13_18-30-37 (2).jpg	image/jpeg	75096	1	1741875623	1741875630
149	30a7bcb0-8cee-45a3-ad26-266cdd967a29	en	1	photo_2025-03-13_18-30-37.jpg	public://2025-03/photo_2025-03-13_18-30-37.jpg	image/jpeg	90291	1	1741875623	1741875630
150	2c397c09-accd-4cef-b053-07da5189170e	en	1	photo_2025-03-13_18-32-44 (4).jpg	public://2025-03/photo_2025-03-13_18-32-44 (4).jpg	image/jpeg	68346	1	1741875660	1741875669
151	5a0434e7-3c32-4d3d-a248-f2bb9a0b45c1	en	1	photo_2025-03-13_18-32-44 (3).jpg	public://2025-03/photo_2025-03-13_18-32-44 (3).jpg	image/jpeg	62014	1	1741875660	1741875669
152	b5c0744a-e180-4f83-a485-4feffa689609	en	1	photo_2025-03-13_18-32-44 (2).jpg	public://2025-03/photo_2025-03-13_18-32-44 (2).jpg	image/jpeg	75598	1	1741875660	1741875669
153	df0f86ba-0666-4e96-8b9e-06c145619c31	en	1	photo_2025-03-13_18-32-44.jpg	public://2025-03/photo_2025-03-13_18-32-44.jpg	image/jpeg	101541	1	1741875660	1741875669
154	0fbff317-b7cf-45e0-a48e-b521ee6724b0	en	1	photo_2025-03-13_18-37-27 (2).jpg	public://2025-03/photo_2025-03-13_18-37-27 (2).jpg	image/jpeg	80988	1	1741875730	1741875734
155	47c659e2-0fe4-4ae5-b9a2-01e2f197c5a7	en	1	photo_2025-03-13_18-37-27.jpg	public://2025-03/photo_2025-03-13_18-37-27.jpg	image/jpeg	119351	1	1741875730	1741875734
156	bc43dc19-f787-48ca-812b-5e89303633be	en	1	photo_2025-03-13_18-36-19 (3).jpg	public://2025-03/photo_2025-03-13_18-36-19 (3).jpg	image/jpeg	83562	1	1741875795	1741875800
157	2da8f0ab-8435-4a2d-818c-25e6aea71150	en	1	photo_2025-03-13_18-36-19 (2).jpg	public://2025-03/photo_2025-03-13_18-36-19 (2).jpg	image/jpeg	143614	1	1741875795	1741875800
158	5259b485-950e-4380-9d1e-49dd226ba667	en	1	photo_2025-03-13_18-36-19.jpg	public://2025-03/photo_2025-03-13_18-36-19.jpg	image/jpeg	70950	1	1741875795	1741875800
159	f687be75-2a14-470c-82d7-70eae6ddefcf	en	1	photo_2025-03-13_18-39-17 (4).jpg	public://2025-03/photo_2025-03-13_18-39-17 (4).jpg	image/jpeg	75501	1	1741875842	1741875850
160	829a9bcb-cc2f-409c-8ec0-c6549a0f89c5	en	1	photo_2025-03-13_18-39-17 (3).jpg	public://2025-03/photo_2025-03-13_18-39-17 (3).jpg	image/jpeg	111897	1	1741875842	1741875850
161	5c318045-900f-446d-970a-d992b3e514f1	en	1	photo_2025-03-13_18-39-17 (2).jpg	public://2025-03/photo_2025-03-13_18-39-17 (2).jpg	image/jpeg	135319	1	1741875842	1741875850
162	af0ed893-ac0d-4f9e-90d8-b969d64ae987	en	1	photo_2025-03-13_18-39-17.jpg	public://2025-03/photo_2025-03-13_18-39-17.jpg	image/jpeg	161410	1	1741875842	1741875850
\.


--
-- TOC entry 7079 (class 0 OID 27029)
-- Dependencies: 309
-- Data for Name: file_usage; Type: TABLE DATA; Schema: public; Owner: -
--

COPY public.file_usage (fid, module, type, id, count) FROM stdin;
1	file	media	1	2
34	file	media	2	2
9	file	media	3	2
31	file	media	4	2
17	file	media	5	2
18	file	media	6	2
5	file	media	7	2
7	file	media	8	2
3	file	media	9	2
4	file	media	10	2
36	file	media	11	2
10	file	media	12	2
12	file	media	13	2
37	file	media	14	2
22	file	media	15	2
11	file	media	16	2
29	file	media	17	2
40	file	media	18	2
42	file	media	19	1
45	file	media	20	1
38	file	media	21	2
27	file	media	22	2
23	file	media	23	2
41	file	media	24	2
20	file	media	25	2
21	file	media	26	2
8	file	media	27	2
25	file	media	28	2
45	file	media	29	1
28	file	media	29	1
13	file	media	30	2
19	file	media	31	2
30	file	media	32	2
6	file	media	33	2
46	file	media	34	1
35	file	media	34	1
26	file	media	35	2
15	file	media	36	2
42	file	media	37	1
16	file	media	37	1
33	file	media	38	2
24	file	media	39	2
46	file	media	40	1
2	file	media	40	1
14	file	media	40	1
32	file	media	41	2
39	file	media	42	2
47	file	media	43	2
48	file	media	44	2
50	file	media	45	2
55	file	media	46	2
56	file	media	47	4
57	file	media	48	2
58	file	media	49	2
59	file	media	50	2
60	file	media	51	2
62	file	media	52	2
63	file	media	53	2
64	file	media	54	2
65	file	media	55	2
68	file	media	56	2
69	file	media	57	2
70	file	media	58	2
71	file	media	59	2
72	file	media	60	2
73	file	media	61	2
74	file	media	62	2
75	file	media	63	2
76	file	media	64	2
77	file	media	65	2
78	file	media	66	2
79	file	media	67	2
80	file	media	68	2
81	file	media	69	2
82	file	media	70	2
83	file	media	71	2
84	file	media	72	2
85	file	media	73	2
86	file	media	74	2
87	file	media	75	2
88	file	media	76	2
89	file	media	77	2
90	file	media	78	2
91	file	media	79	2
92	file	media	80	2
93	file	media	81	2
94	file	media	82	2
95	file	media	83	2
96	file	media	84	2
97	file	media	85	2
98	file	media	86	2
99	file	media	87	2
100	file	media	88	2
101	file	media	89	2
102	file	media	90	2
103	file	media	91	2
104	file	media	92	2
105	file	media	93	2
106	file	media	94	2
107	file	media	95	2
108	file	media	96	2
109	file	media	97	2
110	file	media	98	2
111	file	media	99	2
112	file	media	100	2
113	file	media	101	2
114	file	media	102	2
115	file	media	103	2
116	file	media	104	2
117	file	media	105	2
118	file	media	106	2
119	file	media	107	2
120	file	media	108	2
121	file	media	109	2
122	file	media	110	2
123	file	media	111	2
124	file	media	112	2
125	file	media	113	2
126	file	media	114	2
127	file	media	115	2
128	file	media	116	2
129	file	media	117	2
130	file	media	118	2
131	file	media	119	2
132	file	media	120	2
133	file	media	121	2
134	file	media	122	2
135	file	media	123	2
136	file	media	124	2
137	file	media	125	2
138	file	media	126	2
139	file	media	127	2
140	file	media	128	2
141	file	media	129	2
142	file	media	130	2
143	file	media	131	2
144	file	media	132	2
145	file	media	133	2
146	file	media	134	2
147	file	media	135	2
148	file	media	136	2
149	file	media	137	2
150	file	media	138	2
151	file	media	139	2
152	file	media	140	2
153	file	media	141	2
154	file	media	142	2
155	file	media	143	2
156	file	media	144	2
157	file	media	145	2
158	file	media	146	2
159	file	media	147	2
160	file	media	148	2
161	file	media	149	2
162	file	media	150	2
\.


--
-- TOC entry 7080 (class 0 OID 27038)
-- Dependencies: 310
-- Data for Name: flood; Type: TABLE DATA; Schema: public; Owner: -
--

COPY public.flood (fid, event, identifier, "timestamp", expiration) FROM stdin;
\.


--
-- TOC entry 7082 (class 0 OID 27046)
-- Dependencies: 312
-- Data for Name: help_search_items; Type: TABLE DATA; Schema: public; Owner: -
--

COPY public.help_search_items (sid, section_plugin_id, permission, topic_id) FROM stdin;
1	help_topics		action.overview
2	help_topics		action.creating
3	help_topics		block.place
4	help_topics		block.configure
5	help_topics		block.overview
6	help_topics		block_content.type
7	help_topics		block_content.add
8	help_topics		breakpoint.overview
9	help_topics		config.export_single
10	help_topics		config.export_full
11	help_topics		config.import_full
12	help_topics		config.import_single
13	help_topics		content_moderation.configuring_workflows
14	help_topics		content_moderation.changing_states
15	help_topics		contextual.overview
16	help_topics		editor.overview
17	help_topics		field_ui.manage_display
18	help_topics		field_ui.add_field
19	help_topics		field_ui.manage_form
20	help_topics		field_ui.reference_field
21	help_topics		filter.overview
22	help_topics		core.translations
23	help_topics		core.ui_accessibility
24	help_topics		core.security
25	help_topics		core.tracking_content
26	help_topics		core.web_services
27	help_topics		core.performance
28	help_topics		core.maintenance
29	help_topics		core.settings_tray
30	help_topics		core.content_structure
31	help_topics		help.overview
32	help_topics		core.ui_components
33	help_topics		core.extending
34	help_topics		core.cron
35	help_topics		core.config_overview
36	help_topics		core.appearance
37	help_topics		help.help_topic_search
38	help_topics		core.media
39	help_topics		core.menus
40	help_topics		image.style
41	help_topics		layout_builder.overview
42	help_topics		media.media_type
43	help_topics		menu_ui.menu_operations
44	help_topics		menu_ui.content_type_configuration
45	help_topics		menu_ui.menu_item_add
46	help_topics		menu_ui.overriding
47	help_topics		node.editing
48	help_topics		node.overview
49	help_topics		node.creating_type
50	help_topics		node.creating_content
51	help_topics		path.editing_alias
52	help_topics		path.creating_alias
53	help_topics		path.overview
54	help_topics		search.index
55	help_topics		search.overview
56	help_topics		search.configuring
57	help_topics		shortcut.overview
58	help_topics		statistics.tracking_popular_content
59	help_topics		system.cache
60	help_topics		system.config_error
61	help_topics		system.maintenance_mode
62	help_topics		system.config_basic
63	help_topics		system.theme_install
64	help_topics		system.theme_uninstall
65	help_topics		system.reports
66	help_topics		system.module_uninstall
67	help_topics		system.module_install
68	help_topics		taxonomy.configuring
69	help_topics		taxonomy.overview
70	help_topics		tour.overview
71	help_topics		user.new_role
72	help_topics		user.overview
73	help_topics		user.create
74	help_topics		user.permissions
75	help_topics		user.update
76	help_topics		user.security_account_settings
77	help_topics		workflows.overview
78	help_topics		views.overview
79	help_topics		views_ui.add_display
80	help_topics		views_ui.edit
81	help_topics		views_ui.bulk_operations
82	help_topics		views_ui.create
83	help_topics		responsive_image.style
84	help_topics		language.add
85	help_topics		language.detect
86	help_topics		locale.import
87	help_topics		locale.translate_strings
88	help_topics		locale.translation_status
89	help_topics		config_translation.overview
90	help_topics		content_translation.overview
\.


--
-- TOC entry 7084 (class 0 OID 27056)
-- Dependencies: 314
-- Data for Name: honeypot_user; Type: TABLE DATA; Schema: public; Owner: -
--

COPY public.honeypot_user (id, uid, hostname, "timestamp") FROM stdin;
\.


--
-- TOC entry 7086 (class 0 OID 27062)
-- Dependencies: 316
-- Data for Name: inline_block_usage; Type: TABLE DATA; Schema: public; Owner: -
--

COPY public.inline_block_usage (block_content_id, layout_entity_type, layout_entity_id) FROM stdin;
18	node	2
19	node	2
20	node	2
21	node	2
22	node	2
23	node	2
24	node	2
25	node	2
26	node	2
27	node	2
35	node	2
36	node	2
40	node	45
41	node	45
42	node	45
43	node	45
44	node	45
51	node	2
58	node	2
59	node	45
63	node	2
64	node	2
65	node	2
66	node	2
67	node	2
68	node	2
69	node	45
71	node	2
\.






--
-- TOC entry 7089 (class 0 OID 27083)
-- Dependencies: 319
-- Data for Name: locale_file; Type: TABLE DATA; Schema: public; Owner: -
--

COPY public.locale_file (project, langcode, filename, version, uri, "timestamp", last_checked) FROM stdin;
\.


--
-- TOC entry 7090 (class 0 OID 27095)
-- Dependencies: 320
-- Data for Name: locales_location; Type: TABLE DATA; Schema: public; Owner: -
--

COPY public.locales_location (lid, sid, type, name, version) FROM stdin;
60	60	javascript	core/modules/locale/locale.admin.js	10.4.1
61	61	javascript	core/modules/locale/locale.admin.js	10.4.1
62	20	javascript	core/modules/locale/locale.admin.js	10.4.1
63	62	javascript	core/modules/locale/locale.admin.js	10.4.1
161	147	javascript	core/modules/node/content_types.js	10.4.1
160	146	javascript	core/modules/node/content_types.js	10.4.1
151	138	javascript	core/modules/node/node.js	10.4.1
103	94	javascript	modules/contrib/ckeditor5_paste_filter/js/build/pasteFilter.js	10.4.1
108	95	javascript	core/modules/ckeditor5/js/build/drupalMedia.js	10.4.1
126	114	javascript	modules/contrib/editor_advanced_link/js/build/editorAdvancedLink.js	10.4.1
128	116	javascript	modules/contrib/editor_advanced_link/js/build/editorAdvancedLink.js	10.4.1
130	118	javascript	modules/contrib/editor_advanced_link/js/build/editorAdvancedLink.js	10.4.1
131	97	javascript	modules/contrib/entity_embed/js/build/drupalentity.js	10.4.1
75	68	javascript	core/misc/dropbutton/dropbutton.js	10.4.1
139	126	javascript	themes/contrib/gin/dist/js/sidebar.js	10.4.1
135	122	javascript	modules/contrib/entity_embed/js/build/drupalentity.js	10.4.1
136	123	javascript	modules/contrib/entity_embed/js/build/drupalentity.js	10.4.1
78	71	javascript	core/modules/views_ui/js/views-admin.js	10.4.1
152	139	javascript	core/modules/node/node.js	10.4.1
67	65	javascript	themes/contrib/gin/js/overrides/tabledrag.js	10.4.1
95	86	javascript	core/themes/claro/js/tableselect.js	10.4.1
101	92	javascript	core/modules/editor/js/editor.js	10.4.1
66	64	javascript	themes/contrib/gin/js/overrides/tabledrag.js	10.4.1
8	8	javascript	core/misc/ajax.js	10.4.1
138	125	javascript	modules/contrib/entity_embed/js/build/drupalentity.js	10.4.1
157	144	javascript	core/modules/text/text.js	10.4.1
11	11	javascript	core/misc/ajax.js	10.4.1
68	66	javascript	themes/contrib/gin/js/overrides/tabledrag.js	10.4.1
132	119	javascript	modules/contrib/entity_embed/js/build/drupalentity.js	10.4.1
122	110	javascript	core/modules/ckeditor5/js/build/drupalMedia.js	10.4.1
121	109	javascript	core/modules/ckeditor5/js/build/drupalMedia.js	10.4.1
120	108	javascript	core/modules/ckeditor5/js/build/drupalMedia.js	10.4.1
102	93	javascript	core/modules/editor/js/editor.js	10.4.1
142	129	javascript	core/modules/media_library/js/media_library.widget.js	10.4.1
154	141	javascript	core/modules/path/path.js	10.4.1
145	132	javascript	core/misc/entity-form.js	10.4.1
45	45	javascript	core/modules/system/js/system.modules.js	10.4.1
91	82	javascript	modules/contrib/token/js/token.js	10.4.1
79	72	javascript	core/modules/views_ui/js/views-admin.js	10.4.1
148	135	javascript	core/misc/entity-form.js	10.4.1
158	145	javascript	core/misc/machine-name.js	10.4.1
153	140	javascript	modules/contrib/node_edit_protection/node-edit-protection.js	10.4.1
6	6	javascript	core/misc/ajax.js	10.4.1
112	101	javascript	core/modules/ckeditor5/js/build/drupalMedia.js	10.4.1
3	3	javascript	core/misc/message.js	10.4.1
123	111	javascript	modules/contrib/edit_media_modal/js/build/editMediaModal.js	10.4.1
124	112	javascript	modules/contrib/editor_advanced_link/js/build/editorAdvancedLink.js	10.4.1
76	69	javascript	core/modules/views_ui/js/views-admin.js	10.4.1
31	31	javascript	core/misc/tableresponsive.js	10.4.1
4	4	javascript	core/misc/message.js	10.4.1
104	95	javascript	core/modules/media/js/media_embed_ckeditor.theme.js	10.4.1
110	99	javascript	core/modules/ckeditor5/js/build/drupalMedia.js	10.4.1
29	29	javascript	core/misc/tableresponsive.js	10.4.1
105	95	javascript	core/themes/claro/js/classy/media_embed_ckeditor.theme.js	10.4.1
65	63	javascript	themes/contrib/gin/js/overrides/tabledrag.js	10.4.1
100	91	javascript	core/modules/editor/js/editor.js	10.4.1
2	2	javascript	core/misc/message.js	10.4.1
116	104	javascript	core/modules/ckeditor5/js/build/drupalMedia.js	10.4.1
7	7	javascript	core/misc/ajax.js	10.4.1
80	73	javascript	core/modules/views_ui/js/views-admin.js	10.4.1
69	67	javascript	themes/contrib/gin/js/overrides/tabledrag.js	10.4.1
74	65	javascript	core/themes/claro/js/tabledrag.js	10.4.1
143	130	javascript	core/misc/entity-form.js	10.4.1
71	66	javascript	core/themes/claro/js/tabledrag.js	10.4.1
119	107	javascript	core/modules/ckeditor5/js/build/drupalMedia.js	10.4.1
134	121	javascript	modules/contrib/entity_embed/js/build/drupalentity.js	10.4.1
70	63	javascript	core/themes/claro/js/tabledrag.js	10.4.1
125	113	javascript	modules/contrib/editor_advanced_link/js/build/editorAdvancedLink.js	10.4.1
9	9	javascript	core/misc/ajax.js	10.4.1
140	127	javascript	themes/contrib/gin/dist/js/sidebar.js	10.4.1
10	10	javascript	core/misc/ajax.js	10.4.1
72	67	javascript	core/themes/claro/js/tabledrag.js	10.4.1
77	70	javascript	core/modules/views_ui/js/views-admin.js	10.4.1
133	120	javascript	modules/contrib/entity_embed/js/build/drupalentity.js	10.4.1
30	30	javascript	core/misc/tableresponsive.js	10.4.1
90	81	javascript	modules/contrib/token/js/token.js	10.4.1
73	64	javascript	core/themes/claro/js/tabledrag.js	10.4.1
200	182	javascript	core/modules/media_library/js/media_library.ui.js	10.4.1
201	183	javascript	core/modules/media_library/js/media_library.ui.js	10.4.1
202	184	javascript	core/modules/media_library/js/media_library.ui.js	10.4.1
182	167	javascript	modules/contrib/webform/js/webform.element.details.toggle.js	10.4.1
203	185	javascript	core/modules/media_library/js/media_library.ui.js	10.4.1
204	186	javascript	core/modules/media_library/js/media_library.ui.js	10.4.1
205	187	javascript	core/modules/media_library/js/media_library.ui.js	10.4.1
183	168	javascript	modules/contrib/webform/js/webform.element.details.toggle.js	10.4.1
168	154	javascript	modules/contrib/simple_sitemap/js/simple_sitemap.fieldsetSummaries.js	10.4.1
199	16	javascript	core/modules/media_library/js/media_library.ui.js	10.4.1
169	155	javascript	modules/contrib/simple_sitemap/js/simple_sitemap.fieldsetSummaries.js	10.4.1
170	156	javascript	modules/contrib/simple_sitemap/js/simple_sitemap.fieldsetSummaries.js	10.4.1
171	157	javascript	modules/contrib/simple_sitemap/js/simple_sitemap.fieldsetSummaries.js	10.4.1
184	169	javascript	modules/contrib/webform/js/webform.element.details.toggle.js	10.4.1
196	179	javascript	themes/contrib/gin/js/overrides/media_library.view.js	10.4.1
197	180	javascript	themes/contrib/gin/js/overrides/media_library.view.js	10.4.1
198	181	javascript	themes/contrib/gin/js/overrides/media_library.view.js	10.4.1
162	148	javascript	core/modules/node/content_types.js	10.4.1
206	88	javascript	core/modules/media_library/js/media_library.ui.js	10.4.1
207	188	javascript	core/modules/media_library/js/media_library.ui.js	10.4.1
208	189	javascript	modules/contrib/media_library_edit/js/media_library_edit.admin.js	10.4.1
185	170	javascript	modules/contrib/webform/js/webform.element.details.toggle.js	10.4.1
180	165	javascript	modules/contrib/section_library/js/section-library.js	10.4.1
193	141	javascript	modules/contrib/pathauto/pathauto.js	10.4.1
137	124	javascript	modules/contrib/entity_embed/js/build/drupalentity.js	10.4.1
98	89	javascript	modules/contrib/dashboards/js/es/chart.js	10.4.1
19	19	javascript	core/misc/ajax.js	10.4.1
173	159	javascript	core/modules/block/js/block.js	10.4.1
163	149	javascript	modules/contrib/scheduler/js/scheduler_vertical_tabs.js	10.4.1
232	206	javascript	core/modules/ckeditor5/js/ckeditor5.admin.js	10.4.1
213	136	javascript	core/modules/media/js/form.js	10.4.1
189	174	javascript	modules/contrib/maxlength/js/maxlength.js	10.4.1
155	142	javascript	core/modules/path/path.js	10.4.1
118	106	javascript	core/modules/ckeditor5/js/build/drupalMedia.js	10.4.1
209	93	javascript	sites/default/modules/contrib/fontawesome_menu_icons/js/fontawesome_menu_icons.js	10.4.1
146	133	javascript	core/misc/entity-form.js	10.4.1
156	143	javascript	core/modules/text/text.js	10.4.1
147	134	javascript	core/misc/entity-form.js	10.4.1
195	178	javascript	modules/contrib/yoast_seo/js/yoast_seo.js	10.4.1
114	93	javascript	core/modules/ckeditor5/js/build/drupalMedia.js	10.4.1
212	192	javascript	core/modules/file/file.js	10.4.1
177	162	javascript	core/modules/layout_builder/js/layout-builder.js	10.4.1
178	163	javascript	core/modules/layout_builder/js/layout-builder.js	10.4.1
96	87	javascript	core/themes/claro/js/tableselect.js	10.4.1
149	136	javascript	core/modules/node/node.js	10.4.1
15	15	javascript	core/misc/ajax.js	10.4.1
87	78	javascript	core/misc/vertical-tabs.js	10.4.1
115	103	javascript	core/modules/ckeditor5/js/build/drupalMedia.js	10.4.1
18	18	javascript	core/misc/ajax.js	10.4.1
97	88	javascript	core/themes/claro/js/tableselect.js	10.4.1
214	137	javascript	core/modules/media/js/form.js	10.4.1
141	128	javascript	core/modules/media_library/js/media_library.widget.js	10.4.1
164	150	javascript	modules/contrib/scheduler/js/scheduler_vertical_tabs.js	10.4.1
16	16	javascript	core/misc/ajax.js	10.4.1
144	131	javascript	core/misc/entity-form.js	10.4.1
181	166	javascript	modules/contrib/views_bulk_operations/js/frontUi.js	10.4.1
117	105	javascript	core/modules/ckeditor5/js/build/drupalMedia.js	10.4.1
192	177	javascript	modules/contrib/pathauto/pathauto.js	10.4.1
188	173	javascript	modules/contrib/maxlength/js/maxlength.js	10.4.1
191	176	javascript	core/modules/menu_ui/menu_ui.js	10.4.1
194	142	javascript	modules/contrib/pathauto/pathauto.js	10.4.1
17	17	javascript	core/misc/ajax.js	10.4.1
14	14	javascript	core/misc/ajax.js	10.4.1
150	137	javascript	core/modules/node/node.js	10.4.1
216	193	javascript	core/modules/user/user.permissions.js	10.4.1
166	152	javascript	modules/contrib/scheduler/js/scheduler_vertical_tabs.js	10.4.1
167	153	javascript	modules/contrib/scheduler/js/scheduler_vertical_tabs.js	10.4.1
190	175	javascript	modules/contrib/maxlength/js/maxlength.js	10.4.1
172	158	javascript	core/modules/block/js/block.js	10.4.1
174	160	javascript	core/modules/block/js/block.js	10.4.1
175	161	javascript	core/modules/block/js/block.admin.js	10.4.1
176	158	javascript	modules/contrib/webform/js/webform.block.js	10.4.1
187	172	javascript	modules/contrib/maxlength/js/maxlength.js	10.4.1
210	190	javascript	sites/default/modules/contrib/fontawesome_menu_icons/js/fontawesome_menu_icons.js	10.4.1
211	191	javascript	sites/default/modules/contrib/fontawesome_menu_icons/js/fontawesome_menu_icons.js	10.4.1
113	102	javascript	core/modules/ckeditor5/js/build/drupalMedia.js	10.4.1
186	171	javascript	modules/contrib/webform/js/webform.element.details.toggle.js	10.4.1
165	151	javascript	modules/contrib/scheduler/js/scheduler_vertical_tabs.js	10.4.1
41	41	javascript	modules/contrib/extlink/js/extlink.js	10.4.1
35	35	javascript	modules/contrib/editoria11y/js/editoria11y-drupal.js	10.4.1
85	48	javascript	modules/contrib/responsive_preview/js/responsive-preview.js	10.4.1
39	39	javascript	modules/contrib/editoria11y/js/editoria11y-drupal.js	10.4.1
25	25	javascript	core/modules/contextual/js/contextual.toolbar.js	10.4.1
217	194	javascript	core/modules/user/user.permissions.js	10.4.1
56	56	javascript	core/modules/toolbar/js/views/ToolbarAuralView.js	10.4.1
215	138	javascript	core/modules/media/js/form.js	10.4.1
94	85	javascript	themes/contrib/gin/js/overrides/tableselect.js	10.4.1
86	77	javascript	modules/contrib/responsive_preview/js/responsive-preview.js	10.4.1
1	1	javascript	core/misc/announce.js	10.4.1
32	32	javascript	modules/contrib/editoria11y/js/editoria11y-drupal.js	10.4.1
38	38	javascript	modules/contrib/editoria11y/js/editoria11y-drupal.js	10.4.1
33	33	javascript	modules/contrib/editoria11y/js/editoria11y-drupal.js	10.4.1
34	34	javascript	modules/contrib/editoria11y/js/editoria11y-drupal.js	10.4.1
24	24	javascript	core/modules/contextual/js/views/AuralView.js	10.4.1
57	57	javascript	core/modules/tour/js/tour.js	10.4.1
224	198	javascript	core/modules/ckeditor5/js/ckeditor5.admin.js	10.4.1
59	59	javascript	core/modules/tour/js/tour.js	10.4.1
46	46	javascript	core/modules/toolbar/js/toolbar.menu.js	10.4.1
111	100	javascript	core/modules/ckeditor5/js/build/drupalMedia.js	10.4.1
58	58	javascript	core/modules/tour/js/tour.js	10.4.1
179	164	javascript	core/modules/layout_builder/js/layout-builder.js	10.4.1
47	47	javascript	core/modules/toolbar/js/toolbar.menu.js	10.4.1
64	20	javascript	themes/contrib/gin/js/overrides/tabledrag.js	10.4.1
37	37	javascript	modules/contrib/editoria11y/js/editoria11y-drupal.js	10.4.1
88	79	javascript	modules/contrib/ds/js/ds.admin.js	10.4.1
12	12	javascript	core/misc/ajax.js	10.4.1
42	42	javascript	core/modules/settings_tray/js/settings_tray.js	10.4.1
43	43	javascript	core/modules/settings_tray/js/settings_tray.js	10.4.1
26	26	javascript	core/modules/contextual/js/contextual.toolbar.js	10.4.1
219	79	javascript	core/modules/filter/filter.admin.js	10.4.1
82	74	javascript	modules/contrib/responsive_preview/js/responsive-preview.js	10.4.1
220	80	javascript	core/modules/filter/filter.admin.js	10.4.1
221	195	javascript	core/modules/ckeditor5/js/ckeditor5.admin.js	10.4.1
48	48	javascript	core/modules/toolbar/js/toolbar.menu.js	10.4.1
222	196	javascript	core/modules/ckeditor5/js/ckeditor5.admin.js	10.4.1
53	53	javascript	core/modules/toolbar/js/views/ToolbarAuralView.js	10.4.1
55	55	javascript	core/modules/toolbar/js/views/ToolbarAuralView.js	10.4.1
109	98	javascript	core/modules/ckeditor5/js/build/drupalMedia.js	10.4.1
21	21	javascript	modules/contrib/coffee/js/coffee.js	10.4.1
50	50	javascript	core/modules/toolbar/js/toolbar.js	10.4.1
129	117	javascript	modules/contrib/editor_advanced_link/js/build/editorAdvancedLink.js	10.4.1
23	23	javascript	core/modules/contextual/js/contextual.js	10.4.1
22	22	javascript	core/modules/contextual/js/contextual.js	10.4.1
54	54	javascript	core/modules/toolbar/js/views/ToolbarAuralView.js	10.4.1
28	28	javascript	core/modules/contextual/js/toolbar/views/AuralView.js	10.4.1
5	5	javascript	themes/contrib/gin/dist/js/messages.js	10.4.1
83	75	javascript	modules/contrib/responsive_preview/js/responsive-preview.js	10.4.1
51	51	javascript	core/modules/toolbar/js/models/ToolbarModel.js	10.4.1
81	23	javascript	modules/contrib/responsive_preview/js/responsive-preview.js	10.4.1
36	36	javascript	modules/contrib/editoria11y/js/editoria11y-drupal.js	10.4.1
99	90	javascript	core/modules/editor/js/editor.js	10.4.1
40	40	javascript	modules/contrib/editoria11y/js/editoria11y-drupal.js	10.4.1
13	13	javascript	core/misc/ajax.js	10.4.1
92	83	javascript	modules/contrib/ui_patterns_settings/js/ui_pattern_settings.toggle_token.js	10.4.1
27	27	javascript	core/modules/contextual/js/contextual.toolbar.js	10.4.1
44	44	javascript	core/modules/settings_tray/js/settings_tray.js	10.4.1
106	96	javascript	themes/contrib/gin/js/overrides/media_embed_ckeditor.theme.js	10.4.1
218	147	javascript	core/modules/media/js/type_form.js	10.4.1
107	97	javascript	core/modules/ckeditor5/js/build/drupalMedia.js	10.4.1
84	76	javascript	modules/contrib/responsive_preview/js/responsive-preview.js	10.4.1
49	49	javascript	core/modules/toolbar/js/toolbar.js	10.4.1
89	80	javascript	modules/contrib/ds/js/ds.admin.js	10.4.1
223	197	javascript	core/modules/ckeditor5/js/ckeditor5.admin.js	10.4.1
225	199	javascript	core/modules/ckeditor5/js/ckeditor5.admin.js	10.4.1
226	200	javascript	core/modules/ckeditor5/js/ckeditor5.admin.js	10.4.1
227	201	javascript	core/modules/ckeditor5/js/ckeditor5.admin.js	10.4.1
228	202	javascript	core/modules/ckeditor5/js/ckeditor5.admin.js	10.4.1
229	203	javascript	core/modules/ckeditor5/js/ckeditor5.admin.js	10.4.1
230	204	javascript	core/modules/ckeditor5/js/ckeditor5.admin.js	10.4.1
231	205	javascript	core/modules/ckeditor5/js/ckeditor5.admin.js	10.4.1
233	207	javascript	core/modules/ckeditor5/js/ckeditor5.admin.js	10.4.1
234	208	javascript	core/modules/ckeditor5/js/ckeditor5.image.admin.js	10.4.1
235	209	javascript	core/modules/ckeditor5/js/ckeditor5.image.admin.js	10.4.1
236	210	javascript	core/modules/ckeditor5/js/ckeditor5.style.admin.js	10.4.1
237	211	javascript	core/modules/ckeditor5/js/ckeditor5.style.admin.js	10.4.1
159	43	javascript	core/misc/machine-name.js	10.4.1
127	115	javascript	modules/contrib/editor_advanced_link/js/build/editorAdvancedLink.js	10.4.1
93	84	javascript	themes/contrib/gin/js/overrides/tableselect.js	10.4.1
20	20	javascript	core/misc/ajax.js	10.4.1
52	52	javascript	core/modules/toolbar/js/views/ToolbarAuralView.js	10.4.1
\.


--
-- TOC entry 7092 (class 0 OID 27102)
-- Dependencies: 322
-- Data for Name: locales_source; Type: TABLE DATA; Schema: public; Owner: -
--

COPY public.locales_source (lid, source, context, version) FROM stdin;
60	Hide description		10.4.1
61	Show description		10.4.1
62	Changes made in this table will not be saved until the form is submitted.		10.4.1
182	<span class="visually-hidden">Show </span>@title<span class="visually-hidden"> media</span><span class="active-tab visually-hidden"> (selected)</span>		10.4.1
170	All details have been expanded.		10.4.1
183	Showing @title media.		10.4.1
184	Loading grid view.		10.4.1
185	Changed to grid view.		10.4.1
186	Loading table view.		10.4.1
157	Excluded from all sitemaps		10.4.1
171	All details have been collapsed.		10.4.1
187	Changed to table view.		10.4.1
155	IndexNow notification disabled		10.4.1
148	Don't display post information		10.4.1
188	@selected of @count item selected@selected of @count items selected		10.4.1
189	Unsaved changes to the form will be lost. Are you sure you want to leave?		10.4.1
167	Toggle details widget state.		10.4.1
64	Hide row weights		10.4.1
130	New revision		10.4.1
107	Enter media caption		10.4.1
138	Authored on @date		10.4.1
174	You have exceeded the limit by @available characters		10.4.1
82	First click a text field to insert your tokens into.		10.4.1
91	Change text format?		10.4.1
140	You will lose all unsaved work.		10.4.1
128	Show media item weights		10.4.1
190	Accept		10.4.1
97	Preview failed		10.4.1
132	Needs to be updated		10.4.1
98	Media widget		10.4.1
68	List additional actions		10.4.1
63	You have unsaved changes.		10.4.1
7	HTTP Result Code: !status		10.4.1
100	Drupal Media toolbar		10.4.1
93	Cancel		10.4.1
149	Scheduled for publishing		10.4.1
67	Move in any direction		10.4.1
173	You have 0 characters left		10.4.1
65	Show row weights		10.4.1
95	An error occurred while trying to preview the media. Save your work and reload this page.		10.4.1
101	Not all functionality may be available because some information could not be retrieved.		10.4.1
175	Content limited to @limit characters, remaining: <strong>@remaining</strong>		10.4.1
125	Link entity embed		10.4.1
78	(active tab)		10.4.1
129	Hide media item weights		10.4.1
141	Alias: @alias		10.4.1
116	Link relationship		10.4.1
117	Advanced		10.4.1
81	Insert this token into your form		10.4.1
103	Alternative text override		10.4.1
118	Open in new window		10.4.1
147	Not published		10.4.1
66	Change order		10.4.1
70	Remove group		10.4.1
104	Decorative image		10.4.1
29	Show all columns		10.4.1
176	Not in menu		10.4.1
193	This permission is inherited from the authenticated user role.		10.4.1
164	Block previews are hidden. Block labels are visible.		10.4.1
133	Does not need to be updated		10.4.1
143	Hide summary		10.4.1
144	Edit summary		10.4.1
79	Enabled		10.4.1
163	Block previews are visible. Block labels are hidden.		10.4.1
80	Disabled		10.4.1
83	Browse available token		10.4.1
45	1 module is available in the modified list.@count modules are available in the modified list.		10.4.1
108	Caption media		10.4.1
88	1 item selected@count items selected		10.4.1
106	Link media		10.4.1
84	Select all rows in this table		10.4.1
113	ARIA label		10.4.1
72	Revert to default		10.4.1
92	Continue		10.4.1
99	Insert Media		10.4.1
102	Save		10.4.1
87	No items selected		10.4.1
166	Selected 1 itemSelected @count items		10.4.1
105	Override media image alternative text		10.4.1
5	Hide		10.4.1
142	No alias		10.4.1
11	StatusText: !statusText		10.4.1
126	Hide sidebar panel		10.4.1
112	Title		10.4.1
71	Apply (all displays)		10.4.1
69	Add		10.4.1
114	CSS classes		10.4.1
124	Entity Embed toolbar		10.4.1
4	Warning message		10.4.1
3	Error message		10.4.1
134	Flag other translations as outdated		10.4.1
115	ID		10.4.1
6	An AJAX HTTP error occurred.		10.4.1
109	Toggle caption off		10.4.1
1	@count items added to @container		10.4.1
2	Status message		10.4.1
151	Not scheduled		10.4.1
153	Unpublishing enabled		10.4.1
159	Restricted to certain pages		10.4.1
73	Apply (this display)		10.4.1
85	Deselect all rows in this table		10.4.1
160	The block cannot be placed in this region.		10.4.1
30	Hide lower priority columns		10.4.1
191	Type to filter		10.4.1
123	Unable to create edit link. There must be a value for data-entity-type.		10.4.1
156	Included in sitemaps: 		10.4.1
179	Select all media		10.4.1
180	All @count items selected		10.4.1
168	Collapse all		10.4.1
154	IndexNow notification enabled		10.4.1
146	Requires a title		10.4.1
181	Zero items selected		10.4.1
169	Expand all		10.4.1
139	Not promoted		10.4.1
41	new window		10.4.1
26	Tabbing is constrained to a set of @contextualsCount and the edit mode toggle.		10.4.1
195	The toolbar buttons that don't fit the user's browser window width will be grouped in a dropdown. If multiple toolbar rows are preferred, those can be configured by adding an explicit wrapping breakpoint wherever you want to start a new row.		10.4.1
162	All available blocks are listed.		10.4.1
192	The selected file %filename cannot be uploaded. Only files with the following extensions are allowed: %extensions.		10.4.1
38	Layout editor		10.4.1
33	tab		10.4.1
25	Tabbing is no longer constrained by the Contextual module.		10.4.1
44	Exited edit mode.		10.4.1
15	Oops, something went wrong. Check your browser's developer console for more details.		10.4.1
135	Do not flag other translations as outdated		10.4.1
50	Vertical orientation		10.4.1
136	By @name on @date		10.4.1
76	Landscape		10.4.1
14	CustomMessage: !customMessage		10.4.1
17	The response failed verification so will not be processed.		10.4.1
110	Toggle caption on		10.4.1
75	Portrait		10.4.1
10	Path: !uri		10.4.1
36	link sends email		10.4.1
39	Edit user		10.4.1
54	opened		10.4.1
42	Editing		10.4.1
96	An error occurred while trying to preview the media. Please save your work and reload this page.		10.4.1
119	An error occurred while trying to preview the embedded content. Please save your work and reload this page.		10.4.1
177	Automatic alias		10.4.1
40	Edit term		10.4.1
89	Show data		10.4.1
32	download		10.4.1
47	Collapse		10.4.1
178	It looks like something went wrong when we tried to load the Yoast SEO content analysis library. Please check it the module is installed correctly.		10.4.1
23	Close		10.4.1
31	Show table cells that were hidden to make the table fit within a small screen.		10.4.1
37	Page editor		10.4.1
19	An error occurred during the execution of the Ajax response: !error		10.4.1
8	An AJAX HTTP request terminated abnormally.		10.4.1
55	Tray "@tray" @action.		10.4.1
9	Debugging information follows.		10.4.1
94	CKEditor 5 Paste Filter: Invalid regular expression "!error"		10.4.1
137	By @name		10.4.1
56	Tray @action.		10.4.1
35	link is external		10.4.1
48	@label		10.4.1
34	window		10.4.1
150	Scheduled for unpublishing		10.4.1
53	closed		10.4.1
49	Horizontal orientation		10.4.1
22	Open		10.4.1
122	Unable to create edit link. There must be a value for data-entity-uuid.		10.4.1
131	No revision		10.4.1
59	Next		10.4.1
165	All available sections are listed.		10.4.1
90	Changing the text format to %text_format will permanently remove content that is not allowed in that text format.<br><br>Save your changes before switching the text format to avoid losing data.		10.4.1
24	@action @title configuration options		10.4.1
27	Press the esc key to exit.		10.4.1
121	Edit the embedded entity (opens in new tab)		10.4.1
13	ReadyState: !readyState		10.4.1
12	ResponseText: !responseText		10.4.1
152	Publishing enabled		10.4.1
28	@count contextual link@count contextual links		10.4.1
51	The toolbar cannot be set to a horizontal orientation when it is locked.		10.4.1
111	Edit media		10.4.1
58	End tour		10.4.1
52	Tray orientation changed to @orientation.		10.4.1
18	The callback URL is not local and not trusted: !url		10.4.1
46	Extend		10.4.1
172	Only 10 characters left		10.4.1
20	Changed		10.4.1
120	Entity Embed widget		10.4.1
16	Processing...		10.4.1
74	Change orientation		10.4.1
194	1 permission is available in the modified list.@count permissions are available in the modified list.		10.4.1
161	1 block is available in the modified list.@count blocks are available in the modified list.		10.4.1
21	Query		10.4.1
77	@displayWidth@width by @displayHeight, @dpi, @orientation		10.4.1
57	!tour_item of !total		10.4.1
145	Edit machine name		10.4.1
43	Edit		10.4.1
196	You have configured a multi-row toolbar by using an explicit wrapping breakpoint. This may not work well in narrow browser windows. To use automatic grouping, remove any of these divider buttons.		10.4.1
197	Button @name has been copied to the active toolbar.		10.4.1
198	Button @name has been removed from the active toolbar.		10.4.1
199	Button @name has been moved to the active toolbar.		10.4.1
127	Show sidebar panel		10.4.1
158	Not restricted		10.4.1
200	Divider		10.4.1
201	Wrapping		10.4.1
202	Press the down arrow key to use this divider in the active button list		10.4.1
203	Press the down arrow key to activate		10.4.1
204	Press the up arrow key to deactivate. Use the right and left arrow keys to move position		10.4.1
205	Available buttons		10.4.1
206	Button divider		10.4.1
207	Active toolbar		10.4.1
208	Images can only be uploaded.		10.4.1
209	Images can only be added by URL.		10.4.1
210	No styles configured		10.4.1
211	One style configured@count styles configured		10.4.1
86	Bulk actions are now available. These actions will be applied to all selected items. This can be accessed via the "Skip to bulk actions" link that appears after every enabled checkbox. 		10.4.1
\.


--
-- TOC entry 7094 (class 0 OID 27110)
-- Dependencies: 324
-- Data for Name: locales_target; Type: TABLE DATA; Schema: public; Owner: -
--

COPY public.locales_target (lid, translation, language, customized) FROM stdin;
\.


--
-- TOC entry 7095 (class 0 OID 27118)
-- Dependencies: 325
-- Data for Name: media; Type: TABLE DATA; Schema: public; Owner: -
--

COPY public.media (mid, vid, bundle, uuid, langcode) FROM stdin;
1	1	image	b45820f4-7a2f-48f7-9869-0a48a26330d2	en
58	59	image	2b317400-9057-4590-a72a-3e485e3ea073	en
2	2	image	062724de-e3e9-4366-bb51-5c2b643ba521	en
3	3	image	06a0e14a-4ff0-4521-9e67-f2bae2ca0dee	en
59	60	image	5eb02d99-8e6c-4732-8bd2-da7a53d75073	en
4	4	image	0d51f85e-f023-43c3-aaa4-5e06999d62ad	en
5	5	image	0e08c2ad-e23f-405b-9fbd-5bf32f23817c	en
60	61	image	7a409390-5700-4ad1-a051-a21030d498f9	en
6	6	image	0ee46614-1ded-467b-8228-39875d06a941	en
7	7	image	10a5e841-dcfe-4875-ac3f-deaa801d59f5	en
61	62	image	351f681d-26f7-4290-aa07-85782bc9013d	en
8	8	image	10dc781e-e925-4151-985b-6c2bd4e6b141	en
9	9	image	166e9bf9-4ff4-4b54-859e-792d8cb4bf32	en
62	63	image	e640d132-a097-4fc2-a1a3-bdf7f31af078	en
10	10	image	4029e145-a5ed-4bbc-90b9-a6bf997a1684	en
11	11	image	44bb5114-8ab7-46ef-8278-33659e77bf3f	en
63	64	image	a70d342a-3ec1-4698-a2b9-812be7ebf59a	en
12	12	image	483fff16-b057-40ed-8661-8678eae43b3a	en
13	13	image	4a63ee9d-5725-46b0-be84-b5730e7e0c78	en
64	65	image	8cdb4082-059e-47ba-9adc-88e397911e51	en
14	14	image	4c8e82f2-5306-4d9e-a73f-679c21073047	en
15	15	image	53e7e92c-6506-408b-89cc-2ec279a9ec92	en
65	66	image	a53174d7-3b69-4611-9b44-1ecf19e2a1c4	en
16	16	image	5435d1ce-9ef1-4fbc-bcca-047c72a3369e	en
17	17	image	54f43ead-20b5-4c46-9e39-4a9e38a43e43	en
66	67	image	481ae35a-3e73-4ab0-bd64-1812e3df036a	en
18	18	image	59d9ce37-b406-4b0d-8f7c-6002f3447554	en
19	19	remote_video	781b83a4-14bb-4359-8107-c011bb039721	en
67	68	image	0a8ce5c0-3555-482f-bc05-6d13c3387c43	en
20	20	remote_video	7f3ff6e7-51fe-419b-802b-1b12c8aab4e5	en
21	21	image	88110570-9ee3-4150-a5e7-a502aac31feb	en
68	69	image	777df71f-4b40-4ed8-a01d-c7968b439a62	en
22	22	image	8aa9c55f-602b-482a-b834-a94f06768e97	en
23	23	image	8d4e18f7-dea8-46dc-836d-9b287a39dcfd	en
69	70	image	1bca9040-afdf-4f9c-9850-04d9e926ae7c	en
24	24	image	98a002b0-6e18-4b79-aafe-550355a64c59	en
25	25	image	9c4e6ab1-8a78-47b3-bee0-2fd6176bc8d9	en
70	71	image	c243e0dc-fee7-4e82-adb3-0e241bffcf08	en
26	26	image	ac0a336c-2904-4661-8eb6-f3cb19669367	en
27	27	image	b45820f4-7a2f-48f7-9869-0a48a26330d1	en
71	72	image	c6f4765e-dcd7-48c9-9fe9-c322cdfa2189	en
28	28	image	baa17c0a-b6d1-4334-b8be-e2876e4bf8ee	en
29	29	remote_video	bffb4783-482c-4766-b3cf-56d55e43e50d	en
72	73	image	55e13b9c-3d4a-4f84-9339-c21e61894fb7	en
30	30	image	c37b797a-f840-4aab-84ce-4603c309bbd6	en
31	31	image	c7438fdf-eb8d-4e75-924b-2e5932fca5e3	en
73	74	image	8511169d-694c-49f3-a7c1-a44eeae86f62	en
32	32	image	c9fcd715-8d02-4604-bd76-6e7ba7efa507	en
33	33	image	d20b50e2-44fc-4cda-90a9-86089dbed105	en
74	75	image	9273dd38-4737-4f22-a498-827ba9f98210	en
34	34	video	d5dc0fb0-3417-4e43-8b76-73efefa11c85	en
35	35	image	d6872c78-d3da-4651-980d-1e62ee0332c5	en
75	76	image	104cfa14-7fc6-44d6-88f4-73df5704c9c6	en
36	36	image	d810838b-aef1-4555-b48b-47e8d98188f6	en
37	37	remote_video	e24ae49c-7ebb-4710-b985-5ef37aa07882	en
76	77	image	b2b8af85-6ca2-4ee0-977d-c27371599d18	en
38	38	image	e2804b37-2e3a-46c1-a9c6-7f24da3c8c89	en
39	39	image	e8dea4f3-c3ad-43bc-8ef8-50b0833b18b3	en
77	78	image	141678c7-64c8-42b3-a2a2-4e2c30d2df15	en
40	40	video	ecf02e71-e234-4463-83ab-78676d3598fd	en
41	41	image	ef9e9d91-8b38-42c4-b5a3-677507e206ee	en
78	79	image	1a3877d5-7f2a-4c0b-a569-b7a3d4d96846	en
42	42	image	f0429b52-d9f7-4f38-b6bf-c13e3f38d8ef	en
43	43	image	955a66cc-1b72-46b8-b4de-73cbb4a8614b	en
79	80	image	c6da1d89-db48-485b-aedf-c23bf7f63077	en
44	44	image	079fedb7-303a-483a-8106-1f3bd7ca49dc	en
45	45	image	22c47510-e0ea-4bec-93ed-715b87ee323d	en
80	81	image	b3515a8e-626c-4d4c-86b5-7b2b2cb0fb55	en
46	46	image	e8c158e8-4a62-4586-8471-cf07ac4f19ad	en
81	82	image	dc59e322-608f-43cf-8461-f0d6bf14c619	en
47	48	image	3857efb4-16b0-4ce3-9e52-418e5b00c53c	en
82	83	image	ac2075ee-124b-4734-b8c7-eb95cd72cb3e	en
48	49	image	a4f9d394-d37e-46b2-a7be-0e997955359c	en
49	50	image	941fbd4f-be0a-450f-a77a-6ed122bcf53c	en
83	84	image	9529dbb6-d0a9-416b-aca3-740690f5af4a	en
50	51	image	a7a2d4f1-e653-49d2-b96a-e03ebe9d8881	en
51	52	image	1e70b34f-6030-44c2-bfe2-9e4150450c5c	en
84	85	image	7096aa77-9d40-4326-bff0-1b5ae84630f7	en
52	53	image	c5077c46-aaff-419c-9435-85dc6a6e891b	en
53	54	image	83e6334c-25d3-4ddb-86c9-05a8c56433fc	en
85	86	image	94b5da16-cc72-4bb2-88db-caf4a9c63f5c	en
54	55	image	dd50fb33-3761-4392-b1d8-d17b15feb6a0	en
55	56	image	7d481160-6af1-4183-98f9-4bb23b53cd54	en
86	87	image	35b67e8f-e59c-4c58-8966-95a260b49aea	en
56	57	image	9fcf1e85-6f6e-40c4-bdfe-b293f6a5ad9c	en
57	58	image	dc0f181a-7220-49e7-9738-34d495400660	en
87	88	image	2cb2ea73-a3bc-41ed-983a-499fa4795a09	en
88	89	image	22ac59fb-a4ac-4d29-92c8-590e0bef03ad	en
89	90	image	46a52dbc-2aec-4570-ac41-b97878b84197	en
90	91	image	f9ad7672-1052-4e37-b339-f64d29021981	en
91	92	image	621dd369-eb30-45db-9d99-21a8118a225b	en
92	93	image	3a79cf92-cdac-4542-b0fa-0c94a2f709d1	en
93	94	image	0919ca93-b4b3-4f1b-a5da-5fd720c1411a	en
94	95	image	8e8a73a4-00b8-4e5b-a92e-4eff3e280bc8	en
95	96	image	d90677fe-fd9a-445f-a2bc-ff22db8cae1d	en
96	97	image	292f7e68-a3d2-42ad-bed4-d68b6b2a6eff	en
97	98	image	a665fb85-1a65-4e86-b2ff-8e4538a97bcb	en
98	99	image	153554ba-7be9-438a-aed7-f468c2ab576f	en
99	100	image	db27f3d6-50f4-4521-b062-4202f4a4d16e	en
100	101	image	51c0cc6f-3094-4eb3-ad28-17b8c7ba707b	en
101	102	image	a0e6991d-7782-478c-b71a-b7c9ae03a452	en
102	103	image	134d1e2f-7f66-43bb-b042-df95649e6c0e	en
103	104	image	e8446b6b-1ef0-4f3e-bb62-40a05c1f22cf	en
104	105	image	4110e94d-f8e3-4707-94db-76f60e5f7d75	en
105	106	image	5f9db9f1-aee3-4326-9a61-2f97ce1f69da	en
106	107	image	e919171a-f520-4e62-bf46-075347e20c8f	en
107	108	image	d6a60bf1-4a1a-48e9-8f3f-2aa7d1575526	en
108	109	image	13e9e649-c6bd-4edc-a2cd-1e0a71323257	en
109	110	image	e0a0f4ed-9ce8-4aa9-bcc2-c9e1ecfe0b39	en
110	111	image	bac70a52-0f58-4d93-ad03-ad7613f53794	en
111	112	image	c9f5b58e-7661-4a31-9c8f-d664aaa002ce	en
112	113	image	d4b2851b-04cc-462b-8665-987587cce9fb	en
113	114	image	8c54f8ff-bf92-4291-af83-ff2d342fcba1	en
114	115	image	5e934b23-be87-4d5e-be8c-1dd7a0e38ae1	en
115	116	image	863a46af-063c-48ff-abc5-67f30ec4e387	en
116	117	image	de83ec5a-24a6-4f13-a037-225f60b92a9a	en
117	118	image	36d588f9-f68f-4933-aa8f-e8e2c674e8a8	en
118	119	image	3562087b-f122-4295-be51-da4bd90d7d02	en
119	120	image	15788d65-7bca-4904-a802-ad0f68c7bbce	en
120	121	image	c7155587-c239-4e58-84a5-072150b4686d	en
121	122	image	ef7a9f42-e355-4fd0-b81e-15453d312af0	en
122	123	image	c8b99113-ad10-4c9b-ac67-5d6789f1f2eb	en
123	124	image	d1c8b42f-4181-4d70-a869-9c931cbf38e9	en
124	125	image	3e76c067-531d-4324-98db-b81b822f2f02	en
125	126	image	9bd8ff26-6690-4d2d-ae7c-0ffa396c8869	en
126	127	image	c0253e84-1d56-4710-998d-75c364f11e14	en
127	128	image	b5173b47-3e85-40bd-9ab5-2bec558784b8	en
128	129	image	8fc4effd-a504-4b83-8d17-a7b5414ef75d	en
129	130	image	c811694b-043b-4db3-a213-640536256038	en
130	131	image	c021ab65-34be-4560-a3be-c68ae7208628	en
131	132	image	49de630d-f276-4a0e-9ab3-0a7da4307713	en
132	133	image	571f356c-600f-4f97-ad2c-002ce4af727d	en
133	134	image	75ce368f-f43d-433c-ac84-9cd65fe73ea6	en
134	135	image	57a92510-3f37-468f-ba4c-f8564b6346e6	en
135	136	image	a9da4bf4-4bff-45b2-9ee8-7096ba4eeda7	en
136	137	image	b304e435-1408-4006-9655-073aaa8dc00e	en
137	138	image	e8242100-c01b-4916-aa27-ef65cfe34a86	en
138	139	image	45b8c119-5e3a-401e-a490-1aab3a1c2ad0	en
139	140	image	83061f25-5a39-4731-a9c7-d006e4a5c559	en
140	141	image	031f4f52-a61c-4c42-9910-29fc4610d3d8	en
141	142	image	04541b10-c20d-466e-b122-76e354c40189	en
142	143	image	5e1fe982-3ddd-4020-9eb4-51fad1dd9df8	en
143	144	image	c4e7109a-5b5c-4d78-b2e8-b0be8540f628	en
144	145	image	d9af4b6c-90e7-4def-be58-6e8c857e4d7f	en
145	146	image	b978dd9b-9fa0-4642-b95c-660e3356e499	en
146	147	image	ac3e14a1-d8f7-48ab-8750-8f5c4f8db01d	en
147	148	image	aa29cf32-aebd-4970-b2f6-cad7734a91dc	en
148	149	image	258d60cd-d96b-47b9-a2f2-5be050362425	en
149	150	image	d06d3ecd-18a4-4e94-b8f1-693b06fbbb6c	en
150	151	image	9130a851-fc2c-4776-9aff-d8b71d34abc8	en
\.


--
-- TOC entry 7096 (class 0 OID 27123)
-- Dependencies: 326
-- Data for Name: media__field_media_audio_file; Type: TABLE DATA; Schema: public; Owner: -
--

COPY public.media__field_media_audio_file (bundle, deleted, entity_id, revision_id, langcode, delta, field_media_audio_file_target_id, field_media_audio_file_display, field_media_audio_file_description) FROM stdin;
\.


--
-- TOC entry 7097 (class 0 OID 27137)
-- Dependencies: 327
-- Data for Name: media__field_media_cover_image; Type: TABLE DATA; Schema: public; Owner: -
--

COPY public.media__field_media_cover_image (bundle, deleted, entity_id, revision_id, langcode, delta, field_media_cover_image_target_id, field_media_cover_image_alt, field_media_cover_image_title, field_media_cover_image_width, field_media_cover_image_height) FROM stdin;
remote_video	0	29	29	en	0	28			640	360
remote_video	0	37	37	en	0	16			1864	1171
video	0	40	40	en	0	2			1200	800
\.


--
-- TOC entry 7098 (class 0 OID 27151)
-- Dependencies: 328
-- Data for Name: media__field_media_file; Type: TABLE DATA; Schema: public; Owner: -
--

COPY public.media__field_media_file (bundle, deleted, entity_id, revision_id, langcode, delta, field_media_file_target_id, field_media_file_display, field_media_file_description) FROM stdin;
\.


--
-- TOC entry 7099 (class 0 OID 27165)
-- Dependencies: 329
-- Data for Name: media__field_media_gallery; Type: TABLE DATA; Schema: public; Owner: -
--

COPY public.media__field_media_gallery (bundle, deleted, entity_id, revision_id, langcode, delta, field_media_gallery_target_id) FROM stdin;
\.


--
-- TOC entry 7100 (class 0 OID 27175)
-- Dependencies: 330
-- Data for Name: media__field_media_image; Type: TABLE DATA; Schema: public; Owner: -
--

COPY public.media__field_media_image (bundle, deleted, entity_id, revision_id, langcode, delta, field_media_image_target_id, field_media_image_alt, field_media_image_title, field_media_image_width, field_media_image_height) FROM stdin;
image	0	1	1	en	0	1	Varbase Security	Varbase Security	4096	2731
image	0	2	2	en	0	34	Conference 1	Conference 1	4096	2731
image	0	3	3	en	0	9	Background Image 2	Background Image 2	1920	1280
image	0	4	4	en	0	31	Coworking 5	Coworking 5	1200	800
image	0	5	5	en	0	17	Startup 3	Startup 3	900	600
image	0	6	6	en	0	18	Coworking 4	Coworking 4	1200	800
image	0	7	7	en	0	5	Figure 12	Figure 12	2400	2646
image	0	8	8	en	0	7	Business meeting	Business meeting	1635	920
image	0	9	9	en	0	3	Figure 14	Figure 14	303	417
image	0	10	10	en	0	4	App 3	App 3	725	1467
image	0	11	11	en	0	36	Avatar 1	Avatar 1	500	500
image	0	12	12	en	0	10	App 2	App 2	725	1467
image	0	13	13	en	0	12	Business welcome	Business welcome	4096	2731
image	0	14	14	en	0	37	Conference 2	Conference 2	4096	2731
image	0	15	15	en	0	22	Business way	Business way	4096	2731
image	0	16	16	en	0	11	Skyscraper	Skyscraper	4096	3072
image	0	17	17	en	0	29	Meeting 1	Meeting 1	4096	2731
image	0	18	18	en	0	40	Coworking 3	Coworking 3	4096	2299
image	0	21	21	en	0	38	Team 5	Team 5	600	800
image	0	22	22	en	0	27	Meeting 2	Meeting 2	4096	2733
image	0	23	23	en	0	23	Blog 1	Blog 1	1200	800
image	0	24	24	en	0	41	Team 2	Team 2	600	800
image	0	25	25	en	0	20	Coworking 1	Coworking 1	4096	2733
image	0	26	26	en	0	21	Development	Development	4096	2720
image	0	27	27	en	0	8	Coworking 2	Coworking 2	4096	2731
image	0	28	28	en	0	25	SAAS 1	SAAS 1	1920	1080
image	0	30	30	en	0	13	Figure 9	Figure 9	351	418
image	0	31	31	en	0	19	App 1	App 1	725	1467
image	0	32	32	en	0	30	Meeting 4	Meeting 4	2048	1366
image	0	33	33	en	0	6	Startup 1	Startup 1	1920	1280
image	0	35	35	en	0	26	Startup 2	Startup 2	900	600
image	0	36	36	en	0	15	Meeting 5	Meeting 5	4096	2731
image	0	38	38	en	0	33	Team 1	Team 1	600	800
image	0	39	39	en	0	24	Team 3	Team 3	600	800
image	0	41	41	en	0	32	Team 4	Team 4	600	800
image	0	42	42	en	0	39	Meeting 3	Meeting 3	4096	2734
image	0	43	43	en	0	47	Spinosaurus	Spinosaurus	1080	720
image	0	44	44	en	0	48	Stone	Stone	1080	720
image	0	45	45	en	0	50	Fossil	Fossil	1060	707
image	0	46	46	en	0	55	011		800	500
image	0	47	48	en	0	56	002		800	500
image	0	48	49	en	0	57	003		800	500
image	0	49	50	en	0	58	Logo		803	311
image	0	50	51	en	0	59	004		800	500
image	0	51	52	en	0	60	005		800	500
image	0	52	53	en	0	62	12		1920	480
image	0	53	54	en	0	63	12		1920	480
image	0	54	55	en	0	64	22		5837	3891
image	0	55	56	en	0	65	Learn		6000	4000
image	0	56	57	en	0	68	Banner_01		1800	600
image	0	57	58	en	0	69	00		736	414
image	0	58	59	en	0	70	000		6000	3375
image	0	59	60	en	0	71	banner		6000	3375
image	0	60	61	en	0	72	ก่อนวัยเรียน_1		1280	960
image	0	61	62	en	0	73	ก่อนวัยเรียน_2		1280	960
image	0	62	63	en	0	74	ก่อนวัยเรียน_3		1280	960
image	0	63	64	en	0	75	ก่อนวัยเรียน_4		1280	960
image	0	64	65	en	0	76	ก่อนวัยเรียน_5		1280	720
image	0	65	66	en	0	77	ก่อนวัยเรียน_6		1280	960
image	0	66	67	en	0	78	ก่อนวัยเรียน_7		960	720
image	0	67	68	en	0	79	ก่อนวัยเรียน_8		1280	960
image	0	68	69	en	0	80	อนุบาล		1280	960
image	0	69	70	en	0	81	อนุบาล		1280	960
image	0	70	71	en	0	82	ประถมศึกษา		1280	960
image	0	71	72	en	0	83	ประถมศึกษา		1280	960
image	0	72	73	en	0	84	ประถมศึกษา		1280	960
image	0	73	74	en	0	85	ประถมศึกษา		1280	960
image	0	74	75	en	0	86	ประถมศึกษา		960	1280
image	0	75	76	en	0	87	ประถมศึกษา		1280	960
image	0	76	77	en	0	88	ประถมศึกษา		960	1280
image	0	77	78	en	0	89	ประถมศึกษา		960	1280
image	0	78	79	en	0	90	ประถมศึกษา		960	1280
image	0	79	80	en	0	91	แบนเนอร์		1920	1080
image	0	80	81	en	0	92	แบนเนอร์		1920	1080
image	0	81	82	en	0	93	แบนเนอร์		1920	1080
image	0	82	83	en	0	94	พัฒนาการปฐมวัย		128	128
image	0	83	84	en	0	95	พัฒนาการปฐมวัย		512	512
image	0	84	85	en	0	96	ทักษะวิชาการ		512	512
image	0	85	86	en	0	97	IQ และ EQ		512	512
image	0	86	87	en	0	98	อ่านออกเขียนได้		512	512
image	0	87	88	en	0	99	Footer-image		977	389
image	0	88	89	en	0	100	Footer-image		977	389
image	0	89	90	en	0	101	Article		1080	810
image	0	90	91	en	0	102	Article		960	720
image	0	91	92	en	0	103	Article		1080	810
image	0	92	93	en	0	104	New		2000	1319
image	0	93	94	en	0	105	New		1280	853
image	0	94	95	en	0	106	New		612	408
image	0	95	96	en	0	107	About		2400	600
image	0	96	97	en	0	108	About		959	732
image	0	97	98	en	0	109	ก่อนวัยเรียน		1920	1080
image	0	98	99	en	0	110	อนุบาล กลุ่ม		1920	1080
image	0	99	100	en	0	111	ประถมต้น กลุ่ม		1920	1080
image	0	100	101	en	0	112	ประถมต้น ส่วนตัว		1920	1080
image	0	101	102	en	0	113	Add Line		1500	2000
image	0	102	103	en	0	114	หลักสูตรอนุบาล		1920	1080
image	0	103	104	en	0	115	หลักสูตรอนุบาล		1920	1080
image	0	104	105	en	0	116	หลักสูตรประถมต้น		1920	1080
image	0	105	106	en	0	117	หลักสูตรประถมต้น		1920	1080
image	0	106	107	en	0	118	ประถมศึกษา		1280	720
image	0	107	108	en	0	119	ประถมศึกษา		1280	720
image	0	108	109	en	0	120	Banner		1280	426
image	0	109	110	en	0	121	Banner		1080	1080
image	0	110	111	en	0	122	Banner		1280	426
image	0	111	112	en	0	123	Banner		1080	1080
image	0	112	113	en	0	124	Banner		6250	2084
image	0	113	114	en	0	125	Banner		3375	3375
image	0	114	115	en	0	126	ประถมศึกษา		1280	720
image	0	115	116	en	0	127	ภาษาอังกฤษ		1280	720
image	0	116	117	en	0	128	ลูกค้า		819	819
image	0	117	118	en	0	129	เสียงตอบรับ		591	591
image	0	118	119	en	0	130	เสียงตอบรับ		960	960
image	0	119	120	en	0	131	ภาษาอังกฤษ		1920	1080
image	0	120	121	en	0	132	ภาษาอังกฤษ		1920	1080
image	0	121	122	en	0	133	ภาษาอังกฤษ		1920	1080
image	0	122	123	en	0	134	ประถมศึกษา		1920	1080
image	0	123	124	en	0	135	Telephone number		4688	1763
image	0	124	125	en	0	136	อนุบาล		1080	608
image	0	125	126	en	0	137	อนุบาล		960	1280
image	0	126	127	en	0	138	อนุบาล		960	1280
image	0	127	128	en	0	139	อนุบาล		1080	810
image	0	128	129	en	0	140	อนุบาล		1080	810
image	0	129	130	en	0	141	อนุบาล		1080	810
image	0	130	131	en	0	142	อนุบาล		1280	960
image	0	131	132	en	0	143	อนุบาล		1080	810
image	0	132	133	en	0	144	อนุบาล		1080	810
image	0	133	134	en	0	145	ประถมศึกษา		1080	810
image	0	134	135	en	0	146	ประถมศึกษา		960	1280
image	0	135	136	en	0	147	ประถมศึกษา		1080	810
image	0	136	137	en	0	148	ประถมศึกษา		1080	808
image	0	137	138	en	0	149	ประถมศึกษา		1080	810
image	0	138	139	en	0	150	ประถมศึกษา		1080	810
image	0	139	140	en	0	151	ประถมศึกษา		1080	810
image	0	140	141	en	0	152	ประถมศึกษา		1080	810
image	0	141	142	en	0	153	ประถมศึกษา		1080	810
image	0	142	143	en	0	154	ประถมศึกษา		1080	810
image	0	143	144	en	0	155	ประถมศึกษา		960	1280
image	0	144	145	en	0	156	ประถมศึกษา		1080	810
image	0	145	146	en	0	157	ประถมศึกษา		959	1280
image	0	146	147	en	0	158	ประถมศึกษา		720	960
image	0	147	148	en	0	159	ประถมศึกษา		1080	608
image	0	148	149	en	0	160	ประถมศึกษา		1080	810
image	0	149	150	en	0	161	ประถมศึกษา		720	1280
image	0	150	151	en	0	162	ประถมศึกษา		960	1280
\.


--
-- TOC entry 7101 (class 0 OID 27189)
-- Dependencies: 331
-- Data for Name: media__field_media_in_library; Type: TABLE DATA; Schema: public; Owner: -
--

COPY public.media__field_media_in_library (bundle, deleted, entity_id, revision_id, langcode, delta, field_media_in_library_value) FROM stdin;
image	0	1	1	en	0	0
image	0	2	2	en	0	1
image	0	3	3	en	0	1
image	0	4	4	en	0	1
image	0	5	5	en	0	1
image	0	6	6	en	0	1
image	0	7	7	en	0	1
image	0	8	8	en	0	1
image	0	9	9	en	0	1
image	0	10	10	en	0	1
image	0	11	11	en	0	1
image	0	12	12	en	0	1
image	0	13	13	en	0	1
image	0	14	14	en	0	1
image	0	15	15	en	0	1
image	0	16	16	en	0	1
image	0	17	17	en	0	1
image	0	18	18	en	0	1
remote_video	0	19	19	en	0	1
remote_video	0	20	20	en	0	1
image	0	21	21	en	0	1
image	0	22	22	en	0	1
image	0	23	23	en	0	1
image	0	24	24	en	0	1
image	0	25	25	en	0	1
image	0	26	26	en	0	1
image	0	27	27	en	0	1
image	0	28	28	en	0	1
remote_video	0	29	29	en	0	1
image	0	30	30	en	0	1
image	0	31	31	en	0	1
image	0	32	32	en	0	1
image	0	33	33	en	0	1
video	0	34	34	en	0	1
image	0	35	35	en	0	1
image	0	36	36	en	0	1
remote_video	0	37	37	en	0	1
image	0	38	38	en	0	1
image	0	39	39	en	0	1
video	0	40	40	en	0	1
image	0	41	41	en	0	1
image	0	42	42	en	0	1
image	0	43	43	en	0	1
image	0	44	44	en	0	1
image	0	45	45	en	0	1
image	0	46	46	en	0	1
image	0	47	48	en	0	1
image	0	48	49	en	0	1
image	0	49	50	en	0	1
image	0	50	51	en	0	1
image	0	51	52	en	0	1
image	0	52	53	en	0	1
image	0	53	54	en	0	1
image	0	54	55	en	0	1
image	0	55	56	en	0	1
image	0	56	57	en	0	1
image	0	57	58	en	0	1
image	0	58	59	en	0	1
image	0	59	60	en	0	1
image	0	60	61	en	0	1
image	0	61	62	en	0	1
image	0	62	63	en	0	1
image	0	63	64	en	0	1
image	0	64	65	en	0	1
image	0	65	66	en	0	1
image	0	66	67	en	0	1
image	0	67	68	en	0	1
image	0	68	69	en	0	1
image	0	69	70	en	0	1
image	0	70	71	en	0	1
image	0	71	72	en	0	1
image	0	72	73	en	0	1
image	0	73	74	en	0	1
image	0	74	75	en	0	1
image	0	75	76	en	0	1
image	0	76	77	en	0	1
image	0	77	78	en	0	1
image	0	78	79	en	0	1
image	0	79	80	en	0	1
image	0	80	81	en	0	1
image	0	81	82	en	0	1
image	0	82	83	en	0	1
image	0	83	84	en	0	1
image	0	84	85	en	0	1
image	0	85	86	en	0	1
image	0	86	87	en	0	1
image	0	87	88	en	0	1
image	0	88	89	en	0	1
image	0	89	90	en	0	1
image	0	90	91	en	0	1
image	0	91	92	en	0	1
image	0	92	93	en	0	1
image	0	93	94	en	0	1
image	0	94	95	en	0	1
image	0	95	96	en	0	1
image	0	96	97	en	0	1
image	0	97	98	en	0	1
image	0	98	99	en	0	1
image	0	99	100	en	0	1
image	0	100	101	en	0	1
image	0	101	102	en	0	1
image	0	102	103	en	0	1
image	0	103	104	en	0	1
image	0	104	105	en	0	1
image	0	105	106	en	0	1
image	0	106	107	en	0	1
image	0	107	108	en	0	1
image	0	108	109	en	0	1
image	0	109	110	en	0	1
image	0	110	111	en	0	1
image	0	111	112	en	0	1
image	0	112	113	en	0	1
image	0	113	114	en	0	1
image	0	114	115	en	0	1
image	0	115	116	en	0	1
image	0	116	117	en	0	1
image	0	117	118	en	0	1
image	0	118	119	en	0	1
image	0	119	120	en	0	1
image	0	120	121	en	0	1
image	0	121	122	en	0	1
image	0	122	123	en	0	1
image	0	123	124	en	0	1
image	0	124	125	en	0	1
image	0	125	126	en	0	1
image	0	126	127	en	0	1
image	0	127	128	en	0	1
image	0	128	129	en	0	1
image	0	129	130	en	0	1
image	0	130	131	en	0	1
image	0	131	132	en	0	1
image	0	132	133	en	0	1
image	0	133	134	en	0	1
image	0	134	135	en	0	1
image	0	135	136	en	0	1
image	0	136	137	en	0	1
image	0	137	138	en	0	1
image	0	138	139	en	0	1
image	0	139	140	en	0	1
image	0	140	141	en	0	1
image	0	141	142	en	0	1
image	0	142	143	en	0	1
image	0	143	144	en	0	1
image	0	144	145	en	0	1
image	0	145	146	en	0	1
image	0	146	147	en	0	1
image	0	147	148	en	0	1
image	0	148	149	en	0	1
image	0	149	150	en	0	1
image	0	150	151	en	0	1
\.


--
-- TOC entry 7102 (class 0 OID 27198)
-- Dependencies: 332
-- Data for Name: media__field_media_oembed_video; Type: TABLE DATA; Schema: public; Owner: -
--

COPY public.media__field_media_oembed_video (bundle, deleted, entity_id, revision_id, langcode, delta, field_media_oembed_video_value) FROM stdin;
remote_video	0	19	19	en	0	https://www.youtube.com/watch?v=bTqVqk7FSmY
remote_video	0	20	20	en	0	https://vimeo.com/76979871
remote_video	0	29	29	en	0	https://vimeo.com/76979871
remote_video	0	37	37	en	0	https://www.youtube.com/watch?v=bTqVqk7FSmY
\.


--
-- TOC entry 7103 (class 0 OID 27207)
-- Dependencies: 333
-- Data for Name: media__field_media_video_file; Type: TABLE DATA; Schema: public; Owner: -
--

COPY public.media__field_media_video_file (bundle, deleted, entity_id, revision_id, langcode, delta, field_media_video_file_target_id, field_media_video_file_display, field_media_video_file_description) FROM stdin;
video	0	34	34	en	0	35	1	
video	0	40	40	en	0	14	1	
\.


--
-- TOC entry 7104 (class 0 OID 27221)
-- Dependencies: 334
-- Data for Name: media__field_provider; Type: TABLE DATA; Schema: public; Owner: -
--

COPY public.media__field_provider (bundle, deleted, entity_id, revision_id, langcode, delta, field_provider_value) FROM stdin;
remote_video	0	19	19	en	0	youtube
remote_video	0	20	20	en	0	vimeo
remote_video	0	29	29	en	0	vimeo
remote_video	0	37	37	en	0	youtube
\.


--
-- TOC entry 7105 (class 0 OID 27230)
-- Dependencies: 335
-- Data for Name: media_field_data; Type: TABLE DATA; Schema: public; Owner: -
--

COPY public.media_field_data (mid, vid, bundle, langcode, status, uid, name, thumbnail__target_id, thumbnail__alt, thumbnail__title, thumbnail__width, thumbnail__height, created, changed, default_langcode, revision_translation_affected, publish_on, unpublish_on, publish_state, unpublish_state) FROM stdin;
1	1	image	en	1	1	Varbase Security	1	Varbase Security	\N	4096	2731	1713438415	1738557231	1	1	\N	\N	\N	\N
2	2	image	en	1	1	Conference 1	34	Conference 1	\N	4096	2731	1713435444	1738557243	1	1	\N	\N	\N	\N
3	3	image	en	1	1	Background Image 2	9	Background Image 2	\N	1920	1280	1642682146	1738557243	1	1	\N	\N	\N	\N
4	4	image	en	1	1	Coworking 5	31	Coworking 5	\N	1200	800	1642682146	1738557243	1	1	\N	\N	\N	\N
5	5	image	en	1	1	Startup 3	17	Startup 3	\N	900	600	1642682146	1738557243	1	1	\N	\N	\N	\N
6	6	image	en	1	1	Coworking 4	18	Coworking 4	\N	1200	800	1642682146	1738557243	1	1	\N	\N	\N	\N
7	7	image	en	1	1	Figure 12	5	Figure 12	\N	2400	2646	1642682146	1738557243	1	1	\N	\N	\N	\N
8	8	image	en	1	1	Business meeting	7	Business meeting	\N	1635	920	1642682146	1738557243	1	1	\N	\N	\N	\N
9	9	image	en	1	1	Figure 14	3	Figure 14	\N	303	417	1642682146	1738557243	1	1	\N	\N	\N	\N
10	10	image	en	1	1	App 3	4	App 3	\N	725	1467	1642682146	1738557243	1	1	\N	\N	\N	\N
11	11	image	en	1	1	Avatar 1	36	Avatar 1	\N	500	500	1642682146	1738557243	1	1	\N	\N	\N	\N
12	12	image	en	1	1	App 2	10	App 2	\N	725	1467	1642682146	1738557243	1	1	\N	\N	\N	\N
13	13	image	en	1	1	Business welcome	12	Business welcome	\N	4096	2731	1713439586	1738557243	1	1	\N	\N	\N	\N
14	14	image	en	1	1	Conference 2	37	Conference 2	\N	4096	2731	1713438214	1738557243	1	1	\N	\N	\N	\N
15	15	image	en	1	1	Business way	22	Business way	\N	4096	2731	1713435038	1738557243	1	1	\N	\N	\N	\N
16	16	image	en	1	1	Skyscraper	11	Skyscraper	\N	4096	3072	1713439769	1738557243	1	1	\N	\N	\N	\N
17	17	image	en	1	1	Meeting 1	29	Meeting 1	\N	4096	2731	1713438775	1738557243	1	1	\N	\N	\N	\N
18	18	image	en	1	1	Coworking 3	40	Coworking 3	\N	4096	2299	1642682146	1738557243	1	1	\N	\N	\N	\N
19	19	remote_video	en	1	1	Remote Youtube Video No Cover Image	42		\N	480	360	1642684740	1738557243	1	1	\N	\N	\N	\N
20	20	remote_video	en	1	1	Remote Vimeo Video No Cover Image	45		\N	295	166	1642684728	1738557243	1	1	\N	\N	\N	\N
21	21	image	en	1	1	Team 5	38	Team 5	\N	600	800	1642682146	1738557243	1	1	\N	\N	\N	\N
22	22	image	en	1	1	Meeting 2	27	Meeting 2	\N	4096	2733	1713439013	1738557243	1	1	\N	\N	\N	\N
23	23	image	en	1	1	Blog 1	23	Blog 1	\N	1200	800	1642684997	1738557243	1	1	\N	\N	\N	\N
24	24	image	en	1	1	Team 2	41	Team 2	\N	600	800	1642682146	1738557243	1	1	\N	\N	\N	\N
25	25	image	en	1	1	Coworking 1	20	Coworking 1	\N	4096	2733	1713438321	1738557243	1	1	\N	\N	\N	\N
26	26	image	en	1	1	Development	21	Development	\N	4096	2720	1713438605	1738557243	1	1	\N	\N	\N	\N
27	27	image	en	1	1	Coworking 2	8	Coworking 2	\N	4096	2731	1713438415	1738557243	1	1	\N	\N	\N	\N
28	28	image	en	1	1	SAAS 1	25	SAAS 1	\N	1920	1080	1642682146	1738557243	1	1	\N	\N	\N	\N
29	29	remote_video	en	1	1	Remote Vimeo Video with Cover Image	45		\N	295	166	1642684799	1738557243	1	1	\N	\N	\N	\N
30	30	image	en	1	1	Figure 9	13	Figure 9	\N	351	418	1642682146	1738557243	1	1	\N	\N	\N	\N
31	31	image	en	1	1	App 1	19	App 1	\N	725	1467	1642682146	1738557243	1	1	\N	\N	\N	\N
32	32	image	en	1	1	Meeting 4	30	Meeting 4	\N	2048	1366	1713439253	1738557243	1	1	\N	\N	\N	\N
33	33	image	en	1	1	Startup 1	6	Startup 1	\N	1920	1280	1642682146	1738557243	1	1	\N	\N	\N	\N
34	34	video	en	1	1	Local Video No cover image	46		\N	180	180	1642682146	1738557243	1	1	\N	\N	\N	\N
35	35	image	en	1	1	Startup 2	26	Startup 2	\N	900	600	1642682146	1738557243	1	1	\N	\N	\N	\N
36	36	image	en	1	1	Meeting 5	15	Meeting 5	\N	4096	2731	1713439445	1738557243	1	1	\N	\N	\N	\N
37	37	remote_video	en	1	1	Remote Youtube Video With Cover Image	42		\N	480	360	1642684771	1738557243	1	1	\N	\N	\N	\N
38	38	image	en	1	1	Team 1	33	Team 1	\N	600	800	1642682146	1738557243	1	1	\N	\N	\N	\N
39	39	image	en	1	1	Team 3	24	Team 3	\N	600	800	1642682146	1738557243	1	1	\N	\N	\N	\N
40	40	video	en	1	1	Local Video with cover image	46		\N	180	180	1642682178	1738557243	1	1	\N	\N	\N	\N
41	41	image	en	1	1	Team 4	32	Team 4	\N	600	800	1642682146	1738557243	1	1	\N	\N	\N	\N
42	42	image	en	1	1	Meeting 3	39	Meeting 3	\N	4096	2734	1713439142	1738557243	1	1	\N	\N	\N	\N
43	43	image	en	1	1	Spino.png	47	Spinosaurus	\N	1080	720	1738594388	1738594388	1	1	\N	\N	\N	\N
44	44	image	en	1	1	Stone.png	48	Stone	\N	1080	720	1738595089	1738595089	1	1	\N	\N	\N	\N
45	45	image	en	1	1	Fossil.png	50	Fossil	\N	1060	707	1738595089	1738595089	1	1	\N	\N	\N	\N
46	46	image	en	1	1	post-8.jpg	55	011	\N	800	500	1738829601	1738829601	1	1	\N	\N	\N	\N
47	48	image	en	1	1	post-7.jpg	56	002	\N	800	500	1738835948	1738836554	1	\N	\N	\N	\N	\N
48	49	image	en	1	1	post-6.jpg	57	003	\N	800	500	1739001925	1739001925	1	1	\N	\N	\N	\N
49	50	image	en	1	1	Screenshot_from_2024-11-22_16-33-02-removebg-preview.png	58	Logo	\N	803	311	1739171588	1739171588	1	1	\N	\N	\N	\N
50	51	image	en	1	1	post-3.jpg	59	004	\N	800	500	1739356885	1739356885	1	1	\N	\N	\N	\N
51	52	image	en	1	1	post-5.jpg	60	005	\N	800	500	1739357100	1739357100	1	1	\N	\N	\N	\N
52	53	image	en	1	1	banner.jpg	62	12	\N	1920	480	1739935327	1739935327	1	1	\N	\N	\N	\N
53	54	image	en	1	1	banner.jpg	63	12	\N	1920	480	1739935378	1739935378	1	1	\N	\N	\N	\N
54	55	image	en	1	1	pexels-tima-miroshnichenko-5427665.jpg	64	22	\N	5837	3891	1739936426	1739936426	1	1	\N	\N	\N	\N
55	56	image	en	1	1	pexels-yankrukov-8617995.jpg	65	Learn	\N	6000	4000	1739939744	1739939744	1	1	\N	\N	\N	\N
56	57	image	en	1	1	Banner_01.png	68	Banner_01	\N	1800	600	1740045027	1740045027	1	1	\N	\N	\N	\N
57	58	image	en	1	1	bdecea0788a51112bd9355850f1b1697.jpg	69	00	\N	736	414	1740045975	1740045975	1	1	\N	\N	\N	\N
58	59	image	en	1	1	Untitled design.png	70	000	\N	6000	3375	1740111169	1740111169	1	1	\N	\N	\N	\N
59	60	image	en	1	1	Untitled design(2).png	71	banner	\N	6000	3375	1740112130	1740112130	1	1	\N	\N	\N	\N
60	61	image	en	1	1	photo_2025-02-25_16-55-13.jpg	72	ก่อนวัยเรียน_1	\N	1280	960	1740477477	1740477477	1	1	\N	\N	\N	\N
61	62	image	en	1	1	photo_2025-02-25_16-55-16.jpg	73	ก่อนวัยเรียน_2	\N	1280	960	1740477477	1740477477	1	1	\N	\N	\N	\N
62	63	image	en	1	1	photo_2025-02-25_16-55-10.jpg	74	ก่อนวัยเรียน_3	\N	1280	960	1740477477	1740477477	1	1	\N	\N	\N	\N
63	64	image	en	1	1	photo_2025-02-25_16-54-57.jpg	75	ก่อนวัยเรียน_4	\N	1280	960	1740477477	1740477477	1	1	\N	\N	\N	\N
64	65	image	en	1	1	photo_2025-02-25_16-54-49.jpg	76	ก่อนวัยเรียน_5	\N	1280	720	1740477477	1740477477	1	1	\N	\N	\N	\N
65	66	image	en	1	1	photo_2025-02-25_16-54-54.jpg	77	ก่อนวัยเรียน_6	\N	1280	960	1740477477	1740477477	1	1	\N	\N	\N	\N
66	67	image	en	1	1	photo_2025-02-25_16-54-41.jpg	78	ก่อนวัยเรียน_7	\N	960	720	1740477477	1740477477	1	1	\N	\N	\N	\N
67	68	image	en	1	1	photo_2025-02-25_16-54-46.jpg	79	ก่อนวัยเรียน_8	\N	1280	960	1740477477	1740477477	1	1	\N	\N	\N	\N
68	69	image	en	1	1	photo_2025-02-25_16-59-40.jpg	80	อนุบาล	\N	1280	960	1740479684	1740479684	1	1	\N	\N	\N	\N
69	70	image	en	1	1	photo_2025-02-25_17-05-07.jpg	81	อนุบาล	\N	1280	960	1740479746	1740479746	1	1	\N	\N	\N	\N
70	71	image	en	1	1	photo_2025-02-25_17-15-33.jpg	82	ประถมศึกษา	\N	1280	960	1740479812	1740479812	1	1	\N	\N	\N	\N
71	72	image	en	1	1	photo_2025-02-25_17-07-41.jpg	83	ประถมศึกษา	\N	1280	960	1740479812	1740479812	1	1	\N	\N	\N	\N
72	73	image	en	1	1	photo_2025-02-25_17-15-53.jpg	84	ประถมศึกษา	\N	1280	960	1740479895	1740479895	1	1	\N	\N	\N	\N
73	74	image	en	1	1	photo_2025-02-25_17-13-47.jpg	85	ประถมศึกษา	\N	1280	960	1740479895	1740479895	1	1	\N	\N	\N	\N
74	75	image	en	1	1	photo_2025-02-25_18-19-01.jpg	86	ประถมศึกษา	\N	960	1280	1740543214	1740543214	1	1	\N	\N	\N	\N
75	76	image	en	1	1	photo_2025-02-25_17-46-33.jpg	87	ประถมศึกษา	\N	1280	960	1740543345	1740543345	1	1	\N	\N	\N	\N
76	77	image	en	1	1	photo_2025-02-25_17-42-00.jpg	88	ประถมศึกษา	\N	960	1280	1740543345	1740543345	1	1	\N	\N	\N	\N
77	78	image	en	1	1	photo_2025-02-26_12-06-46.jpg	89	ประถมศึกษา	\N	960	1280	1740549221	1740549221	1	1	\N	\N	\N	\N
78	79	image	en	1	1	photo_2025-02-26_12-06-33.jpg	90	ประถมศึกษา	\N	960	1280	1740549221	1740549221	1	1	\N	\N	\N	\N
79	80	image	en	1	1	2.png	91	แบนเนอร์	\N	1920	1080	1740551292	1740551292	1	1	\N	\N	\N	\N
80	81	image	en	1	1	1.png	92	แบนเนอร์	\N	1920	1080	1740552434	1740552434	1	1	\N	\N	\N	\N
81	82	image	en	1	1	Banner.png	93	แบนเนอร์	\N	1920	1080	1740556109	1740556109	1	1	\N	\N	\N	\N
82	83	image	en	1	1	12069094.png	94	พัฒนาการปฐมวัย	\N	128	128	1740638869	1740638869	1	1	\N	\N	\N	\N
83	84	image	en	1	1	staff.png	95	พัฒนาการปฐมวัย	\N	512	512	1740639450	1740639450	1	1	\N	\N	\N	\N
84	85	image	en	1	1	research.png	96	ทักษะวิชาการ	\N	512	512	1740639854	1740639854	1	1	\N	\N	\N	\N
85	86	image	en	1	1	light.png	97	IQ และ EQ	\N	512	512	1740639956	1740639956	1	1	\N	\N	\N	\N
86	87	image	en	1	1	person.png	98	อ่านออกเขียนได้	\N	512	512	1740640038	1740640038	1	1	\N	\N	\N	\N
87	88	image	en	1	1	photo_2025-02-28_15-01-35.jpg	99	Footer-image	\N	977	389	1740729789	1740729789	1	1	\N	\N	\N	\N
88	89	image	en	1	1	Lovepik_com_833500063_Cartoon_school_supplies,_stationery,_material1.png	100	Footer-image	\N	977	389	1740730334	1740730334	1	1	\N	\N	\N	\N
89	90	image	en	1	1	photo_2025-02-21_14-51-06.jpg	101	Article	\N	1080	810	1740730692	1740730692	1	1	\N	\N	\N	\N
90	91	image	en	1	1	photo_2025-02-21_15-13-05.jpg	102	Article	\N	960	720	1740731017	1740731017	1	1	\N	\N	\N	\N
91	92	image	en	1	1	photo_2025-02-21_13-58-00.jpg	103	Article	\N	1080	810	1740731206	1740731206	1	1	\N	\N	\N	\N
92	93	image	en	1	1	pexels-pixabay-462331.jpg	104	New	\N	2000	1319	1740733794	1740733794	1	1	\N	\N	\N	\N
93	94	image	en	1	1	photo_2025-02-28_16-13-45.jpg	105	New	\N	1280	853	1740734078	1740734078	1	1	\N	\N	\N	\N
94	95	image	en	1	1	photo_2025-02-28_16-14-52.jpg	106	New	\N	612	408	1740734146	1740734146	1	1	\N	\N	\N	\N
95	96	image	en	1	1	บ้านครูโอม(2).png	107	About	\N	2400	600	1740804526	1740804526	1	1	\N	\N	\N	\N
96	97	image	en	1	1	photo_2025-02-21_15-42-23(1).jpg	108	About	\N	959	732	1740972176	1740972176	1	1	\N	\N	\N	\N
97	98	image	en	1	1	4.png	109	ก่อนวัยเรียน	\N	1920	1080	1741062858	1741062858	1	1	\N	\N	\N	\N
98	99	image	en	1	1	1.png	110	อนุบาล กลุ่ม	\N	1920	1080	1741062949	1741062949	1	1	\N	\N	\N	\N
99	100	image	en	1	1	3.png	111	ประถมต้น กลุ่ม	\N	1920	1080	1741063013	1741063013	1	1	\N	\N	\N	\N
100	101	image	en	1	1	2.png	112	ประถมต้น ส่วนตัว	\N	1920	1080	1741063073	1741063073	1	1	\N	\N	\N	\N
101	102	image	en	1	1	Add Line.png	113	Add Line	\N	1500	2000	1741149883	1741149883	1	1	\N	\N	\N	\N
102	103	image	en	1	1	6.png	114	หลักสูตรอนุบาล	\N	1920	1080	1741250918	1741250918	1	1	\N	\N	\N	\N
103	104	image	en	1	1	7.png	115	หลักสูตรอนุบาล	\N	1920	1080	1741251098	1741251098	1	1	\N	\N	\N	\N
104	105	image	en	1	1	8.png	116	หลักสูตรประถมต้น	\N	1920	1080	1741253931	1741253931	1	1	\N	\N	\N	\N
105	106	image	en	1	1	9.png	117	หลักสูตรประถมต้น	\N	1920	1080	1741254122	1741254122	1	1	\N	\N	\N	\N
106	107	image	en	1	1	photo_2025-03-06_18-39-24 (2).jpg	118	ประถมศึกษา	\N	1280	720	1741670854	1741670854	1	1	\N	\N	\N	\N
107	108	image	en	1	1	photo_2025-03-06_18-39-24 (3).jpg	119	ประถมศึกษา	\N	1280	720	1741671055	1741671055	1	1	\N	\N	\N	\N
108	109	image	en	1	1	photo_2025-03-11_17-41-27.jpg	120	Banner	\N	1280	426	1741690582	1741690582	1	1	\N	\N	\N	\N
109	110	image	en	1	1	photo_2025-03-11_17-41-27 (2).jpg	121	Banner	\N	1080	1080	1741690638	1741690638	1	1	\N	\N	\N	\N
110	111	image	en	1	1	photo_2025-03-11_18-56-26 (2).jpg	122	Banner	\N	1280	426	1741694310	1741694310	1	1	\N	\N	\N	\N
111	112	image	en	1	1	photo_2025-03-11_18-56-26.jpg	123	Banner	\N	1080	1080	1741694333	1741694333	1	1	\N	\N	\N	\N
112	113	image	en	1	1	Mero Thai.png	124	Banner	\N	6250	2084	1741711460	1741711460	1	1	\N	\N	\N	\N
113	114	image	en	1	1	Untitled design(4).png	125	Banner	\N	3375	3375	1741711765	1741711765	1	1	\N	\N	\N	\N
114	115	image	en	1	1	photo_2025-03-06_18-39-22 (2).jpg	126	ประถมศึกษา	\N	1280	720	1741712304	1741712304	1	1	\N	\N	\N	\N
115	116	image	en	1	1	photo_2025-03-06_18-39-23 (7).jpg	127	ภาษาอังกฤษ	\N	1280	720	1741712577	1741712577	1	1	\N	\N	\N	\N
116	117	image	en	1	1	photo_2025-03-12_00-09-39.jpg	128	ลูกค้า	\N	819	819	1741713153	1741713153	1	1	\N	\N	\N	\N
117	118	image	en	1	1	photo_2025-03-12_11-37-36.jpg	129	เสียงตอบรับ	\N	591	591	1741754335	1741754335	1	1	\N	\N	\N	\N
118	119	image	en	1	1	photo_2025-03-12_11-37-36 (2).jpg	130	เสียงตอบรับ	\N	960	960	1741754489	1741754489	1	1	\N	\N	\N	\N
119	120	image	en	1	1	12.png	131	ภาษาอังกฤษ	\N	1920	1080	1741794090	1741794090	1	1	\N	\N	\N	\N
120	121	image	en	1	1	13.png	132	ภาษาอังกฤษ	\N	1920	1080	1741794189	1741794189	1	1	\N	\N	\N	\N
121	122	image	en	1	1	14.png	133	ภาษาอังกฤษ	\N	1920	1080	1741794332	1741794332	1	1	\N	\N	\N	\N
122	123	image	en	1	1	15.png	134	ประถมศึกษา	\N	1920	1080	1741794640	1741794640	1	1	\N	\N	\N	\N
123	124	image	en	1	1	08-0430-1035.png	135	Telephone number	\N	4688	1763	1741835026	1741835026	1	1	\N	\N	\N	\N
124	125	image	en	1	1	photo_2025-03-13_18-27-13 (2).jpg	136	อนุบาล	\N	1080	608	1741874813	1741874813	1	1	\N	\N	\N	\N
125	126	image	en	1	1	photo_2025-03-13_18-27-13 (3).jpg	137	อนุบาล	\N	960	1280	1741874813	1741874813	1	1	\N	\N	\N	\N
126	127	image	en	1	1	photo_2025-03-13_18-27-13.jpg	138	อนุบาล	\N	960	1280	1741874813	1741874813	1	1	\N	\N	\N	\N
127	128	image	en	1	1	photo_2025-03-13_18-25-20.jpg	139	อนุบาล	\N	1080	810	1741874980	1741874980	1	1	\N	\N	\N	\N
128	129	image	en	1	1	photo_2025-03-13_18-25-21.jpg	140	อนุบาล	\N	1080	810	1741875025	1741875025	1	1	\N	\N	\N	\N
129	130	image	en	1	1	photo_2025-03-13_18-25-20 (2).jpg	141	อนุบาล	\N	1080	810	1741875025	1741875025	1	1	\N	\N	\N	\N
130	131	image	en	1	1	photo_2025-03-13_21-15-04.jpg	142	อนุบาล	\N	1280	960	1741875442	1741875442	1	1	\N	\N	\N	\N
131	132	image	en	1	1	photo_2025-03-06_11-13-03.jpg	143	อนุบาล	\N	1080	810	1741875442	1741875442	1	1	\N	\N	\N	\N
132	133	image	en	1	1	photo_2025-03-06_10-41-38.jpg	144	อนุบาล	\N	1080	810	1741875442	1741875442	1	1	\N	\N	\N	\N
133	134	image	en	1	1	photo_2025-03-13_18-29-34 (2).jpg	145	ประถมศึกษา	\N	1080	810	1741875551	1741875551	1	1	\N	\N	\N	\N
134	135	image	en	1	1	photo_2025-03-13_18-29-34.jpg	146	ประถมศึกษา	\N	960	1280	1741875551	1741875551	1	1	\N	\N	\N	\N
135	136	image	en	1	1	photo_2025-03-13_18-30-37 (3).jpg	147	ประถมศึกษา	\N	1080	810	1741875623	1741875623	1	1	\N	\N	\N	\N
136	137	image	en	1	1	photo_2025-03-13_18-30-37 (2).jpg	148	ประถมศึกษา	\N	1080	808	1741875623	1741875623	1	1	\N	\N	\N	\N
137	138	image	en	1	1	photo_2025-03-13_18-30-37.jpg	149	ประถมศึกษา	\N	1080	810	1741875623	1741875623	1	1	\N	\N	\N	\N
138	139	image	en	1	1	photo_2025-03-13_18-32-44 (4).jpg	150	ประถมศึกษา	\N	1080	810	1741875660	1741875660	1	1	\N	\N	\N	\N
139	140	image	en	1	1	photo_2025-03-13_18-32-44 (3).jpg	151	ประถมศึกษา	\N	1080	810	1741875660	1741875660	1	1	\N	\N	\N	\N
140	141	image	en	1	1	photo_2025-03-13_18-32-44 (2).jpg	152	ประถมศึกษา	\N	1080	810	1741875660	1741875660	1	1	\N	\N	\N	\N
141	142	image	en	1	1	photo_2025-03-13_18-32-44.jpg	153	ประถมศึกษา	\N	1080	810	1741875660	1741875660	1	1	\N	\N	\N	\N
142	143	image	en	1	1	photo_2025-03-13_18-37-27 (2).jpg	154	ประถมศึกษา	\N	1080	810	1741875730	1741875730	1	1	\N	\N	\N	\N
143	144	image	en	1	1	photo_2025-03-13_18-37-27.jpg	155	ประถมศึกษา	\N	960	1280	1741875730	1741875730	1	1	\N	\N	\N	\N
144	145	image	en	1	1	photo_2025-03-13_18-36-19 (3).jpg	156	ประถมศึกษา	\N	1080	810	1741875795	1741875795	1	1	\N	\N	\N	\N
145	146	image	en	1	1	photo_2025-03-13_18-36-19 (2).jpg	157	ประถมศึกษา	\N	959	1280	1741875795	1741875795	1	1	\N	\N	\N	\N
146	147	image	en	1	1	photo_2025-03-13_18-36-19.jpg	158	ประถมศึกษา	\N	720	960	1741875795	1741875795	1	1	\N	\N	\N	\N
147	148	image	en	1	1	photo_2025-03-13_18-39-17 (4).jpg	159	ประถมศึกษา	\N	1080	608	1741875842	1741875842	1	1	\N	\N	\N	\N
148	149	image	en	1	1	photo_2025-03-13_18-39-17 (3).jpg	160	ประถมศึกษา	\N	1080	810	1741875842	1741875842	1	1	\N	\N	\N	\N
149	150	image	en	1	1	photo_2025-03-13_18-39-17 (2).jpg	161	ประถมศึกษา	\N	720	1280	1741875842	1741875842	1	1	\N	\N	\N	\N
150	151	image	en	1	1	photo_2025-03-13_18-39-17.jpg	162	ประถมศึกษา	\N	960	1280	1741875842	1741875842	1	1	\N	\N	\N	\N
\.


--
-- TOC entry 7106 (class 0 OID 27241)
-- Dependencies: 336
-- Data for Name: media_field_revision; Type: TABLE DATA; Schema: public; Owner: -
--

COPY public.media_field_revision (mid, vid, langcode, status, uid, name, thumbnail__target_id, thumbnail__alt, thumbnail__title, thumbnail__width, thumbnail__height, created, changed, default_langcode, revision_translation_affected, publish_on, unpublish_on, publish_state, unpublish_state) FROM stdin;
1	1	en	1	1	Varbase Security	1	Varbase Security	\N	4096	2731	1713438415	1738557231	1	1	\N	\N	\N	\N
2	2	en	1	1	Conference 1	34	Conference 1	\N	4096	2731	1713435444	1738557243	1	1	\N	\N	\N	\N
3	3	en	1	1	Background Image 2	9	Background Image 2	\N	1920	1280	1642682146	1738557243	1	1	\N	\N	\N	\N
4	4	en	1	1	Coworking 5	31	Coworking 5	\N	1200	800	1642682146	1738557243	1	1	\N	\N	\N	\N
5	5	en	1	1	Startup 3	17	Startup 3	\N	900	600	1642682146	1738557243	1	1	\N	\N	\N	\N
6	6	en	1	1	Coworking 4	18	Coworking 4	\N	1200	800	1642682146	1738557243	1	1	\N	\N	\N	\N
7	7	en	1	1	Figure 12	5	Figure 12	\N	2400	2646	1642682146	1738557243	1	1	\N	\N	\N	\N
8	8	en	1	1	Business meeting	7	Business meeting	\N	1635	920	1642682146	1738557243	1	1	\N	\N	\N	\N
9	9	en	1	1	Figure 14	3	Figure 14	\N	303	417	1642682146	1738557243	1	1	\N	\N	\N	\N
10	10	en	1	1	App 3	4	App 3	\N	725	1467	1642682146	1738557243	1	1	\N	\N	\N	\N
11	11	en	1	1	Avatar 1	36	Avatar 1	\N	500	500	1642682146	1738557243	1	1	\N	\N	\N	\N
12	12	en	1	1	App 2	10	App 2	\N	725	1467	1642682146	1738557243	1	1	\N	\N	\N	\N
13	13	en	1	1	Business welcome	12	Business welcome	\N	4096	2731	1713439586	1738557243	1	1	\N	\N	\N	\N
14	14	en	1	1	Conference 2	37	Conference 2	\N	4096	2731	1713438214	1738557243	1	1	\N	\N	\N	\N
15	15	en	1	1	Business way	22	Business way	\N	4096	2731	1713435038	1738557243	1	1	\N	\N	\N	\N
16	16	en	1	1	Skyscraper	11	Skyscraper	\N	4096	3072	1713439769	1738557243	1	1	\N	\N	\N	\N
17	17	en	1	1	Meeting 1	29	Meeting 1	\N	4096	2731	1713438775	1738557243	1	1	\N	\N	\N	\N
18	18	en	1	1	Coworking 3	40	Coworking 3	\N	4096	2299	1642682146	1738557243	1	1	\N	\N	\N	\N
19	19	en	1	1	Remote Youtube Video No Cover Image	42		\N	480	360	1642684740	1738557243	1	1	\N	\N	\N	\N
20	20	en	1	1	Remote Vimeo Video No Cover Image	45		\N	295	166	1642684728	1738557243	1	1	\N	\N	\N	\N
21	21	en	1	1	Team 5	38	Team 5	\N	600	800	1642682146	1738557243	1	1	\N	\N	\N	\N
22	22	en	1	1	Meeting 2	27	Meeting 2	\N	4096	2733	1713439013	1738557243	1	1	\N	\N	\N	\N
23	23	en	1	1	Blog 1	23	Blog 1	\N	1200	800	1642684997	1738557243	1	1	\N	\N	\N	\N
24	24	en	1	1	Team 2	41	Team 2	\N	600	800	1642682146	1738557243	1	1	\N	\N	\N	\N
25	25	en	1	1	Coworking 1	20	Coworking 1	\N	4096	2733	1713438321	1738557243	1	1	\N	\N	\N	\N
26	26	en	1	1	Development	21	Development	\N	4096	2720	1713438605	1738557243	1	1	\N	\N	\N	\N
27	27	en	1	1	Coworking 2	8	Coworking 2	\N	4096	2731	1713438415	1738557243	1	1	\N	\N	\N	\N
28	28	en	1	1	SAAS 1	25	SAAS 1	\N	1920	1080	1642682146	1738557243	1	1	\N	\N	\N	\N
29	29	en	1	1	Remote Vimeo Video with Cover Image	45		\N	295	166	1642684799	1738557243	1	1	\N	\N	\N	\N
30	30	en	1	1	Figure 9	13	Figure 9	\N	351	418	1642682146	1738557243	1	1	\N	\N	\N	\N
31	31	en	1	1	App 1	19	App 1	\N	725	1467	1642682146	1738557243	1	1	\N	\N	\N	\N
32	32	en	1	1	Meeting 4	30	Meeting 4	\N	2048	1366	1713439253	1738557243	1	1	\N	\N	\N	\N
33	33	en	1	1	Startup 1	6	Startup 1	\N	1920	1280	1642682146	1738557243	1	1	\N	\N	\N	\N
34	34	en	1	1	Local Video No cover image	46		\N	180	180	1642682146	1738557243	1	1	\N	\N	\N	\N
35	35	en	1	1	Startup 2	26	Startup 2	\N	900	600	1642682146	1738557243	1	1	\N	\N	\N	\N
36	36	en	1	1	Meeting 5	15	Meeting 5	\N	4096	2731	1713439445	1738557243	1	1	\N	\N	\N	\N
37	37	en	1	1	Remote Youtube Video With Cover Image	42		\N	480	360	1642684771	1738557243	1	1	\N	\N	\N	\N
38	38	en	1	1	Team 1	33	Team 1	\N	600	800	1642682146	1738557243	1	1	\N	\N	\N	\N
39	39	en	1	1	Team 3	24	Team 3	\N	600	800	1642682146	1738557243	1	1	\N	\N	\N	\N
40	40	en	1	1	Local Video with cover image	46		\N	180	180	1642682178	1738557243	1	1	\N	\N	\N	\N
41	41	en	1	1	Team 4	32	Team 4	\N	600	800	1642682146	1738557243	1	1	\N	\N	\N	\N
42	42	en	1	1	Meeting 3	39	Meeting 3	\N	4096	2734	1713439142	1738557243	1	1	\N	\N	\N	\N
43	43	en	1	1	Spino.png	47	Spinosaurus	\N	1080	720	1738594388	1738594388	1	1	\N	\N	\N	\N
44	44	en	1	1	Stone.png	48	Stone	\N	1080	720	1738595089	1738595089	1	1	\N	\N	\N	\N
45	45	en	1	1	Fossil.png	50	Fossil	\N	1060	707	1738595089	1738595089	1	1	\N	\N	\N	\N
46	46	en	1	1	post-8.jpg	55	011	\N	800	500	1738829601	1738829601	1	1	\N	\N	\N	\N
47	47	en	1	1	post-7.jpg	56	002	\N	800	500	1738835948	1738835948	1	1	\N	\N	\N	\N
47	48	en	1	1	post-7.jpg	56	002	\N	800	500	1738835948	1738836554	1	\N	\N	\N	\N	\N
48	49	en	1	1	post-6.jpg	57	003	\N	800	500	1739001925	1739001925	1	1	\N	\N	\N	\N
49	50	en	1	1	Screenshot_from_2024-11-22_16-33-02-removebg-preview.png	58	Logo	\N	803	311	1739171588	1739171588	1	1	\N	\N	\N	\N
50	51	en	1	1	post-3.jpg	59	004	\N	800	500	1739356885	1739356885	1	1	\N	\N	\N	\N
51	52	en	1	1	post-5.jpg	60	005	\N	800	500	1739357100	1739357100	1	1	\N	\N	\N	\N
52	53	en	1	1	banner.jpg	62	12	\N	1920	480	1739935327	1739935327	1	1	\N	\N	\N	\N
53	54	en	1	1	banner.jpg	63	12	\N	1920	480	1739935378	1739935378	1	1	\N	\N	\N	\N
54	55	en	1	1	pexels-tima-miroshnichenko-5427665.jpg	64	22	\N	5837	3891	1739936426	1739936426	1	1	\N	\N	\N	\N
55	56	en	1	1	pexels-yankrukov-8617995.jpg	65	Learn	\N	6000	4000	1739939744	1739939744	1	1	\N	\N	\N	\N
56	57	en	1	1	Banner_01.png	68	Banner_01	\N	1800	600	1740045027	1740045027	1	1	\N	\N	\N	\N
57	58	en	1	1	bdecea0788a51112bd9355850f1b1697.jpg	69	00	\N	736	414	1740045975	1740045975	1	1	\N	\N	\N	\N
58	59	en	1	1	Untitled design.png	70	000	\N	6000	3375	1740111169	1740111169	1	1	\N	\N	\N	\N
59	60	en	1	1	Untitled design(2).png	71	banner	\N	6000	3375	1740112130	1740112130	1	1	\N	\N	\N	\N
60	61	en	1	1	photo_2025-02-25_16-55-13.jpg	72	ก่อนวัยเรียน_1	\N	1280	960	1740477477	1740477477	1	1	\N	\N	\N	\N
61	62	en	1	1	photo_2025-02-25_16-55-16.jpg	73	ก่อนวัยเรียน_2	\N	1280	960	1740477477	1740477477	1	1	\N	\N	\N	\N
62	63	en	1	1	photo_2025-02-25_16-55-10.jpg	74	ก่อนวัยเรียน_3	\N	1280	960	1740477477	1740477477	1	1	\N	\N	\N	\N
63	64	en	1	1	photo_2025-02-25_16-54-57.jpg	75	ก่อนวัยเรียน_4	\N	1280	960	1740477477	1740477477	1	1	\N	\N	\N	\N
64	65	en	1	1	photo_2025-02-25_16-54-49.jpg	76	ก่อนวัยเรียน_5	\N	1280	720	1740477477	1740477477	1	1	\N	\N	\N	\N
65	66	en	1	1	photo_2025-02-25_16-54-54.jpg	77	ก่อนวัยเรียน_6	\N	1280	960	1740477477	1740477477	1	1	\N	\N	\N	\N
66	67	en	1	1	photo_2025-02-25_16-54-41.jpg	78	ก่อนวัยเรียน_7	\N	960	720	1740477477	1740477477	1	1	\N	\N	\N	\N
67	68	en	1	1	photo_2025-02-25_16-54-46.jpg	79	ก่อนวัยเรียน_8	\N	1280	960	1740477477	1740477477	1	1	\N	\N	\N	\N
68	69	en	1	1	photo_2025-02-25_16-59-40.jpg	80	อนุบาล	\N	1280	960	1740479684	1740479684	1	1	\N	\N	\N	\N
69	70	en	1	1	photo_2025-02-25_17-05-07.jpg	81	อนุบาล	\N	1280	960	1740479746	1740479746	1	1	\N	\N	\N	\N
70	71	en	1	1	photo_2025-02-25_17-15-33.jpg	82	ประถมศึกษา	\N	1280	960	1740479812	1740479812	1	1	\N	\N	\N	\N
71	72	en	1	1	photo_2025-02-25_17-07-41.jpg	83	ประถมศึกษา	\N	1280	960	1740479812	1740479812	1	1	\N	\N	\N	\N
72	73	en	1	1	photo_2025-02-25_17-15-53.jpg	84	ประถมศึกษา	\N	1280	960	1740479895	1740479895	1	1	\N	\N	\N	\N
73	74	en	1	1	photo_2025-02-25_17-13-47.jpg	85	ประถมศึกษา	\N	1280	960	1740479895	1740479895	1	1	\N	\N	\N	\N
74	75	en	1	1	photo_2025-02-25_18-19-01.jpg	86	ประถมศึกษา	\N	960	1280	1740543214	1740543214	1	1	\N	\N	\N	\N
75	76	en	1	1	photo_2025-02-25_17-46-33.jpg	87	ประถมศึกษา	\N	1280	960	1740543345	1740543345	1	1	\N	\N	\N	\N
76	77	en	1	1	photo_2025-02-25_17-42-00.jpg	88	ประถมศึกษา	\N	960	1280	1740543345	1740543345	1	1	\N	\N	\N	\N
77	78	en	1	1	photo_2025-02-26_12-06-46.jpg	89	ประถมศึกษา	\N	960	1280	1740549221	1740549221	1	1	\N	\N	\N	\N
78	79	en	1	1	photo_2025-02-26_12-06-33.jpg	90	ประถมศึกษา	\N	960	1280	1740549221	1740549221	1	1	\N	\N	\N	\N
79	80	en	1	1	2.png	91	แบนเนอร์	\N	1920	1080	1740551292	1740551292	1	1	\N	\N	\N	\N
80	81	en	1	1	1.png	92	แบนเนอร์	\N	1920	1080	1740552434	1740552434	1	1	\N	\N	\N	\N
81	82	en	1	1	Banner.png	93	แบนเนอร์	\N	1920	1080	1740556109	1740556109	1	1	\N	\N	\N	\N
82	83	en	1	1	12069094.png	94	พัฒนาการปฐมวัย	\N	128	128	1740638869	1740638869	1	1	\N	\N	\N	\N
83	84	en	1	1	staff.png	95	พัฒนาการปฐมวัย	\N	512	512	1740639450	1740639450	1	1	\N	\N	\N	\N
84	85	en	1	1	research.png	96	ทักษะวิชาการ	\N	512	512	1740639854	1740639854	1	1	\N	\N	\N	\N
85	86	en	1	1	light.png	97	IQ และ EQ	\N	512	512	1740639956	1740639956	1	1	\N	\N	\N	\N
86	87	en	1	1	person.png	98	อ่านออกเขียนได้	\N	512	512	1740640038	1740640038	1	1	\N	\N	\N	\N
87	88	en	1	1	photo_2025-02-28_15-01-35.jpg	99	Footer-image	\N	977	389	1740729789	1740729789	1	1	\N	\N	\N	\N
88	89	en	1	1	Lovepik_com_833500063_Cartoon_school_supplies,_stationery,_material1.png	100	Footer-image	\N	977	389	1740730334	1740730334	1	1	\N	\N	\N	\N
89	90	en	1	1	photo_2025-02-21_14-51-06.jpg	101	Article	\N	1080	810	1740730692	1740730692	1	1	\N	\N	\N	\N
90	91	en	1	1	photo_2025-02-21_15-13-05.jpg	102	Article	\N	960	720	1740731017	1740731017	1	1	\N	\N	\N	\N
91	92	en	1	1	photo_2025-02-21_13-58-00.jpg	103	Article	\N	1080	810	1740731206	1740731206	1	1	\N	\N	\N	\N
92	93	en	1	1	pexels-pixabay-462331.jpg	104	New	\N	2000	1319	1740733794	1740733794	1	1	\N	\N	\N	\N
93	94	en	1	1	photo_2025-02-28_16-13-45.jpg	105	New	\N	1280	853	1740734078	1740734078	1	1	\N	\N	\N	\N
94	95	en	1	1	photo_2025-02-28_16-14-52.jpg	106	New	\N	612	408	1740734146	1740734146	1	1	\N	\N	\N	\N
95	96	en	1	1	บ้านครูโอม(2).png	107	About	\N	2400	600	1740804526	1740804526	1	1	\N	\N	\N	\N
96	97	en	1	1	photo_2025-02-21_15-42-23(1).jpg	108	About	\N	959	732	1740972176	1740972176	1	1	\N	\N	\N	\N
97	98	en	1	1	4.png	109	ก่อนวัยเรียน	\N	1920	1080	1741062858	1741062858	1	1	\N	\N	\N	\N
98	99	en	1	1	1.png	110	อนุบาล กลุ่ม	\N	1920	1080	1741062949	1741062949	1	1	\N	\N	\N	\N
99	100	en	1	1	3.png	111	ประถมต้น กลุ่ม	\N	1920	1080	1741063013	1741063013	1	1	\N	\N	\N	\N
100	101	en	1	1	2.png	112	ประถมต้น ส่วนตัว	\N	1920	1080	1741063073	1741063073	1	1	\N	\N	\N	\N
101	102	en	1	1	Add Line.png	113	Add Line	\N	1500	2000	1741149883	1741149883	1	1	\N	\N	\N	\N
102	103	en	1	1	6.png	114	หลักสูตรอนุบาล	\N	1920	1080	1741250918	1741250918	1	1	\N	\N	\N	\N
103	104	en	1	1	7.png	115	หลักสูตรอนุบาล	\N	1920	1080	1741251098	1741251098	1	1	\N	\N	\N	\N
104	105	en	1	1	8.png	116	หลักสูตรประถมต้น	\N	1920	1080	1741253931	1741253931	1	1	\N	\N	\N	\N
105	106	en	1	1	9.png	117	หลักสูตรประถมต้น	\N	1920	1080	1741254122	1741254122	1	1	\N	\N	\N	\N
106	107	en	1	1	photo_2025-03-06_18-39-24 (2).jpg	118	ประถมศึกษา	\N	1280	720	1741670854	1741670854	1	1	\N	\N	\N	\N
107	108	en	1	1	photo_2025-03-06_18-39-24 (3).jpg	119	ประถมศึกษา	\N	1280	720	1741671055	1741671055	1	1	\N	\N	\N	\N
108	109	en	1	1	photo_2025-03-11_17-41-27.jpg	120	Banner	\N	1280	426	1741690582	1741690582	1	1	\N	\N	\N	\N
109	110	en	1	1	photo_2025-03-11_17-41-27 (2).jpg	121	Banner	\N	1080	1080	1741690638	1741690638	1	1	\N	\N	\N	\N
110	111	en	1	1	photo_2025-03-11_18-56-26 (2).jpg	122	Banner	\N	1280	426	1741694310	1741694310	1	1	\N	\N	\N	\N
111	112	en	1	1	photo_2025-03-11_18-56-26.jpg	123	Banner	\N	1080	1080	1741694333	1741694333	1	1	\N	\N	\N	\N
112	113	en	1	1	Mero Thai.png	124	Banner	\N	6250	2084	1741711460	1741711460	1	1	\N	\N	\N	\N
113	114	en	1	1	Untitled design(4).png	125	Banner	\N	3375	3375	1741711765	1741711765	1	1	\N	\N	\N	\N
114	115	en	1	1	photo_2025-03-06_18-39-22 (2).jpg	126	ประถมศึกษา	\N	1280	720	1741712304	1741712304	1	1	\N	\N	\N	\N
115	116	en	1	1	photo_2025-03-06_18-39-23 (7).jpg	127	ภาษาอังกฤษ	\N	1280	720	1741712577	1741712577	1	1	\N	\N	\N	\N
116	117	en	1	1	photo_2025-03-12_00-09-39.jpg	128	ลูกค้า	\N	819	819	1741713153	1741713153	1	1	\N	\N	\N	\N
117	118	en	1	1	photo_2025-03-12_11-37-36.jpg	129	เสียงตอบรับ	\N	591	591	1741754335	1741754335	1	1	\N	\N	\N	\N
118	119	en	1	1	photo_2025-03-12_11-37-36 (2).jpg	130	เสียงตอบรับ	\N	960	960	1741754489	1741754489	1	1	\N	\N	\N	\N
119	120	en	1	1	12.png	131	ภาษาอังกฤษ	\N	1920	1080	1741794090	1741794090	1	1	\N	\N	\N	\N
120	121	en	1	1	13.png	132	ภาษาอังกฤษ	\N	1920	1080	1741794189	1741794189	1	1	\N	\N	\N	\N
121	122	en	1	1	14.png	133	ภาษาอังกฤษ	\N	1920	1080	1741794332	1741794332	1	1	\N	\N	\N	\N
122	123	en	1	1	15.png	134	ประถมศึกษา	\N	1920	1080	1741794640	1741794640	1	1	\N	\N	\N	\N
123	124	en	1	1	08-0430-1035.png	135	Telephone number	\N	4688	1763	1741835026	1741835026	1	1	\N	\N	\N	\N
124	125	en	1	1	photo_2025-03-13_18-27-13 (2).jpg	136	อนุบาล	\N	1080	608	1741874813	1741874813	1	1	\N	\N	\N	\N
125	126	en	1	1	photo_2025-03-13_18-27-13 (3).jpg	137	อนุบาล	\N	960	1280	1741874813	1741874813	1	1	\N	\N	\N	\N
126	127	en	1	1	photo_2025-03-13_18-27-13.jpg	138	อนุบาล	\N	960	1280	1741874813	1741874813	1	1	\N	\N	\N	\N
127	128	en	1	1	photo_2025-03-13_18-25-20.jpg	139	อนุบาล	\N	1080	810	1741874980	1741874980	1	1	\N	\N	\N	\N
128	129	en	1	1	photo_2025-03-13_18-25-21.jpg	140	อนุบาล	\N	1080	810	1741875025	1741875025	1	1	\N	\N	\N	\N
129	130	en	1	1	photo_2025-03-13_18-25-20 (2).jpg	141	อนุบาล	\N	1080	810	1741875025	1741875025	1	1	\N	\N	\N	\N
130	131	en	1	1	photo_2025-03-13_21-15-04.jpg	142	อนุบาล	\N	1280	960	1741875442	1741875442	1	1	\N	\N	\N	\N
131	132	en	1	1	photo_2025-03-06_11-13-03.jpg	143	อนุบาล	\N	1080	810	1741875442	1741875442	1	1	\N	\N	\N	\N
132	133	en	1	1	photo_2025-03-06_10-41-38.jpg	144	อนุบาล	\N	1080	810	1741875442	1741875442	1	1	\N	\N	\N	\N
133	134	en	1	1	photo_2025-03-13_18-29-34 (2).jpg	145	ประถมศึกษา	\N	1080	810	1741875551	1741875551	1	1	\N	\N	\N	\N
134	135	en	1	1	photo_2025-03-13_18-29-34.jpg	146	ประถมศึกษา	\N	960	1280	1741875551	1741875551	1	1	\N	\N	\N	\N
135	136	en	1	1	photo_2025-03-13_18-30-37 (3).jpg	147	ประถมศึกษา	\N	1080	810	1741875623	1741875623	1	1	\N	\N	\N	\N
136	137	en	1	1	photo_2025-03-13_18-30-37 (2).jpg	148	ประถมศึกษา	\N	1080	808	1741875623	1741875623	1	1	\N	\N	\N	\N
137	138	en	1	1	photo_2025-03-13_18-30-37.jpg	149	ประถมศึกษา	\N	1080	810	1741875623	1741875623	1	1	\N	\N	\N	\N
138	139	en	1	1	photo_2025-03-13_18-32-44 (4).jpg	150	ประถมศึกษา	\N	1080	810	1741875660	1741875660	1	1	\N	\N	\N	\N
139	140	en	1	1	photo_2025-03-13_18-32-44 (3).jpg	151	ประถมศึกษา	\N	1080	810	1741875660	1741875660	1	1	\N	\N	\N	\N
140	141	en	1	1	photo_2025-03-13_18-32-44 (2).jpg	152	ประถมศึกษา	\N	1080	810	1741875660	1741875660	1	1	\N	\N	\N	\N
141	142	en	1	1	photo_2025-03-13_18-32-44.jpg	153	ประถมศึกษา	\N	1080	810	1741875660	1741875660	1	1	\N	\N	\N	\N
142	143	en	1	1	photo_2025-03-13_18-37-27 (2).jpg	154	ประถมศึกษา	\N	1080	810	1741875730	1741875730	1	1	\N	\N	\N	\N
143	144	en	1	1	photo_2025-03-13_18-37-27.jpg	155	ประถมศึกษา	\N	960	1280	1741875730	1741875730	1	1	\N	\N	\N	\N
144	145	en	1	1	photo_2025-03-13_18-36-19 (3).jpg	156	ประถมศึกษา	\N	1080	810	1741875795	1741875795	1	1	\N	\N	\N	\N
145	146	en	1	1	photo_2025-03-13_18-36-19 (2).jpg	157	ประถมศึกษา	\N	959	1280	1741875795	1741875795	1	1	\N	\N	\N	\N
146	147	en	1	1	photo_2025-03-13_18-36-19.jpg	158	ประถมศึกษา	\N	720	960	1741875795	1741875795	1	1	\N	\N	\N	\N
147	148	en	1	1	photo_2025-03-13_18-39-17 (4).jpg	159	ประถมศึกษา	\N	1080	608	1741875842	1741875842	1	1	\N	\N	\N	\N
148	149	en	1	1	photo_2025-03-13_18-39-17 (3).jpg	160	ประถมศึกษา	\N	1080	810	1741875842	1741875842	1	1	\N	\N	\N	\N
149	150	en	1	1	photo_2025-03-13_18-39-17 (2).jpg	161	ประถมศึกษา	\N	720	1280	1741875842	1741875842	1	1	\N	\N	\N	\N
150	151	en	1	1	photo_2025-03-13_18-39-17.jpg	162	ประถมศึกษา	\N	960	1280	1741875842	1741875842	1	1	\N	\N	\N	\N
\.


--
-- TOC entry 7108 (class 0 OID 27253)
-- Dependencies: 338
-- Data for Name: media_revision; Type: TABLE DATA; Schema: public; Owner: -
--

COPY public.media_revision (mid, vid, langcode, revision_user, revision_created, revision_log_message, revision_default) FROM stdin;
1	1	en	1	1738557231	Created new Image	1
2	2	en	1	1738557243	Created new Image	1
3	3	en	1	1738557243	Created new Image	1
4	4	en	1	1738557243	Created new Image	1
5	5	en	1	1738557243	Created new Image	1
6	6	en	1	1738557243	Created new Image	1
7	7	en	1	1738557243	Created new Image	1
8	8	en	1	1738557243	Created new Image	1
9	9	en	1	1738557243	Created new Image	1
10	10	en	1	1738557243	Created new Image	1
11	11	en	1	1738557243	Created new Image	1
12	12	en	1	1738557243	Created new Image	1
13	13	en	1	1738557243	Created new Image	1
14	14	en	1	1738557243	Created new Image	1
15	15	en	1	1738557243	Created new Image	1
16	16	en	1	1738557243	Created new Image	1
17	17	en	1	1738557243	Created new Image	1
18	18	en	1	1738557243	Created new Image	1
19	19	en	1	1738557243	Created new Remote video	1
20	20	en	1	1738557243	Created new Remote video	1
21	21	en	1	1738557243	Created new Image	1
22	22	en	1	1738557243	Created new Image	1
23	23	en	1	1738557243	Created new Image	1
24	24	en	1	1738557243	Created new Image	1
25	25	en	1	1738557243	Created new Image	1
26	26	en	1	1738557243	Created new Image	1
27	27	en	1	1738557243	Created new Image	1
28	28	en	1	1738557243	Created new Image	1
29	29	en	1	1738557243	Created new Remote video	1
30	30	en	1	1738557243	Created new Image	1
31	31	en	1	1738557243	Created new Image	1
32	32	en	1	1738557243	Created new Image	1
33	33	en	1	1738557243	Created new Image	1
34	34	en	1	1738557243	Created new video	1
35	35	en	1	1738557243	Created new Image	1
36	36	en	1	1738557243	Created new Image	1
37	37	en	1	1738557243	Created new Remote video	1
38	38	en	1	1738557243	Created new Image	1
39	39	en	1	1738557243	Created new Image	1
40	40	en	1	1738557243	Created new video	1
41	41	en	1	1738557243	Updated the Name and Image fields	1
42	42	en	1	1738557243	Created new Image	1
43	43	en	1	1738594388	Created new Image	1
44	44	en	1	1738595089	Created new Image	1
45	45	en	1	1738595089	Created new Image	1
46	46	en	1	1738829601	Created new Image	1
47	47	en	1	1738835948	Created new Image	1
47	48	en	1	1738836554	Updated Image	1
48	49	en	1	1739001925	Created new Image	1
49	50	en	1	1739171588	Created new Image	1
50	51	en	1	1739356885	Created new Image	1
51	52	en	1	1739357100	Created new Image	1
52	53	en	1	1739935327	Created new Image	1
53	54	en	1	1739935378	Created new Image	1
54	55	en	1	1739936426	Created new Image	1
55	56	en	1	1739939744	Created new Image	1
56	57	en	1	1740045027	Created new Image	1
57	58	en	1	1740045975	Created new Image	1
58	59	en	1	1740111169	Created new Image	1
59	60	en	1	1740112130	Created new Image	1
60	61	en	1	1740477477	Created new Image	1
61	62	en	1	1740477477	Created new Image	1
62	63	en	1	1740477477	Created new Image	1
63	64	en	1	1740477477	Created new Image	1
64	65	en	1	1740477477	Created new Image	1
65	66	en	1	1740477477	Created new Image	1
66	67	en	1	1740477477	Created new Image	1
67	68	en	1	1740477477	Created new Image	1
68	69	en	1	1740479684	Created new Image	1
69	70	en	1	1740479746	Created new Image	1
70	71	en	1	1740479812	Created new Image	1
71	72	en	1	1740479812	Created new Image	1
72	73	en	1	1740479895	Created new Image	1
73	74	en	1	1740479895	Created new Image	1
74	75	en	1	1740543214	Created new Image	1
75	76	en	1	1740543345	Created new Image	1
76	77	en	1	1740543345	Created new Image	1
77	78	en	1	1740549221	Created new Image	1
78	79	en	1	1740549221	Created new Image	1
79	80	en	1	1740551292	Created new Image	1
80	81	en	1	1740552434	Created new Image	1
81	82	en	1	1740556109	Created new Image	1
82	83	en	1	1740638869	Created new Image	1
83	84	en	1	1740639450	Created new Image	1
84	85	en	1	1740639854	Created new Image	1
85	86	en	1	1740639956	Created new Image	1
86	87	en	1	1740640038	Created new Image	1
87	88	en	1	1740729789	Created new Image	1
88	89	en	1	1740730334	Created new Image	1
89	90	en	1	1740730692	Created new Image	1
90	91	en	1	1740731017	Created new Image	1
91	92	en	1	1740731206	Created new Image	1
92	93	en	1	1740733794	Created new Image	1
93	94	en	1	1740734078	Created new Image	1
94	95	en	1	1740734146	Created new Image	1
95	96	en	1	1740804526	Created new Image	1
96	97	en	1	1740972176	Created new Image	1
97	98	en	1	1741062858	Created new Image	1
98	99	en	1	1741062949	Created new Image	1
99	100	en	1	1741063013	Created new Image	1
100	101	en	1	1741063073	Created new Image	1
101	102	en	1	1741149883	Created new Image	1
102	103	en	1	1741250918	Created new Image	1
103	104	en	1	1741251098	Created new Image	1
104	105	en	1	1741253931	Created new Image	1
105	106	en	1	1741254122	Created new Image	1
106	107	en	1	1741670854	Created new Image	1
107	108	en	1	1741671055	Created new Image	1
108	109	en	1	1741690582	Created new Image	1
109	110	en	1	1741690638	Created new Image	1
110	111	en	1	1741694310	Created new Image	1
111	112	en	1	1741694333	Created new Image	1
112	113	en	1	1741711460	Created new Image	1
113	114	en	1	1741711765	Created new Image	1
114	115	en	1	1741712304	Created new Image	1
115	116	en	1	1741712577	Created new Image	1
116	117	en	1	1741713153	Created new Image	1
117	118	en	1	1741754335	Created new Image	1
118	119	en	1	1741754489	Created new Image	1
119	120	en	1	1741794090	Created new Image	1
120	121	en	1	1741794189	Created new Image	1
121	122	en	1	1741794332	Created new Image	1
122	123	en	1	1741794640	Created new Image	1
123	124	en	1	1741835026	Created new Image	1
124	125	en	1	1741874813	Created new Image	1
125	126	en	1	1741874813	Created new Image	1
126	127	en	1	1741874813	Created new Image	1
127	128	en	1	1741874980	Created new Image	1
128	129	en	1	1741875025	Created new Image	1
129	130	en	1	1741875025	Created new Image	1
130	131	en	1	1741875442	Created new Image	1
131	132	en	1	1741875442	Created new Image	1
132	133	en	1	1741875442	Created new Image	1
133	134	en	1	1741875551	Created new Image	1
134	135	en	1	1741875551	Created new Image	1
135	136	en	1	1741875623	Created new Image	1
136	137	en	1	1741875623	Created new Image	1
137	138	en	1	1741875623	Created new Image	1
138	139	en	1	1741875660	Created new Image	1
139	140	en	1	1741875660	Created new Image	1
140	141	en	1	1741875660	Created new Image	1
141	142	en	1	1741875660	Created new Image	1
142	143	en	1	1741875730	Created new Image	1
143	144	en	1	1741875730	Created new Image	1
144	145	en	1	1741875795	Created new Image	1
145	146	en	1	1741875795	Created new Image	1
146	147	en	1	1741875795	Created new Image	1
147	148	en	1	1741875842	Created new Image	1
148	149	en	1	1741875842	Created new Image	1
149	150	en	1	1741875842	Created new Image	1
150	151	en	1	1741875842	Created new Image	1
\.


--
-- TOC entry 7109 (class 0 OID 27261)
-- Dependencies: 339
-- Data for Name: media_revision__field_media_audio_file; Type: TABLE DATA; Schema: public; Owner: -
--

COPY public.media_revision__field_media_audio_file (bundle, deleted, entity_id, revision_id, langcode, delta, field_media_audio_file_target_id, field_media_audio_file_display, field_media_audio_file_description) FROM stdin;
\.


--
-- TOC entry 7110 (class 0 OID 27275)
-- Dependencies: 340
-- Data for Name: media_revision__field_media_cover_image; Type: TABLE DATA; Schema: public; Owner: -
--

COPY public.media_revision__field_media_cover_image (bundle, deleted, entity_id, revision_id, langcode, delta, field_media_cover_image_target_id, field_media_cover_image_alt, field_media_cover_image_title, field_media_cover_image_width, field_media_cover_image_height) FROM stdin;
remote_video	0	29	29	en	0	28			640	360
remote_video	0	37	37	en	0	16			1864	1171
video	0	40	40	en	0	2			1200	800
\.


--
-- TOC entry 7111 (class 0 OID 27289)
-- Dependencies: 341
-- Data for Name: media_revision__field_media_file; Type: TABLE DATA; Schema: public; Owner: -
--

COPY public.media_revision__field_media_file (bundle, deleted, entity_id, revision_id, langcode, delta, field_media_file_target_id, field_media_file_display, field_media_file_description) FROM stdin;
\.


--
-- TOC entry 7112 (class 0 OID 27303)
-- Dependencies: 342
-- Data for Name: media_revision__field_media_gallery; Type: TABLE DATA; Schema: public; Owner: -
--

COPY public.media_revision__field_media_gallery (bundle, deleted, entity_id, revision_id, langcode, delta, field_media_gallery_target_id) FROM stdin;
\.


--
-- TOC entry 7113 (class 0 OID 27313)
-- Dependencies: 343
-- Data for Name: media_revision__field_media_image; Type: TABLE DATA; Schema: public; Owner: -
--

COPY public.media_revision__field_media_image (bundle, deleted, entity_id, revision_id, langcode, delta, field_media_image_target_id, field_media_image_alt, field_media_image_title, field_media_image_width, field_media_image_height) FROM stdin;
image	0	1	1	en	0	1	Varbase Security	Varbase Security	4096	2731
image	0	2	2	en	0	34	Conference 1	Conference 1	4096	2731
image	0	3	3	en	0	9	Background Image 2	Background Image 2	1920	1280
image	0	4	4	en	0	31	Coworking 5	Coworking 5	1200	800
image	0	5	5	en	0	17	Startup 3	Startup 3	900	600
image	0	6	6	en	0	18	Coworking 4	Coworking 4	1200	800
image	0	7	7	en	0	5	Figure 12	Figure 12	2400	2646
image	0	8	8	en	0	7	Business meeting	Business meeting	1635	920
image	0	9	9	en	0	3	Figure 14	Figure 14	303	417
image	0	10	10	en	0	4	App 3	App 3	725	1467
image	0	11	11	en	0	36	Avatar 1	Avatar 1	500	500
image	0	12	12	en	0	10	App 2	App 2	725	1467
image	0	13	13	en	0	12	Business welcome	Business welcome	4096	2731
image	0	14	14	en	0	37	Conference 2	Conference 2	4096	2731
image	0	15	15	en	0	22	Business way	Business way	4096	2731
image	0	16	16	en	0	11	Skyscraper	Skyscraper	4096	3072
image	0	17	17	en	0	29	Meeting 1	Meeting 1	4096	2731
image	0	18	18	en	0	40	Coworking 3	Coworking 3	4096	2299
image	0	21	21	en	0	38	Team 5	Team 5	600	800
image	0	22	22	en	0	27	Meeting 2	Meeting 2	4096	2733
image	0	23	23	en	0	23	Blog 1	Blog 1	1200	800
image	0	24	24	en	0	41	Team 2	Team 2	600	800
image	0	25	25	en	0	20	Coworking 1	Coworking 1	4096	2733
image	0	26	26	en	0	21	Development	Development	4096	2720
image	0	27	27	en	0	8	Coworking 2	Coworking 2	4096	2731
image	0	28	28	en	0	25	SAAS 1	SAAS 1	1920	1080
image	0	30	30	en	0	13	Figure 9	Figure 9	351	418
image	0	31	31	en	0	19	App 1	App 1	725	1467
image	0	32	32	en	0	30	Meeting 4	Meeting 4	2048	1366
image	0	33	33	en	0	6	Startup 1	Startup 1	1920	1280
image	0	35	35	en	0	26	Startup 2	Startup 2	900	600
image	0	36	36	en	0	15	Meeting 5	Meeting 5	4096	2731
image	0	38	38	en	0	33	Team 1	Team 1	600	800
image	0	39	39	en	0	24	Team 3	Team 3	600	800
image	0	41	41	en	0	32	Team 4	Team 4	600	800
image	0	42	42	en	0	39	Meeting 3	Meeting 3	4096	2734
image	0	43	43	en	0	47	Spinosaurus	Spinosaurus	1080	720
image	0	44	44	en	0	48	Stone	Stone	1080	720
image	0	45	45	en	0	50	Fossil	Fossil	1060	707
image	0	46	46	en	0	55	011		800	500
image	0	47	47	en	0	56	002		800	500
image	0	47	48	en	0	56	002		800	500
image	0	48	49	en	0	57	003		800	500
image	0	49	50	en	0	58	Logo		803	311
image	0	50	51	en	0	59	004		800	500
image	0	51	52	en	0	60	005		800	500
image	0	52	53	en	0	62	12		1920	480
image	0	53	54	en	0	63	12		1920	480
image	0	54	55	en	0	64	22		5837	3891
image	0	55	56	en	0	65	Learn		6000	4000
image	0	56	57	en	0	68	Banner_01		1800	600
image	0	57	58	en	0	69	00		736	414
image	0	58	59	en	0	70	000		6000	3375
image	0	59	60	en	0	71	banner		6000	3375
image	0	60	61	en	0	72	ก่อนวัยเรียน_1		1280	960
image	0	61	62	en	0	73	ก่อนวัยเรียน_2		1280	960
image	0	62	63	en	0	74	ก่อนวัยเรียน_3		1280	960
image	0	63	64	en	0	75	ก่อนวัยเรียน_4		1280	960
image	0	64	65	en	0	76	ก่อนวัยเรียน_5		1280	720
image	0	65	66	en	0	77	ก่อนวัยเรียน_6		1280	960
image	0	66	67	en	0	78	ก่อนวัยเรียน_7		960	720
image	0	67	68	en	0	79	ก่อนวัยเรียน_8		1280	960
image	0	68	69	en	0	80	อนุบาล		1280	960
image	0	69	70	en	0	81	อนุบาล		1280	960
image	0	70	71	en	0	82	ประถมศึกษา		1280	960
image	0	71	72	en	0	83	ประถมศึกษา		1280	960
image	0	72	73	en	0	84	ประถมศึกษา		1280	960
image	0	73	74	en	0	85	ประถมศึกษา		1280	960
image	0	74	75	en	0	86	ประถมศึกษา		960	1280
image	0	75	76	en	0	87	ประถมศึกษา		1280	960
image	0	76	77	en	0	88	ประถมศึกษา		960	1280
image	0	77	78	en	0	89	ประถมศึกษา		960	1280
image	0	78	79	en	0	90	ประถมศึกษา		960	1280
image	0	79	80	en	0	91	แบนเนอร์		1920	1080
image	0	80	81	en	0	92	แบนเนอร์		1920	1080
image	0	81	82	en	0	93	แบนเนอร์		1920	1080
image	0	82	83	en	0	94	พัฒนาการปฐมวัย		128	128
image	0	83	84	en	0	95	พัฒนาการปฐมวัย		512	512
image	0	84	85	en	0	96	ทักษะวิชาการ		512	512
image	0	85	86	en	0	97	IQ และ EQ		512	512
image	0	86	87	en	0	98	อ่านออกเขียนได้		512	512
image	0	87	88	en	0	99	Footer-image		977	389
image	0	88	89	en	0	100	Footer-image		977	389
image	0	89	90	en	0	101	Article		1080	810
image	0	90	91	en	0	102	Article		960	720
image	0	91	92	en	0	103	Article		1080	810
image	0	92	93	en	0	104	New		2000	1319
image	0	93	94	en	0	105	New		1280	853
image	0	94	95	en	0	106	New		612	408
image	0	95	96	en	0	107	About		2400	600
image	0	96	97	en	0	108	About		959	732
image	0	97	98	en	0	109	ก่อนวัยเรียน		1920	1080
image	0	98	99	en	0	110	อนุบาล กลุ่ม		1920	1080
image	0	99	100	en	0	111	ประถมต้น กลุ่ม		1920	1080
image	0	100	101	en	0	112	ประถมต้น ส่วนตัว		1920	1080
image	0	101	102	en	0	113	Add Line		1500	2000
image	0	102	103	en	0	114	หลักสูตรอนุบาล		1920	1080
image	0	103	104	en	0	115	หลักสูตรอนุบาล		1920	1080
image	0	104	105	en	0	116	หลักสูตรประถมต้น		1920	1080
image	0	105	106	en	0	117	หลักสูตรประถมต้น		1920	1080
image	0	106	107	en	0	118	ประถมศึกษา		1280	720
image	0	107	108	en	0	119	ประถมศึกษา		1280	720
image	0	108	109	en	0	120	Banner		1280	426
image	0	109	110	en	0	121	Banner		1080	1080
image	0	110	111	en	0	122	Banner		1280	426
image	0	111	112	en	0	123	Banner		1080	1080
image	0	112	113	en	0	124	Banner		6250	2084
image	0	113	114	en	0	125	Banner		3375	3375
image	0	114	115	en	0	126	ประถมศึกษา		1280	720
image	0	115	116	en	0	127	ภาษาอังกฤษ		1280	720
image	0	116	117	en	0	128	ลูกค้า		819	819
image	0	117	118	en	0	129	เสียงตอบรับ		591	591
image	0	118	119	en	0	130	เสียงตอบรับ		960	960
image	0	119	120	en	0	131	ภาษาอังกฤษ		1920	1080
image	0	120	121	en	0	132	ภาษาอังกฤษ		1920	1080
image	0	121	122	en	0	133	ภาษาอังกฤษ		1920	1080
image	0	122	123	en	0	134	ประถมศึกษา		1920	1080
image	0	123	124	en	0	135	Telephone number		4688	1763
image	0	124	125	en	0	136	อนุบาล		1080	608
image	0	125	126	en	0	137	อนุบาล		960	1280
image	0	126	127	en	0	138	อนุบาล		960	1280
image	0	127	128	en	0	139	อนุบาล		1080	810
image	0	128	129	en	0	140	อนุบาล		1080	810
image	0	129	130	en	0	141	อนุบาล		1080	810
image	0	130	131	en	0	142	อนุบาล		1280	960
image	0	131	132	en	0	143	อนุบาล		1080	810
image	0	132	133	en	0	144	อนุบาล		1080	810
image	0	133	134	en	0	145	ประถมศึกษา		1080	810
image	0	134	135	en	0	146	ประถมศึกษา		960	1280
image	0	135	136	en	0	147	ประถมศึกษา		1080	810
image	0	136	137	en	0	148	ประถมศึกษา		1080	808
image	0	137	138	en	0	149	ประถมศึกษา		1080	810
image	0	138	139	en	0	150	ประถมศึกษา		1080	810
image	0	139	140	en	0	151	ประถมศึกษา		1080	810
image	0	140	141	en	0	152	ประถมศึกษา		1080	810
image	0	141	142	en	0	153	ประถมศึกษา		1080	810
image	0	142	143	en	0	154	ประถมศึกษา		1080	810
image	0	143	144	en	0	155	ประถมศึกษา		960	1280
image	0	144	145	en	0	156	ประถมศึกษา		1080	810
image	0	145	146	en	0	157	ประถมศึกษา		959	1280
image	0	146	147	en	0	158	ประถมศึกษา		720	960
image	0	147	148	en	0	159	ประถมศึกษา		1080	608
image	0	148	149	en	0	160	ประถมศึกษา		1080	810
image	0	149	150	en	0	161	ประถมศึกษา		720	1280
image	0	150	151	en	0	162	ประถมศึกษา		960	1280
\.


--
-- TOC entry 7114 (class 0 OID 27327)
-- Dependencies: 344
-- Data for Name: media_revision__field_media_in_library; Type: TABLE DATA; Schema: public; Owner: -
--

COPY public.media_revision__field_media_in_library (bundle, deleted, entity_id, revision_id, langcode, delta, field_media_in_library_value) FROM stdin;
image	0	1	1	en	0	0
image	0	2	2	en	0	1
image	0	3	3	en	0	1
image	0	4	4	en	0	1
image	0	5	5	en	0	1
image	0	6	6	en	0	1
image	0	7	7	en	0	1
image	0	8	8	en	0	1
image	0	9	9	en	0	1
image	0	10	10	en	0	1
image	0	11	11	en	0	1
image	0	12	12	en	0	1
image	0	13	13	en	0	1
image	0	14	14	en	0	1
image	0	15	15	en	0	1
image	0	16	16	en	0	1
image	0	17	17	en	0	1
image	0	18	18	en	0	1
remote_video	0	19	19	en	0	1
remote_video	0	20	20	en	0	1
image	0	21	21	en	0	1
image	0	22	22	en	0	1
image	0	23	23	en	0	1
image	0	24	24	en	0	1
image	0	25	25	en	0	1
image	0	26	26	en	0	1
image	0	27	27	en	0	1
image	0	28	28	en	0	1
remote_video	0	29	29	en	0	1
image	0	30	30	en	0	1
image	0	31	31	en	0	1
image	0	32	32	en	0	1
image	0	33	33	en	0	1
video	0	34	34	en	0	1
image	0	35	35	en	0	1
image	0	36	36	en	0	1
remote_video	0	37	37	en	0	1
image	0	38	38	en	0	1
image	0	39	39	en	0	1
video	0	40	40	en	0	1
image	0	41	41	en	0	1
image	0	42	42	en	0	1
image	0	43	43	en	0	1
image	0	44	44	en	0	1
image	0	45	45	en	0	1
image	0	46	46	en	0	1
image	0	47	47	en	0	1
image	0	47	48	en	0	1
image	0	48	49	en	0	1
image	0	49	50	en	0	1
image	0	50	51	en	0	1
image	0	51	52	en	0	1
image	0	52	53	en	0	1
image	0	53	54	en	0	1
image	0	54	55	en	0	1
image	0	55	56	en	0	1
image	0	56	57	en	0	1
image	0	57	58	en	0	1
image	0	58	59	en	0	1
image	0	59	60	en	0	1
image	0	60	61	en	0	1
image	0	61	62	en	0	1
image	0	62	63	en	0	1
image	0	63	64	en	0	1
image	0	64	65	en	0	1
image	0	65	66	en	0	1
image	0	66	67	en	0	1
image	0	67	68	en	0	1
image	0	68	69	en	0	1
image	0	69	70	en	0	1
image	0	70	71	en	0	1
image	0	71	72	en	0	1
image	0	72	73	en	0	1
image	0	73	74	en	0	1
image	0	74	75	en	0	1
image	0	75	76	en	0	1
image	0	76	77	en	0	1
image	0	77	78	en	0	1
image	0	78	79	en	0	1
image	0	79	80	en	0	1
image	0	80	81	en	0	1
image	0	81	82	en	0	1
image	0	82	83	en	0	1
image	0	83	84	en	0	1
image	0	84	85	en	0	1
image	0	85	86	en	0	1
image	0	86	87	en	0	1
image	0	87	88	en	0	1
image	0	88	89	en	0	1
image	0	89	90	en	0	1
image	0	90	91	en	0	1
image	0	91	92	en	0	1
image	0	92	93	en	0	1
image	0	93	94	en	0	1
image	0	94	95	en	0	1
image	0	95	96	en	0	1
image	0	96	97	en	0	1
image	0	97	98	en	0	1
image	0	98	99	en	0	1
image	0	99	100	en	0	1
image	0	100	101	en	0	1
image	0	101	102	en	0	1
image	0	102	103	en	0	1
image	0	103	104	en	0	1
image	0	104	105	en	0	1
image	0	105	106	en	0	1
image	0	106	107	en	0	1
image	0	107	108	en	0	1
image	0	108	109	en	0	1
image	0	109	110	en	0	1
image	0	110	111	en	0	1
image	0	111	112	en	0	1
image	0	112	113	en	0	1
image	0	113	114	en	0	1
image	0	114	115	en	0	1
image	0	115	116	en	0	1
image	0	116	117	en	0	1
image	0	117	118	en	0	1
image	0	118	119	en	0	1
image	0	119	120	en	0	1
image	0	120	121	en	0	1
image	0	121	122	en	0	1
image	0	122	123	en	0	1
image	0	123	124	en	0	1
image	0	124	125	en	0	1
image	0	125	126	en	0	1
image	0	126	127	en	0	1
image	0	127	128	en	0	1
image	0	128	129	en	0	1
image	0	129	130	en	0	1
image	0	130	131	en	0	1
image	0	131	132	en	0	1
image	0	132	133	en	0	1
image	0	133	134	en	0	1
image	0	134	135	en	0	1
image	0	135	136	en	0	1
image	0	136	137	en	0	1
image	0	137	138	en	0	1
image	0	138	139	en	0	1
image	0	139	140	en	0	1
image	0	140	141	en	0	1
image	0	141	142	en	0	1
image	0	142	143	en	0	1
image	0	143	144	en	0	1
image	0	144	145	en	0	1
image	0	145	146	en	0	1
image	0	146	147	en	0	1
image	0	147	148	en	0	1
image	0	148	149	en	0	1
image	0	149	150	en	0	1
image	0	150	151	en	0	1
\.


--
-- TOC entry 7115 (class 0 OID 27336)
-- Dependencies: 345
-- Data for Name: media_revision__field_media_oembed_video; Type: TABLE DATA; Schema: public; Owner: -
--

COPY public.media_revision__field_media_oembed_video (bundle, deleted, entity_id, revision_id, langcode, delta, field_media_oembed_video_value) FROM stdin;
remote_video	0	19	19	en	0	https://www.youtube.com/watch?v=bTqVqk7FSmY
remote_video	0	20	20	en	0	https://vimeo.com/76979871
remote_video	0	29	29	en	0	https://vimeo.com/76979871
remote_video	0	37	37	en	0	https://www.youtube.com/watch?v=bTqVqk7FSmY
\.


--
-- TOC entry 7116 (class 0 OID 27345)
-- Dependencies: 346
-- Data for Name: media_revision__field_media_video_file; Type: TABLE DATA; Schema: public; Owner: -
--

COPY public.media_revision__field_media_video_file (bundle, deleted, entity_id, revision_id, langcode, delta, field_media_video_file_target_id, field_media_video_file_display, field_media_video_file_description) FROM stdin;
video	0	34	34	en	0	35	1	
video	0	40	40	en	0	14	1	
\.


--
-- TOC entry 7117 (class 0 OID 27359)
-- Dependencies: 347
-- Data for Name: media_revision__field_provider; Type: TABLE DATA; Schema: public; Owner: -
--

COPY public.media_revision__field_provider (bundle, deleted, entity_id, revision_id, langcode, delta, field_provider_value) FROM stdin;
remote_video	0	19	19	en	0	youtube
remote_video	0	20	20	en	0	vimeo
remote_video	0	29	29	en	0	vimeo
remote_video	0	37	37	en	0	youtube
\.


--
-- TOC entry 7119 (class 0 OID 27369)
-- Dependencies: 349
-- Data for Name: menu_link_content; Type: TABLE DATA; Schema: public; Owner: -
--

COPY public.menu_link_content (id, revision_id, bundle, uuid, langcode) FROM stdin;
1	1	menu_link_content	94daa4db-f633-4cf1-be9f-780ac6b140f4	en
2	2	menu_link_content	99c9e313-c21e-4c02-b850-2c1ee03c1931	en
3	3	menu_link_content	91354cc0-d42d-4cbe-8bde-e96e0b026863	en
4	4	menu_link_content	26924f83-3e7f-4b4f-965b-75582517a497	en
6	6	menu_link_content	2e776555-717a-40ae-9128-1bb0503f902c	en
7	7	menu_link_content	605e9416-aac7-4076-b477-78bc4d786ec1	en
8	8	menu_link_content	9277735d-4214-40eb-8b2d-aa79ba7f489e	en
10	10	menu_link_content	e519d077-28c4-4428-97da-894e21295384	en
5	5	menu_link_content	578d1d01-9ff2-4e3a-8692-9b1d240d93c9	en
15	15	menu_link_content	e040398a-7a57-4c69-8d1b-7814c23daa1b	en
12	12	menu_link_content	c0eb5d0b-5f70-4797-a61a-96647c787577	en
16	16	menu_link_content	cfd0fd2e-20d2-4d4b-9a73-9b0ad151fdad	en
9	9	menu_link_content	b446aefb-7b73-40af-9f03-5e466dacc4f9	en
17	17	menu_link_content	40919510-6616-439b-9a75-c323430303a1	en
13	13	menu_link_content	9dde17f7-374d-4e9f-b85b-4193d0f42aa6	en
11	11	menu_link_content	a22d5eca-e8be-4626-a7d0-5acf9da3862d	en
14	14	menu_link_content	92e6841e-47a7-47fa-8483-e05d5ac3767f	en
\.


--
-- TOC entry 7120 (class 0 OID 27374)
-- Dependencies: 350
-- Data for Name: menu_link_content_data; Type: TABLE DATA; Schema: public; Owner: -
--

COPY public.menu_link_content_data (id, revision_id, bundle, langcode, enabled, title, description, menu_name, link__uri, link__title, link__options, external, rediscover, weight, expanded, parent, changed, default_langcode, revision_translation_affected) FROM stdin;
1	1	menu_link_content	en	1	X-Twitter	\N	social-media-menu	https://x.com/Vardot		a:1:{s:10:"attributes";a:2:{s:6:"target";s:6:"_blank";s:5:"class";a:5:{i:0;s:2:"bi";i:1;s:12:"bi-twitter-x";i:2;s:4:"fs-4";i:3;s:4:"ps-2";i:4;s:4:"pe-1";}}}	0	0	4	0	\N	1738557225	1	1
2	2	menu_link_content	en	1	Documentation	\N	footer	https://docs.varbase.vardot.com/?utm_source=varbase&utm_campaign=varbase%20default%20links		a:1:{s:10:"attributes";a:1:{s:5:"class";a:1:{i:0;s:5:"small";}}}	0	0	0	0	\N	1738557225	1	1
3	3	menu_link_content	en	1	Linkedin	\N	social-media-menu	https://www.linkedin.com/company/vardot		a:1:{s:10:"attributes";a:2:{s:6:"target";s:6:"_blank";s:5:"class";a:5:{i:0;s:2:"bi";i:1;s:11:"bi-linkedin";i:2;s:4:"fs-4";i:3;s:4:"ps-2";i:4;s:4:"pe-2";}}}	0	0	3	0	\N	1738557225	1	1
4	4	menu_link_content	en	1	Instagram	\N	social-media-menu	https://www.instagram.com/vardotters/		a:1:{s:10:"attributes";a:2:{s:6:"target";s:6:"_blank";s:5:"class";a:5:{i:0;s:2:"bi";i:1;s:12:"bi-instagram";i:2;s:4:"fs-4";i:3;s:4:"ps-2";i:4;s:4:"pe-2";}}}	0	0	2	0	\N	1738557225	1	1
6	6	menu_link_content	en	1	Get Professional Support	\N	footer	https://www.vardot.com/form/get-support-varbase?utm_source=varbase&utm_campaign=varbase%20default%20links		a:1:{s:10:"attributes";a:1:{s:5:"class";a:2:{i:0;s:7:"pe-lg-0";i:1;s:5:"small";}}}	0	0	0	0	\N	1738557225	1	1
8	8	menu_link_content	en	1	Facebook	\N	social-media-menu	https://www.facebook.com/vardotters/		a:1:{s:10:"attributes";a:2:{s:6:"target";s:6:"_blank";s:5:"class";a:5:{i:0;s:2:"bi";i:1;s:11:"bi-facebook";i:2;s:4:"fs-4";i:3;s:4:"ps-1";i:4;s:4:"pe-2";}}}	0	0	1	0	\N	1738557225	1	1
10	10	menu_link_content	en	1	Community Support	\N	footer	https://www.drupal.org/project/issues/varbase		a:1:{s:10:"attributes";a:1:{s:5:"class";a:1:{i:0;s:5:"small";}}}	0	0	0	0	\N	1738557225	1	1
15	15	menu_link_content	en	1	LINE	\N	main	https://line.me/ti/p/~omka		a:5:{s:10:"attributes";a:1:{s:5:"class";a:1:{i:0;s:0:"";}}s:7:"fa_icon";s:17:"fa-brands fa-line";s:14:"fa_icon_prefix";s:8:"fa-solid";s:11:"fa_icon_tag";s:1:"i";s:18:"fa_icon_appearance";s:6:"before";}	0	0	-44	0	\N	1740049178	1	1
7	7	menu_link_content	en	1	หน้าแรก	\N	main	internal:/		a:1:{s:10:"attributes";a:1:{s:5:"class";a:1:{i:0;s:0:"";}}}	0	1	-50	0	\N	1739953331	1	1
5	5	menu_link_content	en	0	About nxWEB	\N	main	https://www.nxgn.co.th/nxweb-detail		a:0:{}	0	0	-43	0	\N	1739954209	1	1
12	12	menu_link_content	en	0	เกี่ยวกับเรา	\N	main	http://localhost:9090/about		a:1:{s:10:"attributes";a:1:{s:5:"class";a:1:{i:0;s:0:"";}}}	0	0	-42	0	\N	1742151928	1	1
16	16	menu_link_content	en	1	เกี่ยวกับเรา	\N	main	entity:node/45	\N	a:0:{}	0	0	-49	0	\N	1742151928	1	1
9	9	menu_link_content	en	0	ติดต่อเรา	\N	main	internal:/contact-us		a:1:{s:10:"attributes";a:1:{s:5:"class";a:1:{i:0;s:0:"";}}}	0	1	-41	0	\N	1742151928	1	1
17	17	menu_link_content	en	1	ติดต่อเรา	\N	main	entity:node/1	\N	a:0:{}	0	0	-45	0	\N	1742151928	1	1
13	13	menu_link_content	en	1	คอร์สเรียน	\N	main	internal:/courses		a:5:{s:10:"attributes";a:1:{s:5:"class";a:1:{i:0;s:0:"";}}s:7:"fa_icon";s:0:"";s:14:"fa_icon_prefix";s:2:"fa";s:11:"fa_icon_tag";s:1:"i";s:18:"fa_icon_appearance";s:6:"before";}	0	1	-48	1	\N	1742152254	1	1
11	11	menu_link_content	en	1	ข่าว	\N	main	internal:/news		a:5:{s:10:"attributes";a:1:{s:5:"class";a:1:{i:0;s:0:"";}}s:7:"fa_icon";s:0:"";s:14:"fa_icon_prefix";s:2:"fa";s:11:"fa_icon_tag";s:1:"i";s:18:"fa_icon_appearance";s:6:"before";}	0	1	-47	0	\N	1742152261	1	1
14	14	menu_link_content	en	1	บทความ	\N	main	internal:/articles		a:5:{s:10:"attributes";a:1:{s:5:"class";a:1:{i:0;s:0:"";}}s:7:"fa_icon";s:0:"";s:14:"fa_icon_prefix";s:2:"fa";s:11:"fa_icon_tag";s:1:"i";s:18:"fa_icon_appearance";s:6:"before";}	0	1	-46	1	\N	1742152268	1	1
\.


--
-- TOC entry 7121 (class 0 OID 27381)
-- Dependencies: 351
-- Data for Name: menu_link_content_field_revision; Type: TABLE DATA; Schema: public; Owner: -
--

COPY public.menu_link_content_field_revision (id, revision_id, langcode, enabled, title, description, link__uri, link__title, link__options, external, changed, default_langcode, revision_translation_affected) FROM stdin;
1	1	en	1	X-Twitter	\N	https://x.com/Vardot		a:1:{s:10:"attributes";a:2:{s:6:"target";s:6:"_blank";s:5:"class";a:5:{i:0;s:2:"bi";i:1;s:12:"bi-twitter-x";i:2;s:4:"fs-4";i:3;s:4:"ps-2";i:4;s:4:"pe-1";}}}	0	1738557225	1	1
2	2	en	1	Documentation	\N	https://docs.varbase.vardot.com/?utm_source=varbase&utm_campaign=varbase%20default%20links		a:1:{s:10:"attributes";a:1:{s:5:"class";a:1:{i:0;s:5:"small";}}}	0	1738557225	1	1
3	3	en	1	Linkedin	\N	https://www.linkedin.com/company/vardot		a:1:{s:10:"attributes";a:2:{s:6:"target";s:6:"_blank";s:5:"class";a:5:{i:0;s:2:"bi";i:1;s:11:"bi-linkedin";i:2;s:4:"fs-4";i:3;s:4:"ps-2";i:4;s:4:"pe-2";}}}	0	1738557225	1	1
4	4	en	1	Instagram	\N	https://www.instagram.com/vardotters/		a:1:{s:10:"attributes";a:2:{s:6:"target";s:6:"_blank";s:5:"class";a:5:{i:0;s:2:"bi";i:1;s:12:"bi-instagram";i:2;s:4:"fs-4";i:3;s:4:"ps-2";i:4;s:4:"pe-2";}}}	0	1738557225	1	1
6	6	en	1	Get Professional Support	\N	https://www.vardot.com/form/get-support-varbase?utm_source=varbase&utm_campaign=varbase%20default%20links		a:1:{s:10:"attributes";a:1:{s:5:"class";a:2:{i:0;s:7:"pe-lg-0";i:1;s:5:"small";}}}	0	1738557225	1	1
8	8	en	1	Facebook	\N	https://www.facebook.com/vardotters/		a:1:{s:10:"attributes";a:2:{s:6:"target";s:6:"_blank";s:5:"class";a:5:{i:0;s:2:"bi";i:1;s:11:"bi-facebook";i:2;s:4:"fs-4";i:3;s:4:"ps-1";i:4;s:4:"pe-2";}}}	0	1738557225	1	1
10	10	en	1	Community Support	\N	https://www.drupal.org/project/issues/varbase		a:1:{s:10:"attributes";a:1:{s:5:"class";a:1:{i:0;s:5:"small";}}}	0	1738557225	1	1
15	15	en	1	LINE	\N	https://line.me/ti/p/~omka		a:5:{s:10:"attributes";a:1:{s:5:"class";a:1:{i:0;s:0:"";}}s:7:"fa_icon";s:17:"fa-brands fa-line";s:14:"fa_icon_prefix";s:8:"fa-solid";s:11:"fa_icon_tag";s:1:"i";s:18:"fa_icon_appearance";s:6:"before";}	0	1740049178	1	1
7	7	en	1	หน้าแรก	\N	internal:/		a:1:{s:10:"attributes";a:1:{s:5:"class";a:1:{i:0;s:0:"";}}}	0	1739953331	1	1
5	5	en	0	About nxWEB	\N	https://www.nxgn.co.th/nxweb-detail		a:0:{}	0	1739954209	1	1
12	12	en	0	เกี่ยวกับเรา	\N	http://localhost:9090/about		a:1:{s:10:"attributes";a:1:{s:5:"class";a:1:{i:0;s:0:"";}}}	0	1742151928	1	1
16	16	en	1	เกี่ยวกับเรา	\N	entity:node/45	\N	a:0:{}	0	1742151928	1	1
9	9	en	0	ติดต่อเรา	\N	internal:/contact-us		a:1:{s:10:"attributes";a:1:{s:5:"class";a:1:{i:0;s:0:"";}}}	0	1742151928	1	1
17	17	en	1	ติดต่อเรา	\N	entity:node/1	\N	a:0:{}	0	1742151928	1	1
13	13	en	1	คอร์สเรียน	\N	internal:/courses		a:5:{s:10:"attributes";a:1:{s:5:"class";a:1:{i:0;s:0:"";}}s:7:"fa_icon";s:0:"";s:14:"fa_icon_prefix";s:2:"fa";s:11:"fa_icon_tag";s:1:"i";s:18:"fa_icon_appearance";s:6:"before";}	0	1742152254	1	1
11	11	en	1	ข่าว	\N	internal:/news		a:5:{s:10:"attributes";a:1:{s:5:"class";a:1:{i:0;s:0:"";}}s:7:"fa_icon";s:0:"";s:14:"fa_icon_prefix";s:2:"fa";s:11:"fa_icon_tag";s:1:"i";s:18:"fa_icon_appearance";s:6:"before";}	0	1742152261	1	1
14	14	en	1	บทความ	\N	internal:/articles		a:5:{s:10:"attributes";a:1:{s:5:"class";a:1:{i:0;s:0:"";}}s:7:"fa_icon";s:0:"";s:14:"fa_icon_prefix";s:2:"fa";s:11:"fa_icon_tag";s:1:"i";s:18:"fa_icon_appearance";s:6:"before";}	0	1742152268	1	1
\.


--
-- TOC entry 7123 (class 0 OID 27389)
-- Dependencies: 353
-- Data for Name: menu_link_content_revision; Type: TABLE DATA; Schema: public; Owner: -
--

COPY public.menu_link_content_revision (id, revision_id, langcode, revision_user, revision_created, revision_log_message, revision_default) FROM stdin;
1	1	en	1	1738557225	Created new Custom menu link	1
2	2	en	1	1738557225	Created new Custom menu link	1
3	3	en	1	1738557225	Created new Custom menu link	1
4	4	en	1	1738557225	Created new Custom menu link	1
6	6	en	1	1738557225	Created new Custom menu link	1
8	8	en	1	1738557225	Created new Custom menu link	1
10	10	en	1	1738557225	Created new Custom menu link	1
15	15	en	1	1739954203	Created new Custom menu link	1
7	7	en	1	1738557225	Created new Custom menu link	1
5	5	en	1	1738557225	Created new Custom menu link	1
12	12	en	1	1738564725	Created new Custom menu link	1
16	16	en	1	1742151689	Created new Custom menu link	1
9	9	en	1	1738557225	Created new Custom menu link	1
17	17	en	1	1742151710	Created new Custom menu link	1
13	13	en	1	1738743182	Created new Custom menu link	1
11	11	en	1	1738557243	Created new Custom menu link	1
14	14	en	1	1739356993	Created new Custom menu link	1
\.


--
-- TOC entry 7125 (class 0 OID 27398)
-- Dependencies: 355
-- Data for Name: menu_tree; Type: TABLE DATA; Schema: public; Owner: -
--

COPY public.menu_tree (menu_name, mlid, id, parent, route_name, route_param_key, route_parameters, url, title, description, class, options, provider, enabled, discovered, expanded, weight, metadata, has_children, depth, p1, p2, p3, p4, p5, p6, p7, p8, p9, form_class) FROM stdin;
tools	1	filter.tips_all		filter.tips_all		a:0:{}		O:48:"Drupal\\\\Core\\\\StringTranslation\\\\TranslatableMarkup":3:{s:9:"\\000*\\000string";s:12:"Compose tips";s:12:"\\000*\\000arguments";a:0:{}s:10:"\\000*\\000options";a:0:{}}	s:0:"";	Drupal\\Core\\Menu\\MenuLinkDefault	a:0:{}	filter	0	1	0	0	a:0:{}	0	1	1	0	0	0	0	0	0	0	0	Drupal\\Core\\Menu\\Form\\MenuLinkDefaultForm
tools	2	node.add_page		node.add_page		a:0:{}		O:48:"Drupal\\\\Core\\\\StringTranslation\\\\TranslatableMarkup":3:{s:9:"\\000*\\000string";s:11:"Add content";s:12:"\\000*\\000arguments";a:0:{}s:10:"\\000*\\000options";a:0:{}}	s:0:"";	Drupal\\Core\\Menu\\MenuLinkDefault	a:0:{}	node	1	1	0	0	a:0:{}	0	1	2	0	0	0	0	0	0	0	0	Drupal\\Core\\Menu\\Form\\MenuLinkDefaultForm
admin	286	views_view:views.scheduler_scheduled_content.overview	system.admin_content	view.scheduler_scheduled_content.overview		a:0:{}		s:17:"Scheduled Content";	s:56:"Content that is scheduled for publishing or unpublishing";	Drupal\\views\\Plugin\\Menu\\ViewsMenuLink	a:0:{}	views	1	1	0	-10	a:2:{s:7:"view_id";s:27:"scheduler_scheduled_content";s:10:"display_id";s:8:"overview";}	0	3	3	5	286	0	0	0	0	0	0	Drupal\\views\\Plugin\\Menu\\Form\\ViewsMenuLinkForm
admin	287	views_view:views.scheduler_scheduled_media.overview	system.admin_content	view.scheduler_scheduled_media.overview		a:0:{}		s:15:"Scheduled Media";	s:61:"Media items that are scheduled for publishing or unpublishing";	Drupal\\views\\Plugin\\Menu\\ViewsMenuLink	a:0:{}	views	1	1	0	0	a:2:{s:7:"view_id";s:25:"scheduler_scheduled_media";s:10:"display_id";s:8:"overview";}	0	3	3	5	287	0	0	0	0	0	0	Drupal\\views\\Plugin\\Menu\\Form\\ViewsMenuLinkForm
admin	4	help.main	system.admin	help.main		a:0:{}		O:48:"Drupal\\\\Core\\\\StringTranslation\\\\TranslatableMarkup":3:{s:9:"\\000*\\000string";s:4:"Help";s:12:"\\000*\\000arguments";a:0:{}s:10:"\\000*\\000options";a:0:{}}	O:48:"Drupal\\\\Core\\\\StringTranslation\\\\TranslatableMarkup":3:{s:9:"\\000*\\000string";s:48:"Reference for usage, configuration, and modules.";s:12:"\\000*\\000arguments";a:0:{}s:10:"\\000*\\000options";a:0:{}}	Drupal\\Core\\Menu\\MenuLinkDefault	a:0:{}	help	1	1	0	9	a:0:{}	0	2	3	4	0	0	0	0	0	0	0	Drupal\\Core\\Menu\\Form\\MenuLinkDefaultForm
admin	618	admin_toolbar_tools.extra_links:views_ui.all_news	entity.view.collection	entity.view.edit_form	view=all_news	a:1:{s:4:"view";s:8:"all_news";}		s:8:"All News";	s:0:"";	Drupal\\Core\\Menu\\MenuLinkDefault	a:0:{}	admin_toolbar_tools	1	1	0	0	a:0:{}	0	4	3	6	467	618	0	0	0	0	0	Drupal\\Core\\Menu\\Form\\MenuLinkDefaultForm
admin	288	views_view:views.scheduler_scheduled_taxonomy_term.overview	entity.taxonomy_vocabulary.collection	view.scheduler_scheduled_taxonomy_term.overview		a:0:{}		s:24:"Scheduled Taxonomy Terms";	s:64:"Taxonomy Terms that are scheduled for publishing or unpublishing";	Drupal\\views\\Plugin\\Menu\\ViewsMenuLink	a:0:{}	views	1	1	0	0	a:2:{s:7:"view_id";s:33:"scheduler_scheduled_taxonomy_term";s:10:"display_id";s:8:"overview";}	0	4	3	6	49	288	0	0	0	0	0	Drupal\\views\\Plugin\\Menu\\Form\\ViewsMenuLinkForm
admin	446	admin_toolbar_tools.extra_links:entity.taxonomy_vocabulary.edit_form.tags	admin_toolbar_tools.extra_links:entity.taxonomy_vocabulary.overview_form.tags	entity.taxonomy_vocabulary.edit_form	taxonomy_vocabulary=tags	a:1:{s:19:"taxonomy_vocabulary";s:4:"tags";}		O:48:"Drupal\\\\Core\\\\StringTranslation\\\\TranslatableMarkup":3:{s:9:"\\000*\\000string";s:4:"Edit";s:12:"\\000*\\000arguments";a:0:{}s:10:"\\000*\\000options";a:0:{}}	s:0:"";	Drupal\\Core\\Menu\\MenuLinkDefault	a:0:{}	admin_toolbar_tools	1	1	0	0	a:0:{}	0	5	3	6	49	445	446	0	0	0	0	Drupal\\Core\\Menu\\Form\\MenuLinkDefaultForm
admin	45	field_ui.display_mode	system.admin_structure	field_ui.display_mode		a:0:{}		O:48:"Drupal\\\\Core\\\\StringTranslation\\\\TranslatableMarkup":3:{s:9:"\\000*\\000string";s:13:"Display modes";s:12:"\\000*\\000arguments";a:0:{}s:10:"\\000*\\000options";a:0:{}}	O:48:"Drupal\\\\Core\\\\StringTranslation\\\\TranslatableMarkup":3:{s:9:"\\000*\\000string";s:65:"Configure what displays are available for your content and forms.";s:12:"\\000*\\000arguments";a:0:{}s:10:"\\000*\\000options";a:0:{}}	Drupal\\Core\\Menu\\MenuLinkDefault	a:0:{}	field_ui	1	1	0	0	a:0:{}	1	3	3	6	45	0	0	0	0	0	0	Drupal\\Core\\Menu\\Form\\MenuLinkDefaultForm
admin	44	entity.entity_queue.collection	system.admin_structure	entity.entity_queue.collection		a:0:{}		O:48:"Drupal\\\\Core\\\\StringTranslation\\\\TranslatableMarkup":3:{s:9:"\\000*\\000string";s:12:"Entityqueues";s:12:"\\000*\\000arguments";a:0:{}s:10:"\\000*\\000options";a:0:{}}	O:48:"Drupal\\\\Core\\\\StringTranslation\\\\TranslatableMarkup":3:{s:9:"\\000*\\000string";s:21:"Manage entity queues.";s:12:"\\000*\\000arguments";a:0:{}s:10:"\\000*\\000options";a:0:{}}	Drupal\\Core\\Menu\\MenuLinkDefault	a:0:{}	entityqueue	1	1	0	0	a:0:{}	1	3	3	6	44	0	0	0	0	0	0	Drupal\\Core\\Menu\\Form\\MenuLinkDefaultForm
admin	290	scheduler.admin	system.admin_config_content	scheduler.admin_form		a:0:{}		O:48:"Drupal\\\\Core\\\\StringTranslation\\\\TranslatableMarkup":3:{s:9:"\\000*\\000string";s:9:"Scheduler";s:12:"\\000*\\000arguments";a:0:{}s:10:"\\000*\\000options";a:0:{}}	O:48:"Drupal\\\\Core\\\\StringTranslation\\\\TranslatableMarkup":3:{s:9:"\\000*\\000string";s:61:"Configure settings for scheduled publishing and unpublishing.";s:12:"\\000*\\000arguments";a:0:{}s:10:"\\000*\\000options";a:0:{}}	Drupal\\Core\\Menu\\MenuLinkDefault	a:0:{}	scheduler	1	1	0	0	a:0:{}	0	4	3	12	35	290	0	0	0	0	0	Drupal\\Core\\Menu\\Form\\MenuLinkDefaultForm
admin	7	block.admin_display	system.admin_structure	block.admin_display		a:0:{}		O:48:"Drupal\\\\Core\\\\StringTranslation\\\\TranslatableMarkup":3:{s:9:"\\000*\\000string";s:12:"Block layout";s:12:"\\000*\\000arguments";a:0:{}s:10:"\\000*\\000options";a:0:{}}	O:48:"Drupal\\\\Core\\\\StringTranslation\\\\TranslatableMarkup":3:{s:9:"\\000*\\000string";s:79:"Configure what block content appears in your site's sidebars and other regions.";s:12:"\\000*\\000arguments";a:0:{}s:10:"\\000*\\000options";a:0:{}}	Drupal\\Core\\Menu\\MenuLinkDefault	a:0:{}	block	1	1	0	0	a:0:{}	0	3	3	6	7	0	0	0	0	0	0	Drupal\\Core\\Menu\\Form\\MenuLinkDefaultForm
admin	569	admin_toolbar_tools.extra_links:views_ui.all_courses	entity.view.collection	entity.view.edit_form	view=all_courses	a:1:{s:4:"view";s:11:"all_courses";}		s:11:"All Courses";	s:0:"";	Drupal\\Core\\Menu\\MenuLinkDefault	a:0:{}	admin_toolbar_tools	1	1	0	0	a:0:{}	0	4	3	6	467	569	0	0	0	0	0	Drupal\\Core\\Menu\\Form\\MenuLinkDefaultForm
admin	291	varbase_workflow.settings	varbase_core.settings_index	varbase_workflow.settings		a:0:{}		O:48:"Drupal\\\\Core\\\\StringTranslation\\\\TranslatableMarkup":3:{s:9:"\\000*\\000string";s:25:"Varbase Workflow settings";s:12:"\\000*\\000arguments";a:0:{}s:10:"\\000*\\000options";a:0:{}}	O:48:"Drupal\\\\Core\\\\StringTranslation\\\\TranslatableMarkup":3:{s:9:"\\000*\\000string";s:29:"Configuring Varbase Workflow.";s:12:"\\000*\\000arguments";a:0:{}s:10:"\\000*\\000options";a:0:{}}	Drupal\\Core\\Menu\\MenuLinkDefault	a:0:{}	varbase_workflow	1	1	0	0	a:0:{}	0	4	3	12	64	291	0	0	0	0	0	Drupal\\Core\\Menu\\Form\\MenuLinkDefaultForm
admin	518	admin_toolbar_tools.extra_links:node.add.slideshow	admin_toolbar_tools.extra_links:node.add	node.add	node_type=slideshow	a:1:{s:9:"node_type";s:9:"slideshow";}		s:0:"";	s:0:"";	Drupal\\admin_toolbar_tools\\Plugin\\Menu\\MenuLinkEntity	a:0:{}	admin_toolbar_tools	1	1	0	0	a:2:{s:11:"entity_type";s:9:"node_type";s:9:"entity_id";s:9:"slideshow";}	0	4	3	5	99	518	0	0	0	0	0	Drupal\\Core\\Menu\\Form\\MenuLinkDefaultForm
admin	587	file_mdm.settings	system.admin_config_system	file_mdm.settings		a:0:{}		O:48:"Drupal\\\\Core\\\\StringTranslation\\\\TranslatableMarkup":3:{s:9:"\\000*\\000string";s:21:"File metadata manager";s:12:"\\000*\\000arguments";a:0:{}s:10:"\\000*\\000options";a:0:{}}	O:48:"Drupal\\\\Core\\\\StringTranslation\\\\TranslatableMarkup":3:{s:9:"\\000*\\000string";s:33:"Configure file metadata settings.";s:12:"\\000*\\000arguments";a:0:{}s:10:"\\000*\\000options";a:0:{}}	Drupal\\Core\\Menu\\MenuLinkDefault	a:0:{}	file_mdm	1	1	0	0	a:0:{}	0	4	3	12	29	587	0	0	0	0	0	Drupal\\Core\\Menu\\Form\\MenuLinkDefaultForm
admin	384	admin_toolbar_tools.extra_links:entity.block_content.field_ui_fieldsvarbase_accordion_block	admin_toolbar_tools.extra_links:entity.block_content_type.edit_form.varbase_accordion_block	entity.block_content.field_ui_fields	block_content_type=varbase_accordion_block	a:1:{s:18:"block_content_type";s:23:"varbase_accordion_block";}		O:48:"Drupal\\\\Core\\\\StringTranslation\\\\TranslatableMarkup":3:{s:9:"\\000*\\000string";s:13:"Manage fields";s:12:"\\000*\\000arguments";a:0:{}s:10:"\\000*\\000options";a:0:{}}	s:0:"";	Drupal\\Core\\Menu\\MenuLinkDefault	a:0:{}	admin_toolbar_tools	1	1	0	1	a:0:{}	0	5	3	6	8	383	384	0	0	0	0	Drupal\\Core\\Menu\\Form\\MenuLinkDefaultForm
admin	447	admin_toolbar_tools.extra_links:entity.taxonomy_term.field_ui_fieldstags	admin_toolbar_tools.extra_links:entity.taxonomy_vocabulary.overview_form.tags	entity.taxonomy_term.field_ui_fields	taxonomy_vocabulary=tags	a:1:{s:19:"taxonomy_vocabulary";s:4:"tags";}		O:48:"Drupal\\\\Core\\\\StringTranslation\\\\TranslatableMarkup":3:{s:9:"\\000*\\000string";s:13:"Manage fields";s:12:"\\000*\\000arguments";a:0:{}s:10:"\\000*\\000options";a:0:{}}	s:0:"";	Drupal\\Core\\Menu\\MenuLinkDefault	a:0:{}	admin_toolbar_tools	1	1	0	1	a:0:{}	0	5	3	6	49	445	447	0	0	0	0	Drupal\\Core\\Menu\\Form\\MenuLinkDefaultForm
admin	449	admin_toolbar_tools.extra_links:entity.entity_view_display.taxonomy_term.default.tags	admin_toolbar_tools.extra_links:entity.taxonomy_vocabulary.overview_form.tags	entity.entity_view_display.taxonomy_term.default	taxonomy_vocabulary=tags	a:1:{s:19:"taxonomy_vocabulary";s:4:"tags";}		O:48:"Drupal\\\\Core\\\\StringTranslation\\\\TranslatableMarkup":3:{s:9:"\\000*\\000string";s:14:"Manage display";s:12:"\\000*\\000arguments";a:0:{}s:10:"\\000*\\000options";a:0:{}}	s:0:"";	Drupal\\Core\\Menu\\MenuLinkDefault	a:0:{}	admin_toolbar_tools	1	1	0	3	a:0:{}	0	5	3	6	49	445	449	0	0	0	0	Drupal\\Core\\Menu\\Form\\MenuLinkDefaultForm
admin	385	admin_toolbar_tools.extra_links:entity.entity_form_display.block_content.defaultvarbase_accordion_block	admin_toolbar_tools.extra_links:entity.block_content_type.edit_form.varbase_accordion_block	entity.entity_form_display.block_content.default	block_content_type=varbase_accordion_block	a:1:{s:18:"block_content_type";s:23:"varbase_accordion_block";}		O:48:"Drupal\\\\Core\\\\StringTranslation\\\\TranslatableMarkup":3:{s:9:"\\000*\\000string";s:19:"Manage form display";s:12:"\\000*\\000arguments";a:0:{}s:10:"\\000*\\000options";a:0:{}}	s:0:"";	Drupal\\Core\\Menu\\MenuLinkDefault	a:0:{}	admin_toolbar_tools	1	1	0	2	a:0:{}	0	5	3	6	8	383	385	0	0	0	0	Drupal\\Core\\Menu\\Form\\MenuLinkDefaultForm
admin	448	admin_toolbar_tools.extra_links:entity.entity_form_display.taxonomy_term.defaulttags	admin_toolbar_tools.extra_links:entity.taxonomy_vocabulary.overview_form.tags	entity.entity_form_display.taxonomy_term.default	taxonomy_vocabulary=tags	a:1:{s:19:"taxonomy_vocabulary";s:4:"tags";}		O:48:"Drupal\\\\Core\\\\StringTranslation\\\\TranslatableMarkup":3:{s:9:"\\000*\\000string";s:19:"Manage form display";s:12:"\\000*\\000arguments";a:0:{}s:10:"\\000*\\000options";a:0:{}}	s:0:"";	Drupal\\Core\\Menu\\MenuLinkDefault	a:0:{}	admin_toolbar_tools	1	1	0	2	a:0:{}	0	5	3	6	49	445	448	0	0	0	0	Drupal\\Core\\Menu\\Form\\MenuLinkDefaultForm
admin	71	menu_position_rule.admin_settings	menu_position_rule.admin_rules	menu_position.settings		a:0:{}		O:48:"Drupal\\\\Core\\\\StringTranslation\\\\TranslatableMarkup":3:{s:9:"\\000*\\000string";s:8:"Settings";s:12:"\\000*\\000arguments";a:0:{}s:10:"\\000*\\000options";a:0:{}}	O:48:"Drupal\\\\Core\\\\StringTranslation\\\\TranslatableMarkup":3:{s:9:"\\000*\\000string";s:38:"Configure settings for menu positions.";s:12:"\\000*\\000arguments";a:0:{}s:10:"\\000*\\000options";a:0:{}}	Drupal\\Core\\Menu\\MenuLinkDefault	a:0:{}	menu_position	1	1	0	0	a:0:{}	0	4	3	6	70	71	0	0	0	0	0	Drupal\\Core\\Menu\\Form\\MenuLinkDefaultForm
admin	14	entity.image_style.collection	system.admin_config_media	entity.image_style.collection		a:0:{}		O:48:"Drupal\\\\Core\\\\StringTranslation\\\\TranslatableMarkup":3:{s:9:"\\000*\\000string";s:12:"Image styles";s:12:"\\000*\\000arguments";a:0:{}s:10:"\\000*\\000options";a:0:{}}	O:48:"Drupal\\\\Core\\\\StringTranslation\\\\TranslatableMarkup":3:{s:9:"\\000*\\000string";s:78:"Configure styles that can be used for resizing or adjusting images on display.";s:12:"\\000*\\000arguments";a:0:{}s:10:"\\000*\\000options";a:0:{}}	Drupal\\Core\\Menu\\MenuLinkDefault	a:0:{}	image	1	1	0	0	a:0:{}	0	4	3	12	13	14	0	0	0	0	0	Drupal\\Core\\Menu\\Form\\MenuLinkDefaultForm
admin	70	menu_position_rule.admin_rules	system.admin_structure	entity.menu_position_rule.order_form		a:0:{}		O:48:"Drupal\\\\Core\\\\StringTranslation\\\\TranslatableMarkup":3:{s:9:"\\000*\\000string";s:19:"Menu position rules";s:12:"\\000*\\000arguments";a:0:{}s:10:"\\000*\\000options";a:0:{}}	O:48:"Drupal\\\\Core\\\\StringTranslation\\\\TranslatableMarkup":3:{s:9:"\\000*\\000string";s:35:"Configure rules for menu positions.";s:12:"\\000*\\000arguments";a:0:{}s:10:"\\000*\\000options";a:0:{}}	Drupal\\Core\\Menu\\MenuLinkDefault	a:0:{}	menu_position	1	1	0	0	a:0:{}	1	3	3	6	70	0	0	0	0	0	0	Drupal\\Core\\Menu\\Form\\MenuLinkDefaultForm
admin	68	entity.media_bulk.collection	admin_toolbar_tools.extra_links:media_page	media_bulk_upload.list		a:0:{}		O:48:"Drupal\\\\Core\\\\StringTranslation\\\\TranslatableMarkup":3:{s:9:"\\000*\\000string";s:17:"Bulk Media Upload";s:12:"\\000*\\000arguments";a:0:{}s:10:"\\000*\\000options";a:0:{}}	O:48:"Drupal\\\\Core\\\\StringTranslation\\\\TranslatableMarkup":3:{s:9:"\\000*\\000string";s:25:"Bulk upload media content";s:12:"\\000*\\000arguments";a:0:{}s:10:"\\000*\\000options";a:0:{}}	Drupal\\Core\\Menu\\MenuLinkDefault	a:0:{}	media_bulk_upload	1	1	0	100	a:0:{}	0	4	3	5	103	68	0	0	0	0	0	Drupal\\Core\\Menu\\Form\\MenuLinkDefaultForm
admin	29	system.admin_config_system	system.admin_config	system.admin_config_system		a:0:{}		O:48:"Drupal\\\\Core\\\\StringTranslation\\\\TranslatableMarkup":3:{s:9:"\\000*\\000string";s:6:"System";s:12:"\\000*\\000arguments";a:0:{}s:10:"\\000*\\000options";a:0:{}}	O:48:"Drupal\\\\Core\\\\StringTranslation\\\\TranslatableMarkup":3:{s:9:"\\000*\\000string";s:49:"Configure basic site settings, actions, and cron.";s:12:"\\000*\\000arguments";a:0:{}s:10:"\\000*\\000options";a:0:{}}	Drupal\\Core\\Menu\\MenuLinkDefault	a:0:{}	system	1	1	0	-20	a:0:{}	1	3	3	12	29	0	0	0	0	0	0	Drupal\\Core\\Menu\\Form\\MenuLinkDefaultForm
admin	50	ds.overview	system.admin_structure	ds.structure		a:0:{}		O:48:"Drupal\\\\Core\\\\StringTranslation\\\\TranslatableMarkup":3:{s:9:"\\000*\\000string";s:13:"Display Suite";s:12:"\\000*\\000arguments";a:0:{}s:10:"\\000*\\000options";a:0:{}}	O:48:"Drupal\\\\Core\\\\StringTranslation\\\\TranslatableMarkup":3:{s:9:"\\000*\\000string";s:53:"Manage layouts for entities and configure fields etc.";s:12:"\\000*\\000arguments";a:0:{}s:10:"\\000*\\000options";a:0:{}}	Drupal\\Core\\Menu\\MenuLinkDefault	a:0:{}	ds	1	1	0	0	a:0:{}	0	3	3	6	50	0	0	0	0	0	0	Drupal\\Core\\Menu\\Form\\MenuLinkDefaultForm
admin	15	system.file_system_settings	system.admin_config_media	system.file_system_settings		a:0:{}		O:48:"Drupal\\\\Core\\\\StringTranslation\\\\TranslatableMarkup":3:{s:9:"\\000*\\000string";s:11:"File system";s:12:"\\000*\\000arguments";a:0:{}s:10:"\\000*\\000options";a:0:{}}	O:48:"Drupal\\\\Core\\\\StringTranslation\\\\TranslatableMarkup":3:{s:9:"\\000*\\000string";s:67:"Configure the location of uploaded files and how they are accessed.";s:12:"\\000*\\000arguments";a:0:{}s:10:"\\000*\\000options";a:0:{}}	Drupal\\Core\\Menu\\MenuLinkDefault	a:0:{}	system	1	1	0	0	a:0:{}	0	4	3	12	13	15	0	0	0	0	0	Drupal\\Core\\Menu\\Form\\MenuLinkDefaultForm
admin	292	admin_toolbar_tools.extra_links:node.add.page	admin_toolbar_tools.extra_links:node.add	node.add	node_type=page	a:1:{s:9:"node_type";s:4:"page";}		s:0:"";	s:0:"";	Drupal\\admin_toolbar_tools\\Plugin\\Menu\\MenuLinkEntity	a:0:{}	admin_toolbar_tools	1	1	0	0	a:2:{s:11:"entity_type";s:9:"node_type";s:9:"entity_id";s:4:"page";}	0	4	3	5	99	292	0	0	0	0	0	Drupal\\Core\\Menu\\Form\\MenuLinkDefaultForm
admin	16	system.image_toolkit_settings	system.admin_config_media	system.image_toolkit_settings		a:0:{}		O:48:"Drupal\\\\Core\\\\StringTranslation\\\\TranslatableMarkup":3:{s:9:"\\000*\\000string";s:13:"Image toolkit";s:12:"\\000*\\000arguments";a:0:{}s:10:"\\000*\\000options";a:0:{}}	O:48:"Drupal\\\\Core\\\\StringTranslation\\\\TranslatableMarkup":3:{s:9:"\\000*\\000string";s:74:"Choose which image toolkit to use if you have installed optional toolkits.";s:12:"\\000*\\000arguments";a:0:{}s:10:"\\000*\\000options";a:0:{}}	Drupal\\Core\\Menu\\MenuLinkDefault	a:0:{}	system	1	1	0	20	a:0:{}	0	4	3	12	13	16	0	0	0	0	0	Drupal\\Core\\Menu\\Form\\MenuLinkDefaultForm
admin	6	system.admin_structure	system.admin	system.admin_structure		a:0:{}		O:48:"Drupal\\\\Core\\\\StringTranslation\\\\TranslatableMarkup":3:{s:9:"\\000*\\000string";s:9:"Structure";s:12:"\\000*\\000arguments";a:0:{}s:10:"\\000*\\000options";a:0:{}}	O:48:"Drupal\\\\Core\\\\StringTranslation\\\\TranslatableMarkup":3:{s:9:"\\000*\\000string";s:45:"Administer blocks, content types, menus, etc.";s:12:"\\000*\\000arguments";a:0:{}s:10:"\\000*\\000options";a:0:{}}	Drupal\\Core\\Menu\\MenuLinkDefault	a:0:{}	system	1	1	0	-8	a:0:{}	1	2	3	6	0	0	0	0	0	0	0	Drupal\\Core\\Menu\\Form\\MenuLinkDefaultForm
admin	52	config_ignore.settings	config.sync	config_ignore.settings		a:0:{}		O:48:"Drupal\\\\Core\\\\StringTranslation\\\\TranslatableMarkup":3:{s:9:"\\000*\\000string";s:6:"Ignore";s:12:"\\000*\\000arguments";a:0:{}s:10:"\\000*\\000options";a:0:{}}	O:48:"Drupal\\\\Core\\\\StringTranslation\\\\TranslatableMarkup":3:{s:9:"\\000*\\000string";s:29:"Configuration Ignore settings";s:12:"\\000*\\000arguments";a:0:{}s:10:"\\000*\\000options";a:0:{}}	Drupal\\Core\\Menu\\MenuLinkDefault	a:0:{}	config_ignore	1	1	0	3	a:0:{}	0	5	3	12	20	51	52	0	0	0	0	Drupal\\Core\\Menu\\Form\\MenuLinkDefaultForm
admin	294	admin_toolbar_tools.extra_links:entity.node.field_ui_fieldspage	admin_toolbar_tools.extra_links:entity.node_type.edit_form.page	entity.node.field_ui_fields	node_type=page	a:1:{s:9:"node_type";s:4:"page";}		O:48:"Drupal\\\\Core\\\\StringTranslation\\\\TranslatableMarkup":3:{s:9:"\\000*\\000string";s:13:"Manage fields";s:12:"\\000*\\000arguments";a:0:{}s:10:"\\000*\\000options";a:0:{}}	s:0:"";	Drupal\\Core\\Menu\\MenuLinkDefault	a:0:{}	admin_toolbar_tools	1	1	0	1	a:0:{}	0	5	3	6	9	293	294	0	0	0	0	Drupal\\Core\\Menu\\Form\\MenuLinkDefaultForm
admin	18	system.rss_feeds_settings	system.admin_config_services	system.rss_feeds_settings		a:0:{}		O:48:"Drupal\\\\Core\\\\StringTranslation\\\\TranslatableMarkup":3:{s:9:"\\000*\\000string";s:14:"RSS publishing";s:12:"\\000*\\000arguments";a:0:{}s:10:"\\000*\\000options";a:0:{}}	O:48:"Drupal\\\\Core\\\\StringTranslation\\\\TranslatableMarkup":3:{s:9:"\\000*\\000string";s:115:"Configure the site description, the number of items per feed, and whether feeds should be titles/teasers/full-text.";s:12:"\\000*\\000arguments";a:0:{}s:10:"\\000*\\000options";a:0:{}}	Drupal\\Core\\Menu\\MenuLinkDefault	a:0:{}	system	1	1	0	0	a:0:{}	0	4	3	12	17	18	0	0	0	0	0	Drupal\\Core\\Menu\\Form\\MenuLinkDefaultForm
admin	19	system.linkset_settings	system.admin_config_services	system.linkset_settings		a:0:{}		O:48:"Drupal\\\\Core\\\\StringTranslation\\\\TranslatableMarkup":3:{s:9:"\\000*\\000string";s:21:"Menu Linkset Settings";s:12:"\\000*\\000arguments";a:0:{}s:10:"\\000*\\000options";a:0:{}}	O:48:"Drupal\\\\Core\\\\StringTranslation\\\\TranslatableMarkup":3:{s:9:"\\000*\\000string";s:43:"Enable or disable the menu linkset endpoint";s:12:"\\000*\\000arguments";a:0:{}s:10:"\\000*\\000options";a:0:{}}	Drupal\\Core\\Menu\\MenuLinkDefault	a:0:{}	system	1	1	0	10	a:0:{}	0	4	3	12	17	19	0	0	0	0	0	Drupal\\Core\\Menu\\Form\\MenuLinkDefaultForm
admin	17	system.admin_config_services	system.admin_config	system.admin_config_services		a:0:{}		O:48:"Drupal\\\\Core\\\\StringTranslation\\\\TranslatableMarkup":3:{s:9:"\\000*\\000string";s:12:"Web services";s:12:"\\000*\\000arguments";a:0:{}s:10:"\\000*\\000options";a:0:{}}	s:0:"";	Drupal\\Core\\Menu\\MenuLinkDefault	a:0:{}	system	1	1	0	0	a:0:{}	1	3	3	12	17	0	0	0	0	0	0	Drupal\\Core\\Menu\\Form\\MenuLinkDefaultForm
admin	53	entity.path_alias.collection	system.admin_config_search	entity.path_alias.collection		a:0:{}		O:48:"Drupal\\\\Core\\\\StringTranslation\\\\TranslatableMarkup":3:{s:9:"\\000*\\000string";s:11:"URL aliases";s:12:"\\000*\\000arguments";a:0:{}s:10:"\\000*\\000options";a:0:{}}	O:48:"Drupal\\\\Core\\\\StringTranslation\\\\TranslatableMarkup":3:{s:9:"\\000*\\000string";s:34:"Add custom URLs to existing paths.";s:12:"\\000*\\000arguments";a:0:{}s:10:"\\000*\\000options";a:0:{}}	Drupal\\Core\\Menu\\MenuLinkDefault	a:0:{}	path	1	1	0	-5	a:0:{}	0	4	3	12	28	53	0	0	0	0	0	Drupal\\Core\\Menu\\Form\\MenuLinkDefaultForm
admin	519	admin_toolbar_tools.extra_links:entity.node_type.edit_form.slideshow	entity.node_type.collection	entity.node_type.edit_form	node_type=slideshow	a:1:{s:9:"node_type";s:9:"slideshow";}		s:0:"";	s:0:"";	Drupal\\admin_toolbar_tools\\Plugin\\Menu\\MenuLinkEntity	a:0:{}	admin_toolbar_tools	1	1	0	0	a:2:{s:11:"entity_type";s:9:"node_type";s:9:"entity_id";s:9:"slideshow";}	1	4	3	6	9	519	0	0	0	0	0	Drupal\\Core\\Menu\\Form\\MenuLinkDefaultForm
admin	450	admin_toolbar_tools.extra_links:entity.entity_permissions_form.taxonomy_term.default.tags	admin_toolbar_tools.extra_links:entity.taxonomy_vocabulary.overview_form.tags	entity.taxonomy_vocabulary.entity_permissions_form	taxonomy_vocabulary=tags	a:1:{s:19:"taxonomy_vocabulary";s:4:"tags";}		O:48:"Drupal\\\\Core\\\\StringTranslation\\\\TranslatableMarkup":3:{s:9:"\\000*\\000string";s:18:"Manage permissions";s:12:"\\000*\\000arguments";a:0:{}s:10:"\\000*\\000options";a:0:{}}	s:0:"";	Drupal\\Core\\Menu\\MenuLinkDefault	a:0:{}	admin_toolbar_tools	1	1	0	3	a:0:{}	0	5	3	6	49	445	450	0	0	0	0	Drupal\\Core\\Menu\\Form\\MenuLinkDefaultForm
admin	520	admin_toolbar_tools.extra_links:entity.node.field_ui_fieldsslideshow	admin_toolbar_tools.extra_links:entity.node_type.edit_form.slideshow	entity.node.field_ui_fields	node_type=slideshow	a:1:{s:9:"node_type";s:9:"slideshow";}		O:48:"Drupal\\\\Core\\\\StringTranslation\\\\TranslatableMarkup":3:{s:9:"\\000*\\000string";s:13:"Manage fields";s:12:"\\000*\\000arguments";a:0:{}s:10:"\\000*\\000options";a:0:{}}	s:0:"";	Drupal\\Core\\Menu\\MenuLinkDefault	a:0:{}	admin_toolbar_tools	1	1	0	1	a:0:{}	0	5	3	6	9	519	520	0	0	0	0	Drupal\\Core\\Menu\\Form\\MenuLinkDefaultForm
admin	21	system.site_maintenance_mode	system.admin_config_development	system.site_maintenance_mode		a:0:{}		O:48:"Drupal\\\\Core\\\\StringTranslation\\\\TranslatableMarkup":3:{s:9:"\\000*\\000string";s:16:"Maintenance mode";s:12:"\\000*\\000arguments";a:0:{}s:10:"\\000*\\000options";a:0:{}}	O:48:"Drupal\\\\Core\\\\StringTranslation\\\\TranslatableMarkup":3:{s:9:"\\000*\\000string";s:62:"Take the site offline for updates and other maintenance tasks.";s:12:"\\000*\\000arguments";a:0:{}s:10:"\\000*\\000options";a:0:{}}	Drupal\\Core\\Menu\\MenuLinkDefault	a:0:{}	system	1	1	0	-10	a:0:{}	0	4	3	12	20	21	0	0	0	0	0	Drupal\\Core\\Menu\\Form\\MenuLinkDefaultForm
admin	54	persistent_login.settings	system.admin_config_system	persistent_login.settings		a:0:{}		O:48:"Drupal\\\\Core\\\\StringTranslation\\\\TranslatableMarkup":3:{s:9:"\\000*\\000string";s:16:"Persistent Login";s:12:"\\000*\\000arguments";a:0:{}s:10:"\\000*\\000options";a:0:{}}	O:48:"Drupal\\\\Core\\\\StringTranslation\\\\TranslatableMarkup":3:{s:9:"\\000*\\000string";s:31:"Change lifetime and token limit";s:12:"\\000*\\000arguments";a:0:{}s:10:"\\000*\\000options";a:0:{}}	Drupal\\Core\\Menu\\MenuLinkDefault	a:0:{}	persistent_login	1	1	0	0	a:0:{}	0	4	3	12	29	54	0	0	0	0	0	Drupal\\Core\\Menu\\Form\\MenuLinkDefaultForm
admin	22	system.performance_settings	system.admin_config_development	system.performance_settings		a:0:{}		O:48:"Drupal\\\\Core\\\\StringTranslation\\\\TranslatableMarkup":3:{s:9:"\\000*\\000string";s:11:"Performance";s:12:"\\000*\\000arguments";a:0:{}s:10:"\\000*\\000options";a:0:{}}	O:48:"Drupal\\\\Core\\\\StringTranslation\\\\TranslatableMarkup":3:{s:9:"\\000*\\000string";s:45:"Configure caching and bandwidth optimization.";s:12:"\\000*\\000arguments";a:0:{}s:10:"\\000*\\000options";a:0:{}}	Drupal\\Core\\Menu\\MenuLinkDefault	a:0:{}	system	1	1	0	-20	a:0:{}	0	4	3	12	20	22	0	0	0	0	0	Drupal\\Core\\Menu\\Form\\MenuLinkDefaultForm
admin	295	admin_toolbar_tools.extra_links:entity.entity_form_display.node.defaultpage	admin_toolbar_tools.extra_links:entity.node_type.edit_form.page	entity.entity_form_display.node.default	node_type=page	a:1:{s:9:"node_type";s:4:"page";}		O:48:"Drupal\\\\Core\\\\StringTranslation\\\\TranslatableMarkup":3:{s:9:"\\000*\\000string";s:19:"Manage form display";s:12:"\\000*\\000arguments";a:0:{}s:10:"\\000*\\000options";a:0:{}}	s:0:"";	Drupal\\Core\\Menu\\MenuLinkDefault	a:0:{}	admin_toolbar_tools	1	1	0	2	a:0:{}	0	5	3	6	9	293	295	0	0	0	0	Drupal\\Core\\Menu\\Form\\MenuLinkDefaultForm
admin	55	extlink_admin.settings	system.admin_config_ui	extlink_admin.settings		a:0:{}		O:48:"Drupal\\\\Core\\\\StringTranslation\\\\TranslatableMarkup":3:{s:9:"\\000*\\000string";s:14:"External Links";s:12:"\\000*\\000arguments";a:0:{}s:10:"\\000*\\000options";a:0:{}}	O:48:"Drupal\\\\Core\\\\StringTranslation\\\\TranslatableMarkup":3:{s:9:"\\000*\\000string";s:35:"External Links administration page.";s:12:"\\000*\\000arguments";a:0:{}s:10:"\\000*\\000options";a:0:{}}	Drupal\\Core\\Menu\\MenuLinkDefault	a:0:{}	extlink	1	1	0	0	a:0:{}	0	4	3	12	33	55	0	0	0	0	0	Drupal\\Core\\Menu\\Form\\MenuLinkDefaultForm
admin	23	system.development_settings	system.admin_config_development	system.development_settings		a:0:{}		O:48:"Drupal\\\\Core\\\\StringTranslation\\\\TranslatableMarkup":3:{s:9:"\\000*\\000string";s:20:"Development settings";s:12:"\\000*\\000arguments";a:0:{}s:10:"\\000*\\000options";a:0:{}}	O:48:"Drupal\\\\Core\\\\StringTranslation\\\\TranslatableMarkup":3:{s:9:"\\000*\\000string";s:36:"Configure theme development settings";s:12:"\\000*\\000arguments";a:0:{}s:10:"\\000*\\000options";a:0:{}}	Drupal\\Core\\Menu\\MenuLinkDefault	a:0:{}	system	1	1	0	-19	a:0:{}	0	4	3	12	20	23	0	0	0	0	0	Drupal\\Core\\Menu\\Form\\MenuLinkDefaultForm
admin	24	system.logging_settings	system.admin_config_development	system.logging_settings		a:0:{}		O:48:"Drupal\\\\Core\\\\StringTranslation\\\\TranslatableMarkup":3:{s:9:"\\000*\\000string";s:18:"Logging and errors";s:12:"\\000*\\000arguments";a:0:{}s:10:"\\000*\\000options";a:0:{}}	O:48:"Drupal\\\\Core\\\\StringTranslation\\\\TranslatableMarkup":3:{s:9:"\\000*\\000string";s:61:"Configure the display of error messages and database logging.";s:12:"\\000*\\000arguments";a:0:{}s:10:"\\000*\\000options";a:0:{}}	Drupal\\Core\\Menu\\MenuLinkDefault	a:0:{}	system	1	1	0	-15	a:0:{}	0	4	3	12	20	24	0	0	0	0	0	Drupal\\Core\\Menu\\Form\\MenuLinkDefaultForm
admin	296	admin_toolbar_tools.extra_links:entity.entity_view_display.node.default.page	admin_toolbar_tools.extra_links:entity.node_type.edit_form.page	entity.entity_view_display.node.default	node_type=page	a:1:{s:9:"node_type";s:4:"page";}		O:48:"Drupal\\\\Core\\\\StringTranslation\\\\TranslatableMarkup":3:{s:9:"\\000*\\000string";s:14:"Manage display";s:12:"\\000*\\000arguments";a:0:{}s:10:"\\000*\\000options";a:0:{}}	s:0:"";	Drupal\\Core\\Menu\\MenuLinkDefault	a:0:{}	admin_toolbar_tools	1	1	0	3	a:0:{}	0	5	3	6	9	293	296	0	0	0	0	Drupal\\Core\\Menu\\Form\\MenuLinkDefaultForm
admin	57	block_class.settings	block_class.admin	block_class.settings		a:0:{}		O:48:"Drupal\\\\Core\\\\StringTranslation\\\\TranslatableMarkup":3:{s:9:"\\000*\\000string";s:8:"Settings";s:12:"\\000*\\000arguments";a:0:{}s:10:"\\000*\\000options";a:0:{}}	O:48:"Drupal\\\\Core\\\\StringTranslation\\\\TranslatableMarkup":3:{s:9:"\\000*\\000string";s:8:"Settings";s:12:"\\000*\\000arguments";a:0:{}s:10:"\\000*\\000options";a:0:{}}	Drupal\\Core\\Menu\\MenuLinkDefault	a:0:{}	block_class	1	1	0	1	a:0:{}	0	5	3	12	35	56	57	0	0	0	0	Drupal\\Core\\Menu\\Form\\MenuLinkDefaultForm
admin	20	system.admin_config_development	system.admin_config	system.admin_config_development		a:0:{}		O:48:"Drupal\\\\Core\\\\StringTranslation\\\\TranslatableMarkup":3:{s:9:"\\000*\\000string";s:11:"Development";s:12:"\\000*\\000arguments";a:0:{}s:10:"\\000*\\000options";a:0:{}}	O:48:"Drupal\\\\Core\\\\StringTranslation\\\\TranslatableMarkup":3:{s:9:"\\000*\\000string";s:36:"Configure and use development tools.";s:12:"\\000*\\000arguments";a:0:{}s:10:"\\000*\\000options";a:0:{}}	Drupal\\Core\\Menu\\MenuLinkDefault	a:0:{}	system	1	1	0	-10	a:0:{}	1	3	3	12	20	0	0	0	0	0	0	Drupal\\Core\\Menu\\Form\\MenuLinkDefaultForm
admin	26	system.regional_settings	system.admin_config_regional	system.regional_settings		a:0:{}		O:48:"Drupal\\\\Core\\\\StringTranslation\\\\TranslatableMarkup":3:{s:9:"\\000*\\000string";s:17:"Regional settings";s:12:"\\000*\\000arguments";a:0:{}s:10:"\\000*\\000options";a:0:{}}	O:48:"Drupal\\\\Core\\\\StringTranslation\\\\TranslatableMarkup":3:{s:9:"\\000*\\000string";s:43:"Configure the locale and timezone settings.";s:12:"\\000*\\000arguments";a:0:{}s:10:"\\000*\\000options";a:0:{}}	Drupal\\Core\\Menu\\MenuLinkDefault	a:0:{}	system	1	1	0	-20	a:0:{}	0	4	3	12	25	26	0	0	0	0	0	Drupal\\Core\\Menu\\Form\\MenuLinkDefaultForm
admin	27	entity.date_format.collection	system.admin_config_regional	entity.date_format.collection		a:0:{}		O:48:"Drupal\\\\Core\\\\StringTranslation\\\\TranslatableMarkup":3:{s:9:"\\000*\\000string";s:21:"Date and time formats";s:12:"\\000*\\000arguments";a:0:{}s:10:"\\000*\\000options";a:0:{}}	O:48:"Drupal\\\\Core\\\\StringTranslation\\\\TranslatableMarkup":3:{s:9:"\\000*\\000string";s:44:"Configure how dates and times are displayed.";s:12:"\\000*\\000arguments";a:0:{}s:10:"\\000*\\000options";a:0:{}}	Drupal\\Core\\Menu\\MenuLinkDefault	a:0:{}	system	1	1	0	-9	a:0:{}	0	4	3	12	25	27	0	0	0	0	0	Drupal\\Core\\Menu\\Form\\MenuLinkDefaultForm
admin	58	block_class.list	block_class.admin	block_class.list		a:0:{}		O:48:"Drupal\\\\Core\\\\StringTranslation\\\\TranslatableMarkup":3:{s:9:"\\000*\\000string";s:4:"List";s:12:"\\000*\\000arguments";a:0:{}s:10:"\\000*\\000options";a:0:{}}	O:48:"Drupal\\\\Core\\\\StringTranslation\\\\TranslatableMarkup":3:{s:9:"\\000*\\000string";s:4:"List";s:12:"\\000*\\000arguments";a:0:{}s:10:"\\000*\\000options";a:0:{}}	Drupal\\Core\\Menu\\MenuLinkDefault	a:0:{}	block_class	1	1	0	2	a:0:{}	0	5	3	12	35	56	58	0	0	0	0	Drupal\\Core\\Menu\\Form\\MenuLinkDefaultForm
admin	451	admin_toolbar_tools.extra_links:entity.taxonomy_vocabulary.delete_form.tags	admin_toolbar_tools.extra_links:entity.taxonomy_vocabulary.overview_form.tags	entity.taxonomy_vocabulary.delete_form	taxonomy_vocabulary=tags	a:1:{s:19:"taxonomy_vocabulary";s:4:"tags";}		O:48:"Drupal\\\\Core\\\\StringTranslation\\\\TranslatableMarkup":3:{s:9:"\\000*\\000string";s:6:"Delete";s:12:"\\000*\\000arguments";a:0:{}s:10:"\\000*\\000options";a:0:{}}	s:0:"";	Drupal\\Core\\Menu\\MenuLinkDefault	a:0:{}	admin_toolbar_tools	1	1	0	5	a:0:{}	0	5	3	6	49	445	451	0	0	0	0	Drupal\\Core\\Menu\\Form\\MenuLinkDefaultForm
admin	445	admin_toolbar_tools.extra_links:entity.taxonomy_vocabulary.overview_form.tags	entity.taxonomy_vocabulary.collection	entity.taxonomy_vocabulary.overview_form	taxonomy_vocabulary=tags	a:1:{s:19:"taxonomy_vocabulary";s:4:"tags";}		s:0:"";	s:0:"";	Drupal\\admin_toolbar_tools\\Plugin\\Menu\\MenuLinkEntity	a:0:{}	admin_toolbar_tools	1	1	0	0	a:2:{s:11:"entity_type";s:19:"taxonomy_vocabulary";s:9:"entity_id";s:4:"tags";}	1	4	3	6	49	445	0	0	0	0	0	Drupal\\Core\\Menu\\Form\\MenuLinkDefaultForm
admin	297	admin_toolbar_tools.extra_links:entity.entity_permissions_form.node.default.page	admin_toolbar_tools.extra_links:entity.node_type.edit_form.page	entity.node_type.entity_permissions_form	node_type=page	a:1:{s:9:"node_type";s:4:"page";}		O:48:"Drupal\\\\Core\\\\StringTranslation\\\\TranslatableMarkup":3:{s:9:"\\000*\\000string";s:18:"Manage permissions";s:12:"\\000*\\000arguments";a:0:{}s:10:"\\000*\\000options";a:0:{}}	s:0:"";	Drupal\\Core\\Menu\\MenuLinkDefault	a:0:{}	admin_toolbar_tools	1	1	0	3	a:0:{}	0	5	3	6	9	293	297	0	0	0	0	Drupal\\Core\\Menu\\Form\\MenuLinkDefaultForm
admin	59	block_class.bulk_operations	block_class.admin	block_class.bulk_operations		a:0:{}		O:48:"Drupal\\\\Core\\\\StringTranslation\\\\TranslatableMarkup":3:{s:9:"\\000*\\000string";s:15:"Bulk Operations";s:12:"\\000*\\000arguments";a:0:{}s:10:"\\000*\\000options";a:0:{}}	O:48:"Drupal\\\\Core\\\\StringTranslation\\\\TranslatableMarkup":3:{s:9:"\\000*\\000string";s:15:"Bulk Operations";s:12:"\\000*\\000arguments";a:0:{}s:10:"\\000*\\000options";a:0:{}}	Drupal\\Core\\Menu\\MenuLinkDefault	a:0:{}	block_class	1	1	0	3	a:0:{}	0	5	3	12	35	56	59	0	0	0	0	Drupal\\Core\\Menu\\Form\\MenuLinkDefaultForm
admin	588	config_translation.local_tasks:config_translation.item.overview.webform.config.item	webform.config.item	config_translation.item.overview.webform.config		a:0:{}		s:0:"";	s:0:"";	Drupal\\Core\\Menu\\MenuLinkDefault	a:0:{}	webform	1	1	0	110	a:0:{}	0	5	3	6	264	271	588	0	0	0	0	Drupal\\Core\\Menu\\Form\\MenuLinkDefaultForm
admin	30	action.admin	system.admin_config_system	entity.action.collection		a:0:{}		O:48:"Drupal\\\\Core\\\\StringTranslation\\\\TranslatableMarkup":3:{s:9:"\\000*\\000string";s:7:"Actions";s:12:"\\000*\\000arguments";a:0:{}s:10:"\\000*\\000options";a:0:{}}	O:48:"Drupal\\\\Core\\\\StringTranslation\\\\TranslatableMarkup":3:{s:9:"\\000*\\000string";s:41:"Create tasks that the system can execute.";s:12:"\\000*\\000arguments";a:0:{}s:10:"\\000*\\000options";a:0:{}}	Drupal\\Core\\Menu\\MenuLinkDefault	a:0:{}	action	1	1	0	0	a:0:{}	0	4	3	12	29	30	0	0	0	0	0	Drupal\\Core\\Menu\\Form\\MenuLinkDefaultForm
admin	60	block_class.help	block_class.admin	block_class.help		a:0:{}		O:48:"Drupal\\\\Core\\\\StringTranslation\\\\TranslatableMarkup":3:{s:9:"\\000*\\000string";s:4:"Help";s:12:"\\000*\\000arguments";a:0:{}s:10:"\\000*\\000options";a:0:{}}	O:48:"Drupal\\\\Core\\\\StringTranslation\\\\TranslatableMarkup":3:{s:9:"\\000*\\000string";s:4:"Help";s:12:"\\000*\\000arguments";a:0:{}s:10:"\\000*\\000options";a:0:{}}	Drupal\\Core\\Menu\\MenuLinkDefault	a:0:{}	block_class	1	1	0	4	a:0:{}	0	5	3	12	35	56	60	0	0	0	0	Drupal\\Core\\Menu\\Form\\MenuLinkDefaultForm
admin	28	system.admin_config_search	system.admin_config	system.admin_config_search		a:0:{}		O:48:"Drupal\\\\Core\\\\StringTranslation\\\\TranslatableMarkup":3:{s:9:"\\000*\\000string";s:19:"Search and metadata";s:12:"\\000*\\000arguments";a:0:{}s:10:"\\000*\\000options";a:0:{}}	O:48:"Drupal\\\\Core\\\\StringTranslation\\\\TranslatableMarkup":3:{s:9:"\\000*\\000string";s:64:"Configure site search, metadata, and search engine optimization.";s:12:"\\000*\\000arguments";a:0:{}s:10:"\\000*\\000options";a:0:{}}	Drupal\\Core\\Menu\\MenuLinkDefault	a:0:{}	system	1	1	0	-10	a:0:{}	1	3	3	12	28	0	0	0	0	0	0	Drupal\\Core\\Menu\\Form\\MenuLinkDefaultForm
admin	31	system.site_information_settings	system.admin_config_system	system.site_information_settings		a:0:{}		O:48:"Drupal\\\\Core\\\\StringTranslation\\\\TranslatableMarkup":3:{s:9:"\\000*\\000string";s:19:"Basic site settings";s:12:"\\000*\\000arguments";a:0:{}s:10:"\\000*\\000options";a:0:{}}	O:48:"Drupal\\\\Core\\\\StringTranslation\\\\TranslatableMarkup":3:{s:9:"\\000*\\000string";s:77:"Change site name, email address, slogan, default front page, and error pages.";s:12:"\\000*\\000arguments";a:0:{}s:10:"\\000*\\000options";a:0:{}}	Drupal\\Core\\Menu\\MenuLinkDefault	a:0:{}	system	1	1	0	-20	a:0:{}	0	4	3	12	29	31	0	0	0	0	0	Drupal\\Core\\Menu\\Form\\MenuLinkDefaultForm
admin	298	admin_toolbar_tools.extra_links:entity.node_type.delete_form.page	admin_toolbar_tools.extra_links:entity.node_type.edit_form.page	entity.node_type.delete_form	node_type=page	a:1:{s:9:"node_type";s:4:"page";}		O:48:"Drupal\\\\Core\\\\StringTranslation\\\\TranslatableMarkup":3:{s:9:"\\000*\\000string";s:6:"Delete";s:12:"\\000*\\000arguments";a:0:{}s:10:"\\000*\\000options";a:0:{}}	s:0:"";	Drupal\\Core\\Menu\\MenuLinkDefault	a:0:{}	admin_toolbar_tools	1	1	0	5	a:0:{}	0	5	3	6	9	293	298	0	0	0	0	Drupal\\Core\\Menu\\Form\\MenuLinkDefaultForm
admin	293	admin_toolbar_tools.extra_links:entity.node_type.edit_form.page	entity.node_type.collection	entity.node_type.edit_form	node_type=page	a:1:{s:9:"node_type";s:4:"page";}		s:0:"";	s:0:"";	Drupal\\admin_toolbar_tools\\Plugin\\Menu\\MenuLinkEntity	a:0:{}	admin_toolbar_tools	1	1	0	0	a:2:{s:11:"entity_type";s:9:"node_type";s:9:"entity_id";s:4:"page";}	1	4	3	6	9	293	0	0	0	0	0	Drupal\\Core\\Menu\\Form\\MenuLinkDefaultForm
admin	36	filter.admin_overview	system.admin_config_content	filter.admin_overview		a:0:{}		O:48:"Drupal\\\\Core\\\\StringTranslation\\\\TranslatableMarkup":3:{s:9:"\\000*\\000string";s:24:"Text formats and editors";s:12:"\\000*\\000arguments";a:0:{}s:10:"\\000*\\000options";a:0:{}}	O:48:"Drupal\\\\Core\\\\StringTranslation\\\\TranslatableMarkup":3:{s:9:"\\000*\\000string";s:78:"Select and configure text editors, and how content is filtered when displayed.";s:12:"\\000*\\000arguments";a:0:{}s:10:"\\000*\\000options";a:0:{}}	Drupal\\Core\\Menu\\MenuLinkDefault	a:0:{}	filter	1	1	0	0	a:0:{}	0	4	3	12	35	36	0	0	0	0	0	Drupal\\Core\\Menu\\Form\\MenuLinkDefaultForm
admin	32	system.cron_settings	system.admin_config_system	entity.ultimate_cron_job.collection		a:0:{}		O:48:"Drupal\\\\Core\\\\StringTranslation\\\\TranslatableMarkup":3:{s:9:"\\000*\\000string";s:4:"Cron";s:12:"\\000*\\000arguments";a:0:{}s:10:"\\000*\\000options";a:0:{}}	O:48:"Drupal\\\\Core\\\\StringTranslation\\\\TranslatableMarkup":3:{s:9:"\\000*\\000string";s:43:"Manage automatic site maintainenance tasks.";s:12:"\\000*\\000arguments";a:0:{}s:10:"\\000*\\000options";a:0:{}}	Drupal\\Core\\Menu\\MenuLinkDefault	a:0:{}	ultimate_cron	1	1	0	0	a:0:{}	0	4	3	12	29	32	0	0	0	0	0	Drupal\\Core\\Menu\\Form\\MenuLinkDefaultForm
admin	386	admin_toolbar_tools.extra_links:entity.entity_view_display.block_content.default.varbase_accordion_block	admin_toolbar_tools.extra_links:entity.block_content_type.edit_form.varbase_accordion_block	entity.entity_view_display.block_content.default	block_content_type=varbase_accordion_block	a:1:{s:18:"block_content_type";s:23:"varbase_accordion_block";}		O:48:"Drupal\\\\Core\\\\StringTranslation\\\\TranslatableMarkup":3:{s:9:"\\000*\\000string";s:14:"Manage display";s:12:"\\000*\\000arguments";a:0:{}s:10:"\\000*\\000options";a:0:{}}	s:0:"";	Drupal\\Core\\Menu\\MenuLinkDefault	a:0:{}	admin_toolbar_tools	1	1	0	3	a:0:{}	0	5	3	6	8	383	386	0	0	0	0	Drupal\\Core\\Menu\\Form\\MenuLinkDefaultForm
admin	609	admin_toolbar_tools.extra_links:views_ui.slide_articles	entity.view.collection	entity.view.edit_form	view=slide_articles	a:1:{s:4:"view";s:14:"slide_articles";}		s:14:"Slide Articles";	s:0:"";	Drupal\\Core\\Menu\\MenuLinkDefault	a:0:{}	admin_toolbar_tools	1	1	0	0	a:0:{}	0	4	3	6	467	609	0	0	0	0	0	Drupal\\Core\\Menu\\Form\\MenuLinkDefaultForm
admin	521	admin_toolbar_tools.extra_links:entity.entity_form_display.node.defaultslideshow	admin_toolbar_tools.extra_links:entity.node_type.edit_form.slideshow	entity.entity_form_display.node.default	node_type=slideshow	a:1:{s:9:"node_type";s:9:"slideshow";}		O:48:"Drupal\\\\Core\\\\StringTranslation\\\\TranslatableMarkup":3:{s:9:"\\000*\\000string";s:19:"Manage form display";s:12:"\\000*\\000arguments";a:0:{}s:10:"\\000*\\000options";a:0:{}}	s:0:"";	Drupal\\Core\\Menu\\MenuLinkDefault	a:0:{}	admin_toolbar_tools	1	1	0	2	a:0:{}	0	5	3	6	9	519	521	0	0	0	0	Drupal\\Core\\Menu\\Form\\MenuLinkDefaultForm
admin	387	admin_toolbar_tools.extra_links:entity.entity_permissions_form.block_content.default.varbase_accordion_block	admin_toolbar_tools.extra_links:entity.block_content_type.edit_form.varbase_accordion_block	entity.block_content_type.entity_permissions_form	block_content_type=varbase_accordion_block	a:1:{s:18:"block_content_type";s:23:"varbase_accordion_block";}		O:48:"Drupal\\\\Core\\\\StringTranslation\\\\TranslatableMarkup":3:{s:9:"\\000*\\000string";s:18:"Manage permissions";s:12:"\\000*\\000arguments";a:0:{}s:10:"\\000*\\000options";a:0:{}}	s:0:"";	Drupal\\Core\\Menu\\MenuLinkDefault	a:0:{}	admin_toolbar_tools	1	1	0	3	a:0:{}	0	5	3	6	8	383	387	0	0	0	0	Drupal\\Core\\Menu\\Form\\MenuLinkDefaultForm
admin	95	prevent_homepage_deletion.settings	system.admin_config_system	prevent_homepage_deletion.settings		a:0:{}		O:48:"Drupal\\\\Core\\\\StringTranslation\\\\TranslatableMarkup":3:{s:9:"\\000*\\000string";s:21:"Prevent page deletion";s:12:"\\000*\\000arguments";a:0:{}s:10:"\\000*\\000options";a:0:{}}	O:48:"Drupal\\\\Core\\\\StringTranslation\\\\TranslatableMarkup":3:{s:9:"\\000*\\000string";s:59:"Configure which pages cannot be deleted without permission.";s:12:"\\000*\\000arguments";a:0:{}s:10:"\\000*\\000options";a:0:{}}	Drupal\\Core\\Menu\\MenuLinkDefault	a:0:{}	prevent_homepage_deletion	1	1	0	-10	a:0:{}	0	4	3	12	29	95	0	0	0	0	0	Drupal\\Core\\Menu\\Form\\MenuLinkDefaultForm
admin	96	entity.shortcut_set.collection	system.admin_config_ui	entity.shortcut_set.collection		a:0:{}		O:48:"Drupal\\\\Core\\\\StringTranslation\\\\TranslatableMarkup":3:{s:9:"\\000*\\000string";s:9:"Shortcuts";s:12:"\\000*\\000arguments";a:0:{}s:10:"\\000*\\000options";a:0:{}}	O:48:"Drupal\\\\Core\\\\StringTranslation\\\\TranslatableMarkup":3:{s:9:"\\000*\\000string";s:29:"Add and modify shortcut sets.";s:12:"\\000*\\000arguments";a:0:{}s:10:"\\000*\\000options";a:0:{}}	Drupal\\Core\\Menu\\MenuLinkDefault	a:0:{}	shortcut	1	1	0	0	a:0:{}	0	4	3	12	33	96	0	0	0	0	0	Drupal\\Core\\Menu\\Form\\MenuLinkDefaultForm
admin	97	userprotect.rule_list	user.admin_index	userprotect.rule_list		a:0:{}		O:48:"Drupal\\\\Core\\\\StringTranslation\\\\TranslatableMarkup":3:{s:9:"\\000*\\000string";s:12:"User protect";s:12:"\\000*\\000arguments";a:0:{}s:10:"\\000*\\000options";a:0:{}}	O:48:"Drupal\\\\Core\\\\StringTranslation\\\\TranslatableMarkup":3:{s:9:"\\000*\\000string";s:62:"Protect individual users and/or roles from editing operations.";s:12:"\\000*\\000arguments";a:0:{}s:10:"\\000*\\000options";a:0:{}}	Drupal\\Core\\Menu\\MenuLinkDefault	a:0:{}	userprotect	1	1	0	0	a:0:{}	0	4	3	12	37	97	0	0	0	0	0	Drupal\\Core\\Menu\\Form\\MenuLinkDefaultForm
admin	98	roleassign.settings	entity.user.collection	roleassign.settings		a:0:{}		O:48:"Drupal\\\\Core\\\\StringTranslation\\\\TranslatableMarkup":3:{s:9:"\\000*\\000string";s:11:"Role assign";s:12:"\\000*\\000arguments";a:0:{}s:10:"\\000*\\000options";a:0:{}}	O:48:"Drupal\\\\Core\\\\StringTranslation\\\\TranslatableMarkup":3:{s:9:"\\000*\\000string";s:72:"Define the roles that can be assigned via the 'Assign roles' permission.";s:12:"\\000*\\000arguments";a:0:{}s:10:"\\000*\\000options";a:0:{}}	Drupal\\Core\\Menu\\MenuLinkDefault	a:0:{}	roleassign	1	1	0	10	a:0:{}	0	3	3	41	98	0	0	0	0	0	0	Drupal\\Core\\Menu\\Form\\MenuLinkDefaultForm
admin	56	block_class.admin	system.admin_config_content	block_class.settings		a:0:{}		O:48:"Drupal\\\\Core\\\\StringTranslation\\\\TranslatableMarkup":3:{s:9:"\\000*\\000string";s:11:"Block Class";s:12:"\\000*\\000arguments";a:0:{}s:10:"\\000*\\000options";a:0:{}}	O:48:"Drupal\\\\Core\\\\StringTranslation\\\\TranslatableMarkup":3:{s:9:"\\000*\\000string";s:24:"Settings for Block Class";s:12:"\\000*\\000arguments";a:0:{}s:10:"\\000*\\000options";a:0:{}}	Drupal\\Core\\Menu\\MenuLinkDefault	a:0:{}	block_class	1	1	0	0	a:0:{}	1	4	3	12	35	56	0	0	0	0	0	Drupal\\Core\\Menu\\Form\\MenuLinkDefaultForm
admin	453	admin_toolbar_tools.extra_links:entity.entity_subqueue.field_ui_fieldsvarbase_heroslider	admin_toolbar_tools.extra_links:entity.entity_queue.edit_form.varbase_heroslider	entity.entity_subqueue.field_ui_fields	entity_queue=varbase_heroslider	a:1:{s:12:"entity_queue";s:18:"varbase_heroslider";}		O:48:"Drupal\\\\Core\\\\StringTranslation\\\\TranslatableMarkup":3:{s:9:"\\000*\\000string";s:13:"Manage fields";s:12:"\\000*\\000arguments";a:0:{}s:10:"\\000*\\000options";a:0:{}}	s:0:"";	Drupal\\Core\\Menu\\MenuLinkDefault	a:0:{}	admin_toolbar_tools	1	1	0	1	a:0:{}	0	5	3	6	44	452	453	0	0	0	0	Drupal\\Core\\Menu\\Form\\MenuLinkDefaultForm
admin	299	entity.layout.collection	system.admin_structure	entity.layout.collection		a:0:{}		O:48:"Drupal\\\\Core\\\\StringTranslation\\\\TranslatableMarkup":3:{s:9:"\\000*\\000string";s:14:"Layout library";s:12:"\\000*\\000arguments";a:0:{}s:10:"\\000*\\000options";a:0:{}}	O:48:"Drupal\\\\Core\\\\StringTranslation\\\\TranslatableMarkup":3:{s:9:"\\000*\\000string";s:54:"Manage pre-defined layouts for use by content editors.";s:12:"\\000*\\000arguments";a:0:{}s:10:"\\000*\\000options";a:0:{}}	Drupal\\Core\\Menu\\MenuLinkDefault	a:0:{}	layout_library	1	1	0	0	a:0:{}	0	3	3	6	299	0	0	0	0	0	0	Drupal\\Core\\Menu\\Form\\MenuLinkDefaultForm
admin	61	content_lock.settings	system.admin_config_content	content_lock.settings		a:0:{}		O:48:"Drupal\\\\Core\\\\StringTranslation\\\\TranslatableMarkup":3:{s:9:"\\000*\\000string";s:12:"Content Lock";s:12:"\\000*\\000arguments";a:0:{}s:10:"\\000*\\000options";a:0:{}}	O:48:"Drupal\\\\Core\\\\StringTranslation\\\\TranslatableMarkup":3:{s:9:"\\000*\\000string";s:36:"Administer content locking settings.";s:12:"\\000*\\000arguments";a:0:{}s:10:"\\000*\\000options";a:0:{}}	Drupal\\Core\\Menu\\MenuLinkDefault	a:0:{}	content_lock	1	1	0	99	a:0:{}	0	4	3	12	35	61	0	0	0	0	0	Drupal\\Core\\Menu\\Form\\MenuLinkDefaultForm
admin	300	layout_builder_modal.config	system.admin_config_ui	layout_builder_modal.config		a:0:{}		O:48:"Drupal\\\\Core\\\\StringTranslation\\\\TranslatableMarkup":3:{s:9:"\\000*\\000string";s:20:"Layout Builder Modal";s:12:"\\000*\\000arguments";a:0:{}s:10:"\\000*\\000options";a:0:{}}	O:48:"Drupal\\\\Core\\\\StringTranslation\\\\TranslatableMarkup":3:{s:9:"\\000*\\000string";s:32:"Administer Layout Builder Modal.";s:12:"\\000*\\000arguments";a:0:{}s:10:"\\000*\\000options";a:0:{}}	Drupal\\Core\\Menu\\MenuLinkDefault	a:0:{}	layout_builder_modal	1	1	0	0	a:0:{}	0	4	3	12	33	300	0	0	0	0	0	Drupal\\Core\\Menu\\Form\\MenuLinkDefaultForm
admin	301	bootstrap_layout_builder.admin_config	system.admin_config_content	entity.blb_breakpoint.collection		a:0:{}		O:48:"Drupal\\\\Core\\\\StringTranslation\\\\TranslatableMarkup":3:{s:9:"\\000*\\000string";s:24:"Bootstrap Layout Builder";s:12:"\\000*\\000arguments";a:0:{}s:10:"\\000*\\000options";a:0:{}}	O:48:"Drupal\\\\Core\\\\StringTranslation\\\\TranslatableMarkup":3:{s:9:"\\000*\\000string";s:41:"Manage Bootstrap Layout Builder Settings.";s:12:"\\000*\\000arguments";a:0:{}s:10:"\\000*\\000options";a:0:{}}	Drupal\\Core\\Menu\\MenuLinkDefault	a:0:{}	bootstrap_layout_builder	1	1	0	10	a:0:{}	0	4	3	12	35	301	0	0	0	0	0	Drupal\\Core\\Menu\\Form\\MenuLinkDefaultForm
admin	40	system.status	system.admin_reports	system.status		a:0:{}		O:48:"Drupal\\\\Core\\\\StringTranslation\\\\TranslatableMarkup":3:{s:9:"\\000*\\000string";s:13:"Status report";s:12:"\\000*\\000arguments";a:0:{}s:10:"\\000*\\000options";a:0:{}}	O:48:"Drupal\\\\Core\\\\StringTranslation\\\\TranslatableMarkup":3:{s:9:"\\000*\\000string";s:48:"Get a status report about your site's operation.";s:12:"\\000*\\000arguments";a:0:{}s:10:"\\000*\\000options";a:0:{}}	Drupal\\Core\\Menu\\MenuLinkDefault	a:0:{}	system	1	1	0	-60	a:0:{}	0	3	3	39	40	0	0	0	0	0	0	Drupal\\Core\\Menu\\Form\\MenuLinkDefaultForm
admin	62	diff.settings	system.admin_config_content	diff.general_settings		a:0:{}		O:48:"Drupal\\\\Core\\\\StringTranslation\\\\TranslatableMarkup":3:{s:9:"\\000*\\000string";s:4:"Diff";s:12:"\\000*\\000arguments";a:0:{}s:10:"\\000*\\000options";a:0:{}}	O:48:"Drupal\\\\Core\\\\StringTranslation\\\\TranslatableMarkup":3:{s:9:"\\000*\\000string";s:41:"Configure how entity fields are compared.";s:12:"\\000*\\000arguments";a:0:{}s:10:"\\000*\\000options";a:0:{}}	Drupal\\Core\\Menu\\MenuLinkDefault	a:0:{}	diff	1	1	0	0	a:0:{}	0	4	3	12	35	62	0	0	0	0	0	Drupal\\Core\\Menu\\Form\\MenuLinkDefaultForm
account	42	user.page		user.page		a:0:{}		O:48:"Drupal\\\\Core\\\\StringTranslation\\\\TranslatableMarkup":3:{s:9:"\\000*\\000string";s:10:"My account";s:12:"\\000*\\000arguments";a:0:{}s:10:"\\000*\\000options";a:0:{}}	s:0:"";	Drupal\\Core\\Menu\\MenuLinkDefault	a:0:{}	user	1	1	0	-10	a:0:{}	0	1	42	0	0	0	0	0	0	0	0	Drupal\\Core\\Menu\\Form\\MenuLinkDefaultForm
account	43	user.logout				a:0:{}		s:0:"";	s:0:"";	Drupal\\user\\Plugin\\Menu\\LoginLogoutMenuLink	a:0:{}	user	1	1	0	10	a:0:{}	0	1	43	0	0	0	0	0	0	0	0	Drupal\\Core\\Menu\\Form\\MenuLinkDefaultForm
admin	143	admin_toolbar_tools.extra_links:entity.entity_permissions_form.media.default.image	admin_toolbar_tools.extra_links:entity.media_type.edit_form.image	entity.media_type.entity_permissions_form	media_type=image	a:1:{s:10:"media_type";s:5:"image";}		O:48:"Drupal\\\\Core\\\\StringTranslation\\\\TranslatableMarkup":3:{s:9:"\\000*\\000string";s:18:"Manage permissions";s:12:"\\000*\\000arguments";a:0:{}s:10:"\\000*\\000options";a:0:{}}	s:0:"";	Drupal\\Core\\Menu\\MenuLinkDefault	a:0:{}	admin_toolbar_tools	1	1	0	3	a:0:{}	0	5	3	6	69	139	143	0	0	0	0	Drupal\\Core\\Menu\\Form\\MenuLinkDefaultForm
admin	144	admin_toolbar_tools.extra_links:entity.media_type.delete_form.image	admin_toolbar_tools.extra_links:entity.media_type.edit_form.image	entity.media_type.delete_form	media_type=image	a:1:{s:10:"media_type";s:5:"image";}		O:48:"Drupal\\\\Core\\\\StringTranslation\\\\TranslatableMarkup":3:{s:9:"\\000*\\000string";s:6:"Delete";s:12:"\\000*\\000arguments";a:0:{}s:10:"\\000*\\000options";a:0:{}}	s:0:"";	Drupal\\Core\\Menu\\MenuLinkDefault	a:0:{}	admin_toolbar_tools	1	1	0	5	a:0:{}	0	5	3	6	69	139	144	0	0	0	0	Drupal\\Core\\Menu\\Form\\MenuLinkDefaultForm
admin	37	user.admin_index	system.admin_config	user.admin_index		a:0:{}		O:48:"Drupal\\\\Core\\\\StringTranslation\\\\TranslatableMarkup":3:{s:9:"\\000*\\000string";s:6:"People";s:12:"\\000*\\000arguments";a:0:{}s:10:"\\000*\\000options";a:0:{}}	O:48:"Drupal\\\\Core\\\\StringTranslation\\\\TranslatableMarkup":3:{s:9:"\\000*\\000string";s:24:"Configure user accounts.";s:12:"\\000*\\000arguments";a:0:{}s:10:"\\000*\\000options";a:0:{}}	Drupal\\Core\\Menu\\MenuLinkDefault	a:0:{}	user	1	1	0	-20	a:0:{}	1	3	3	12	37	0	0	0	0	0	0	Drupal\\Core\\Menu\\Form\\MenuLinkDefaultForm
admin	522	admin_toolbar_tools.extra_links:entity.entity_view_display.node.default.slideshow	admin_toolbar_tools.extra_links:entity.node_type.edit_form.slideshow	entity.entity_view_display.node.default	node_type=slideshow	a:1:{s:9:"node_type";s:9:"slideshow";}		O:48:"Drupal\\\\Core\\\\StringTranslation\\\\TranslatableMarkup":3:{s:9:"\\000*\\000string";s:14:"Manage display";s:12:"\\000*\\000arguments";a:0:{}s:10:"\\000*\\000options";a:0:{}}	s:0:"";	Drupal\\Core\\Menu\\MenuLinkDefault	a:0:{}	admin_toolbar_tools	1	1	0	3	a:0:{}	0	5	3	6	9	519	522	0	0	0	0	Drupal\\Core\\Menu\\Form\\MenuLinkDefaultForm
admin	302	bootstrap_styles.settings	system.admin_config_content	bootstrap_styles.settings		a:0:{}		O:48:"Drupal\\\\Core\\\\StringTranslation\\\\TranslatableMarkup":3:{s:9:"\\000*\\000string";s:16:"Bootstrap Styles";s:12:"\\000*\\000arguments";a:0:{}s:10:"\\000*\\000options";a:0:{}}	O:48:"Drupal\\\\Core\\\\StringTranslation\\\\TranslatableMarkup":3:{s:9:"\\000*\\000string";s:33:"Manage Bootstrap Styles Settings.";s:12:"\\000*\\000arguments";a:0:{}s:10:"\\000*\\000options";a:0:{}}	Drupal\\Core\\Menu\\MenuLinkDefault	a:0:{}	bootstrap_styles	1	1	0	10	a:0:{}	0	4	3	12	35	302	0	0	0	0	0	Drupal\\Core\\Menu\\Form\\MenuLinkDefaultForm
admin	63	entity_usage.configuration_form	system.admin_config_content	entity_usage.settings.form		a:0:{}		O:48:"Drupal\\\\Core\\\\StringTranslation\\\\TranslatableMarkup":3:{s:9:"\\000*\\000string";s:21:"Entity Usage Settings";s:12:"\\000*\\000arguments";a:0:{}s:10:"\\000*\\000options";a:0:{}}	O:48:"Drupal\\\\Core\\\\StringTranslation\\\\TranslatableMarkup":3:{s:9:"\\000*\\000string";s:31:"Configure Entity Usage settings";s:12:"\\000*\\000arguments";a:0:{}s:10:"\\000*\\000options";a:0:{}}	Drupal\\Core\\Menu\\MenuLinkDefault	a:0:{}	entity_usage	1	1	0	0	a:0:{}	0	4	3	12	35	63	0	0	0	0	0	Drupal\\Core\\Menu\\Form\\MenuLinkDefaultForm
admin	589	config_translation.mapper_list	system.admin_config_regional	config_translation.mapper_list		a:0:{}		O:48:"Drupal\\\\Core\\\\StringTranslation\\\\TranslatableMarkup":3:{s:9:"\\000*\\000string";s:25:"Configuration translation";s:12:"\\000*\\000arguments";a:0:{}s:10:"\\000*\\000options";a:0:{}}	O:48:"Drupal\\\\Core\\\\StringTranslation\\\\TranslatableMarkup":3:{s:9:"\\000*\\000string";s:28:"Translate the configuration.";s:12:"\\000*\\000arguments";a:0:{}s:10:"\\000*\\000options";a:0:{}}	Drupal\\Core\\Menu\\MenuLinkDefault	a:0:{}	config_translation	1	1	0	30	a:0:{}	0	4	3	12	25	589	0	0	0	0	0	Drupal\\Core\\Menu\\Form\\MenuLinkDefaultForm
admin	303	layout_builder_blocks.admin_config	system.admin_config_content	layout_builder_blocks.styles		a:0:{}		O:48:"Drupal\\\\Core\\\\StringTranslation\\\\TranslatableMarkup":3:{s:9:"\\000*\\000string";s:21:"Layout Builder Blocks";s:12:"\\000*\\000arguments";a:0:{}s:10:"\\000*\\000options";a:0:{}}	O:48:"Drupal\\\\Core\\\\StringTranslation\\\\TranslatableMarkup":3:{s:9:"\\000*\\000string";s:38:"Manage Layout Builder Blocks Settings.";s:12:"\\000*\\000arguments";a:0:{}s:10:"\\000*\\000options";a:0:{}}	Drupal\\Core\\Menu\\MenuLinkDefault	a:0:{}	layout_builder_blocks	1	1	0	10	a:0:{}	0	4	3	12	35	303	0	0	0	0	0	Drupal\\Core\\Menu\\Form\\MenuLinkDefaultForm
admin	304	layout_builder_component_attributes.config	system.admin_config_content	layout_builder_component_attributes.settings		a:0:{}		O:48:"Drupal\\\\Core\\\\StringTranslation\\\\TranslatableMarkup":3:{s:9:"\\000*\\000string";s:35:"Layout Builder Component Attributes";s:12:"\\000*\\000arguments";a:0:{}s:10:"\\000*\\000options";a:0:{}}	O:48:"Drupal\\\\Core\\\\StringTranslation\\\\TranslatableMarkup":3:{s:9:"\\000*\\000string";s:46:"Administer Layout Builder Component Attributes";s:12:"\\000*\\000arguments";a:0:{}s:10:"\\000*\\000options";a:0:{}}	Drupal\\Core\\Menu\\MenuLinkDefault	a:0:{}	layout_builder_component_attributes	1	1	0	0	a:0:{}	0	4	3	12	35	304	0	0	0	0	0	Drupal\\Core\\Menu\\Form\\MenuLinkDefaultForm
admin	65	varbase_core.general_settings	varbase_core.settings_index	varbase_core.general_settings		a:0:{}		O:48:"Drupal\\\\Core\\\\StringTranslation\\\\TranslatableMarkup":3:{s:9:"\\000*\\000string";s:24:"Varbase general settings";s:12:"\\000*\\000arguments";a:0:{}s:10:"\\000*\\000options";a:0:{}}	O:48:"Drupal\\\\Core\\\\StringTranslation\\\\TranslatableMarkup":3:{s:9:"\\000*\\000string";s:37:"Configuring Varbase general settings.";s:12:"\\000*\\000arguments";a:0:{}s:10:"\\000*\\000options";a:0:{}}	Drupal\\Core\\Menu\\MenuLinkDefault	a:0:{}	varbase_core	1	1	0	-1000	a:0:{}	0	4	3	12	64	65	0	0	0	0	0	Drupal\\Core\\Menu\\Form\\MenuLinkDefaultForm
admin	66	entity.field_storage_config.collection	system.admin_reports	entity.field_storage_config.collection		a:0:{}		O:48:"Drupal\\\\Core\\\\StringTranslation\\\\TranslatableMarkup":3:{s:9:"\\000*\\000string";s:10:"Field list";s:12:"\\000*\\000arguments";a:0:{}s:10:"\\000*\\000options";a:0:{}}	O:48:"Drupal\\\\Core\\\\StringTranslation\\\\TranslatableMarkup":3:{s:9:"\\000*\\000string";s:39:"Overview of fields on all entity types.";s:12:"\\000*\\000arguments";a:0:{}s:10:"\\000*\\000options";a:0:{}}	Drupal\\Core\\Menu\\MenuLinkDefault	a:0:{}	field_ui	1	1	0	0	a:0:{}	1	3	3	39	66	0	0	0	0	0	0	Drupal\\Core\\Menu\\Form\\MenuLinkDefaultForm
admin	305	layout_builder_restrictions.admin_config	system.admin_config_content	layout_builder_restrictions.restriction_plugin_config_form		a:0:{}		O:48:"Drupal\\\\Core\\\\StringTranslation\\\\TranslatableMarkup":3:{s:9:"\\000*\\000string";s:27:"Layout Builder Restrictions";s:12:"\\000*\\000arguments";a:0:{}s:10:"\\000*\\000options";a:0:{}}	O:48:"Drupal\\\\Core\\\\StringTranslation\\\\TranslatableMarkup":3:{s:9:"\\000*\\000string";s:73:"Manage which Layout Builder Restrictions plugins run, and in which order.";s:12:"\\000*\\000arguments";a:0:{}s:10:"\\000*\\000options";a:0:{}}	Drupal\\Core\\Menu\\MenuLinkDefault	a:0:{}	layout_builder_restrictions	1	1	0	0	a:0:{}	0	4	3	12	35	305	0	0	0	0	0	Drupal\\Core\\Menu\\Form\\MenuLinkDefaultForm
admin	67	update.status	system.admin_reports	update.status		a:0:{}		O:48:"Drupal\\\\Core\\\\StringTranslation\\\\TranslatableMarkup":3:{s:9:"\\000*\\000string";s:17:"Available updates";s:12:"\\000*\\000arguments";a:0:{}s:10:"\\000*\\000options";a:0:{}}	O:48:"Drupal\\\\Core\\\\StringTranslation\\\\TranslatableMarkup":3:{s:9:"\\000*\\000string";s:82:"Get a status report about available updates for your installed modules and themes.";s:12:"\\000*\\000arguments";a:0:{}s:10:"\\000*\\000options";a:0:{}}	Drupal\\Core\\Menu\\MenuLinkDefault	a:0:{}	update	1	1	0	-50	a:0:{}	0	3	3	39	67	0	0	0	0	0	0	Drupal\\Core\\Menu\\Form\\MenuLinkDefaultForm
admin	12	system.admin_config	system.admin	system.admin_config		a:0:{}		O:48:"Drupal\\\\Core\\\\StringTranslation\\\\TranslatableMarkup":3:{s:9:"\\000*\\000string";s:13:"Configuration";s:12:"\\000*\\000arguments";a:0:{}s:10:"\\000*\\000options";a:0:{}}	O:48:"Drupal\\\\Core\\\\StringTranslation\\\\TranslatableMarkup":3:{s:9:"\\000*\\000string";s:20:"Administer settings.";s:12:"\\000*\\000arguments";a:0:{}s:10:"\\000*\\000options";a:0:{}}	Drupal\\Core\\Menu\\MenuLinkDefault	a:0:{}	system	1	1	0	0	a:0:{}	1	2	3	12	0	0	0	0	0	0	0	Drupal\\Core\\Menu\\Form\\MenuLinkDefaultForm
admin	306	varbase_layout_builder.settings	varbase_core.settings_index	varbase_layout_builder.settings		a:0:{}		O:48:"Drupal\\\\Core\\\\StringTranslation\\\\TranslatableMarkup":3:{s:9:"\\000*\\000string";s:31:"Varbase Layout Builder settings";s:12:"\\000*\\000arguments";a:0:{}s:10:"\\000*\\000options";a:0:{}}	O:48:"Drupal\\\\Core\\\\StringTranslation\\\\TranslatableMarkup":3:{s:9:"\\000*\\000string";s:35:"Configuring Varbase Layout Builder.";s:12:"\\000*\\000arguments";a:0:{}s:10:"\\000*\\000options";a:0:{}}	Drupal\\Core\\Menu\\MenuLinkDefault	a:0:{}	varbase_layout_builder	1	1	0	0	a:0:{}	0	4	3	12	64	306	0	0	0	0	0	Drupal\\Core\\Menu\\Form\\MenuLinkDefaultForm
admin	91	entity.linkit_profile.collection	system.admin_config_content	entity.linkit_profile.collection		a:0:{}		O:48:"Drupal\\\\Core\\\\StringTranslation\\\\TranslatableMarkup":3:{s:9:"\\000*\\000string";s:6:"Linkit";s:12:"\\000*\\000arguments";a:0:{}s:10:"\\000*\\000options";a:0:{}}	O:48:"Drupal\\\\Core\\\\StringTranslation\\\\TranslatableMarkup":3:{s:9:"\\000*\\000string";s:23:"Manage Linkit profiles.";s:12:"\\000*\\000arguments";a:0:{}s:10:"\\000*\\000options";a:0:{}}	Drupal\\Core\\Menu\\MenuLinkDefault	a:0:{}	linkit	1	1	0	0	a:0:{}	0	4	3	12	35	91	0	0	0	0	0	Drupal\\Core\\Menu\\Form\\MenuLinkDefaultForm
admin	73	ui_patterns_library.overview	ui_suite.index	ui_patterns.patterns.overview		a:0:{}		O:48:"Drupal\\\\Core\\\\StringTranslation\\\\TranslatableMarkup":3:{s:9:"\\000*\\000string";s:8:"Patterns";s:12:"\\000*\\000arguments";a:0:{}s:10:"\\000*\\000options";a:0:{}}	O:48:"Drupal\\\\Core\\\\StringTranslation\\\\TranslatableMarkup":3:{s:9:"\\000*\\000string";s:47:"See a list of patterns which exist on the site.";s:12:"\\000*\\000arguments";a:0:{}s:10:"\\000*\\000options";a:0:{}}	Drupal\\Core\\Menu\\MenuLinkDefault	a:0:{}	ui_patterns_library	1	1	0	0	a:0:{}	0	4	3	10	72	73	0	0	0	0	0	Drupal\\Core\\Menu\\Form\\MenuLinkDefaultForm
admin	72	ui_suite.index	system.themes_page	ui_suite.index		a:0:{}		O:48:"Drupal\\\\Core\\\\StringTranslation\\\\TranslatableMarkup":3:{s:9:"\\000*\\000string";s:12:"UI libraries";s:12:"\\000*\\000arguments";a:0:{}s:10:"\\000*\\000options";a:0:{}}	O:48:"Drupal\\\\Core\\\\StringTranslation\\\\TranslatableMarkup":3:{s:9:"\\000*\\000string";s:24:"Design system libraries.";s:12:"\\000*\\000arguments";a:0:{}s:10:"\\000*\\000options";a:0:{}}	Drupal\\Core\\Menu\\MenuLinkDefault	a:0:{}	ui_patterns_library	1	1	0	0	a:0:{}	1	3	3	10	72	0	0	0	0	0	0	Drupal\\Core\\Menu\\Form\\MenuLinkDefaultForm
admin	64	varbase_core.settings_index	system.admin_config	varbase_core.settings_index		a:0:{}		O:48:"Drupal\\\\Core\\\\StringTranslation\\\\TranslatableMarkup":3:{s:9:"\\000*\\000string";s:16:"Varbase settings";s:12:"\\000*\\000arguments";a:0:{}s:10:"\\000*\\000options";a:0:{}}	O:48:"Drupal\\\\Core\\\\StringTranslation\\\\TranslatableMarkup":3:{s:9:"\\000*\\000string";s:29:"Configuring Varbase settings.";s:12:"\\000*\\000arguments";a:0:{}s:10:"\\000*\\000options";a:0:{}}	Drupal\\Core\\Menu\\MenuLinkDefault	a:0:{}	varbase_core	1	1	0	0	a:0:{}	1	3	3	12	64	0	0	0	0	0	0	Drupal\\Core\\Menu\\Form\\MenuLinkDefaultForm
admin	74	ckeditor_media_embed.ckeditor_media_embed_settings_form	system.admin_config_media	ckeditor_media_embed.ckeditor_media_embed_settings_form		a:0:{}		O:48:"Drupal\\\\Core\\\\StringTranslation\\\\TranslatableMarkup":3:{s:9:"\\000*\\000string";s:20:"CKEditor Media Embed";s:12:"\\000*\\000arguments";a:0:{}s:10:"\\000*\\000options";a:0:{}}	O:48:"Drupal\\\\Core\\\\StringTranslation\\\\TranslatableMarkup":3:{s:9:"\\000*\\000string";s:59:"Configure provider to use with CKEditor Media Embed plugin.";s:12:"\\000*\\000arguments";a:0:{}s:10:"\\000*\\000options";a:0:{}}	Drupal\\Core\\Menu\\MenuLinkDefault	a:0:{}	ckeditor_media_embed	1	1	0	0	a:0:{}	0	4	3	12	13	74	0	0	0	0	0	Drupal\\Core\\Menu\\Form\\MenuLinkDefaultForm
admin	454	admin_toolbar_tools.extra_links:entity.entity_form_display.entity_subqueue.defaultvarbase_heroslider	admin_toolbar_tools.extra_links:entity.entity_queue.edit_form.varbase_heroslider	entity.entity_form_display.entity_subqueue.default	entity_queue=varbase_heroslider	a:1:{s:12:"entity_queue";s:18:"varbase_heroslider";}		O:48:"Drupal\\\\Core\\\\StringTranslation\\\\TranslatableMarkup":3:{s:9:"\\000*\\000string";s:19:"Manage form display";s:12:"\\000*\\000arguments";a:0:{}s:10:"\\000*\\000options";a:0:{}}	s:0:"";	Drupal\\Core\\Menu\\MenuLinkDefault	a:0:{}	admin_toolbar_tools	1	1	0	2	a:0:{}	0	5	3	6	44	452	454	0	0	0	0	Drupal\\Core\\Menu\\Form\\MenuLinkDefaultForm
admin	75	crop.overview_types	system.admin_config_media	crop.overview_types		a:0:{}		O:48:"Drupal\\\\Core\\\\StringTranslation\\\\TranslatableMarkup":3:{s:9:"\\000*\\000string";s:10:"Crop types";s:12:"\\000*\\000arguments";a:0:{}s:10:"\\000*\\000options";a:0:{}}	O:48:"Drupal\\\\Core\\\\StringTranslation\\\\TranslatableMarkup":3:{s:9:"\\000*\\000string";s:18:"Manage crop types.";s:12:"\\000*\\000arguments";a:0:{}s:10:"\\000*\\000options";a:0:{}}	Drupal\\Core\\Menu\\MenuLinkDefault	a:0:{}	crop	1	1	0	0	a:0:{}	0	4	3	12	13	75	0	0	0	0	0	Drupal\\Core\\Menu\\Form\\MenuLinkDefaultForm
admin	388	admin_toolbar_tools.extra_links:entity.block_content_type.delete_form.varbase_accordion_block	admin_toolbar_tools.extra_links:entity.block_content_type.edit_form.varbase_accordion_block	entity.block_content_type.delete_form	block_content_type=varbase_accordion_block	a:1:{s:18:"block_content_type";s:23:"varbase_accordion_block";}		O:48:"Drupal\\\\Core\\\\StringTranslation\\\\TranslatableMarkup":3:{s:9:"\\000*\\000string";s:6:"Delete";s:12:"\\000*\\000arguments";a:0:{}s:10:"\\000*\\000options";a:0:{}}	s:0:"";	Drupal\\Core\\Menu\\MenuLinkDefault	a:0:{}	admin_toolbar_tools	1	1	0	5	a:0:{}	0	5	3	6	8	383	388	0	0	0	0	Drupal\\Core\\Menu\\Form\\MenuLinkDefaultForm
admin	383	admin_toolbar_tools.extra_links:entity.block_content_type.edit_form.varbase_accordion_block	entity.block_content_type.collection	entity.block_content_type.edit_form	block_content_type=varbase_accordion_block	a:1:{s:18:"block_content_type";s:23:"varbase_accordion_block";}		s:0:"";	s:0:"";	Drupal\\admin_toolbar_tools\\Plugin\\Menu\\MenuLinkEntity	a:0:{}	admin_toolbar_tools	1	1	0	0	a:2:{s:11:"entity_type";s:18:"block_content_type";s:9:"entity_id";s:23:"varbase_accordion_block";}	1	4	3	6	8	383	0	0	0	0	0	Drupal\\Core\\Menu\\Form\\MenuLinkDefaultForm
admin	76	drimage_improved.settings	system.admin_config_media	drimage_improved.settings		a:0:{}		O:48:"Drupal\\\\Core\\\\StringTranslation\\\\TranslatableMarkup":3:{s:9:"\\000*\\000string";s:16:"Drimage settings";s:12:"\\000*\\000arguments";a:0:{}s:10:"\\000*\\000options";a:0:{}}	O:48:"Drupal\\\\Core\\\\StringTranslation\\\\TranslatableMarkup":3:{s:9:"\\000*\\000string";s:43:"Configure drimage_improved global settings.";s:12:"\\000*\\000arguments";a:0:{}s:10:"\\000*\\000options";a:0:{}}	Drupal\\Core\\Menu\\MenuLinkDefault	a:0:{}	drimage_improved	1	1	0	-10	a:0:{}	0	4	3	12	13	76	0	0	0	0	0	Drupal\\Core\\Menu\\Form\\MenuLinkDefaultForm
admin	77	media.settings	system.admin_config_media	media.settings		a:0:{}		O:48:"Drupal\\\\Core\\\\StringTranslation\\\\TranslatableMarkup":3:{s:9:"\\000*\\000string";s:14:"Media settings";s:12:"\\000*\\000arguments";a:0:{}s:10:"\\000*\\000options";a:0:{}}	O:48:"Drupal\\\\Core\\\\StringTranslation\\\\TranslatableMarkup":3:{s:9:"\\000*\\000string";s:22:"Manage media settings.";s:12:"\\000*\\000arguments";a:0:{}s:10:"\\000*\\000options";a:0:{}}	Drupal\\Core\\Menu\\MenuLinkDefault	a:0:{}	media	1	1	0	0	a:0:{}	0	4	3	12	13	77	0	0	0	0	0	Drupal\\Core\\Menu\\Form\\MenuLinkDefaultForm
admin	10	system.themes_page	system.admin	system.themes_page		a:0:{}		O:48:"Drupal\\\\Core\\\\StringTranslation\\\\TranslatableMarkup":3:{s:9:"\\000*\\000string";s:10:"Appearance";s:12:"\\000*\\000arguments";a:0:{}s:10:"\\000*\\000options";a:0:{}}	O:48:"Drupal\\\\Core\\\\StringTranslation\\\\TranslatableMarkup":3:{s:9:"\\000*\\000string";s:28:"Select and configure themes.";s:12:"\\000*\\000arguments";a:0:{}s:10:"\\000*\\000options";a:0:{}}	Drupal\\Core\\Menu\\MenuLinkDefault	a:0:{}	system	1	1	0	-6	a:0:{}	1	2	3	10	0	0	0	0	0	0	0	Drupal\\Core\\Menu\\Form\\MenuLinkDefaultForm
admin	78	entity.media_bulk_config.collection	system.admin_config_media	entity.media_bulk_config.collection		a:0:{}		O:48:"Drupal\\\\Core\\\\StringTranslation\\\\TranslatableMarkup":3:{s:9:"\\000*\\000string";s:17:"Media Bulk Upload";s:12:"\\000*\\000arguments";a:0:{}s:10:"\\000*\\000options";a:0:{}}	O:48:"Drupal\\\\Core\\\\StringTranslation\\\\TranslatableMarkup":3:{s:9:"\\000*\\000string";s:34:"Configure media bulk upload forms.";s:12:"\\000*\\000arguments";a:0:{}s:10:"\\000*\\000options";a:0:{}}	Drupal\\Core\\Menu\\MenuLinkDefault	a:0:{}	media_bulk_upload	1	1	0	0	a:0:{}	0	4	3	12	13	78	0	0	0	0	0	Drupal\\Core\\Menu\\Form\\MenuLinkDefaultForm
admin	523	admin_toolbar_tools.extra_links:entity.entity_permissions_form.node.default.slideshow	admin_toolbar_tools.extra_links:entity.node_type.edit_form.slideshow	entity.node_type.entity_permissions_form	node_type=slideshow	a:1:{s:9:"node_type";s:9:"slideshow";}		O:48:"Drupal\\\\Core\\\\StringTranslation\\\\TranslatableMarkup":3:{s:9:"\\000*\\000string";s:18:"Manage permissions";s:12:"\\000*\\000arguments";a:0:{}s:10:"\\000*\\000options";a:0:{}}	s:0:"";	Drupal\\Core\\Menu\\MenuLinkDefault	a:0:{}	admin_toolbar_tools	1	1	0	3	a:0:{}	0	5	3	6	9	519	523	0	0	0	0	Drupal\\Core\\Menu\\Form\\MenuLinkDefaultForm
admin	79	media_library.settings	system.admin_config_media	media_library.settings		a:0:{}		O:48:"Drupal\\\\Core\\\\StringTranslation\\\\TranslatableMarkup":3:{s:9:"\\000*\\000string";s:22:"Media Library settings";s:12:"\\000*\\000arguments";a:0:{}s:10:"\\000*\\000options";a:0:{}}	O:48:"Drupal\\\\Core\\\\StringTranslation\\\\TranslatableMarkup":3:{s:9:"\\000*\\000string";s:30:"Manage Media Library settings.";s:12:"\\000*\\000arguments";a:0:{}s:10:"\\000*\\000options";a:0:{}}	Drupal\\Core\\Menu\\MenuLinkDefault	a:0:{}	media_library	1	1	0	0	a:0:{}	0	4	3	12	13	79	0	0	0	0	0	Drupal\\Core\\Menu\\Form\\MenuLinkDefaultForm
admin	307	admin_toolbar_tools.extra_links:block_content.add.varbase_rich_text_block	admin_toolbar_tools.extra_links:add_block	block_content.add_form	block_content_type=varbase_rich_text_block	a:1:{s:18:"block_content_type";s:23:"varbase_rich_text_block";}		s:0:"";	s:0:"";	Drupal\\admin_toolbar_tools\\Plugin\\Menu\\MenuLinkEntity	a:0:{}	admin_toolbar_tools	1	1	0	0	a:2:{s:11:"entity_type";s:18:"block_content_type";s:9:"entity_id";s:23:"varbase_rich_text_block";}	0	5	3	5	100	101	307	0	0	0	0	Drupal\\Core\\Menu\\Form\\MenuLinkDefaultForm
admin	80	webp.settings_form	system.admin_config_media	webp.settings_form		a:0:{}		O:48:"Drupal\\\\Core\\\\StringTranslation\\\\TranslatableMarkup":3:{s:9:"\\000*\\000string";s:4:"WebP";s:12:"\\000*\\000arguments";a:0:{}s:10:"\\000*\\000options";a:0:{}}	O:48:"Drupal\\\\Core\\\\StringTranslation\\\\TranslatableMarkup":3:{s:9:"\\000*\\000string";s:22:"Configure WebP module.";s:12:"\\000*\\000arguments";a:0:{}s:10:"\\000*\\000options";a:0:{}}	Drupal\\Core\\Menu\\MenuLinkDefault	a:0:{}	webp	1	1	0	99	a:0:{}	0	4	3	12	13	80	0	0	0	0	0	Drupal\\Core\\Menu\\Form\\MenuLinkDefaultForm
admin	81	project_browser.settings	system.admin_config_development	project_browser.settings		a:0:{}		O:48:"Drupal\\\\Core\\\\StringTranslation\\\\TranslatableMarkup":3:{s:9:"\\000*\\000string";s:15:"Project Browser";s:12:"\\000*\\000arguments";a:0:{}s:10:"\\000*\\000options";a:0:{}}	O:48:"Drupal\\\\Core\\\\StringTranslation\\\\TranslatableMarkup":3:{s:9:"\\000*\\000string";s:38:"Configure the Project Browser settings";s:12:"\\000*\\000arguments";a:0:{}s:10:"\\000*\\000options";a:0:{}}	Drupal\\Core\\Menu\\MenuLinkDefault	a:0:{}	project_browser	1	1	0	0	a:0:{}	0	4	3	12	20	81	0	0	0	0	0	Drupal\\Core\\Menu\\Form\\MenuLinkDefaultForm
admin	82	cl_components.settings	system.admin_config_ui	cl_components.settings		a:0:{}		O:48:"Drupal\\\\Core\\\\StringTranslation\\\\TranslatableMarkup":3:{s:9:"\\000*\\000string";s:13:"CL Components";s:12:"\\000*\\000arguments";a:0:{}s:10:"\\000*\\000options";a:0:{}}	O:48:"Drupal\\\\Core\\\\StringTranslation\\\\TranslatableMarkup":3:{s:9:"\\000*\\000string";s:38:"Settings for the CL Components module.";s:12:"\\000*\\000arguments";a:0:{}s:10:"\\000*\\000options";a:0:{}}	Drupal\\Core\\Menu\\MenuLinkDefault	a:0:{}	cl_components	1	1	0	10	a:0:{}	0	4	3	12	33	82	0	0	0	0	0	Drupal\\Core\\Menu\\Form\\MenuLinkDefaultForm
admin	309	admin_toolbar_tools.extra_links:entity.block_content.field_ui_fieldsvarbase_rich_text_block	admin_toolbar_tools.extra_links:entity.block_content_type.edit_form.varbase_rich_text_block	entity.block_content.field_ui_fields	block_content_type=varbase_rich_text_block	a:1:{s:18:"block_content_type";s:23:"varbase_rich_text_block";}		O:48:"Drupal\\\\Core\\\\StringTranslation\\\\TranslatableMarkup":3:{s:9:"\\000*\\000string";s:13:"Manage fields";s:12:"\\000*\\000arguments";a:0:{}s:10:"\\000*\\000options";a:0:{}}	s:0:"";	Drupal\\Core\\Menu\\MenuLinkDefault	a:0:{}	admin_toolbar_tools	1	1	0	1	a:0:{}	0	5	3	6	8	308	309	0	0	0	0	Drupal\\Core\\Menu\\Form\\MenuLinkDefaultForm
admin	83	ckeditor5_plugin_pack.settings	system.admin_config_content	ckeditor5_plugin_pack.settings		a:0:{}		O:48:"Drupal\\\\Core\\\\StringTranslation\\\\TranslatableMarkup":3:{s:9:"\\000*\\000string";s:22:"CKEditor 5 Plugin Pack";s:12:"\\000*\\000arguments";a:0:{}s:10:"\\000*\\000options";a:0:{}}	O:48:"Drupal\\\\Core\\\\StringTranslation\\\\TranslatableMarkup":3:{s:9:"\\000*\\000string";s:44:"Configure the CKEditor 5 Plugin Pack module.";s:12:"\\000*\\000arguments";a:0:{}s:10:"\\000*\\000options";a:0:{}}	Drupal\\Core\\Menu\\MenuLinkDefault	a:0:{}	ckeditor5_plugin_pack	1	1	0	0	a:0:{}	0	4	3	12	35	83	0	0	0	0	0	Drupal\\Core\\Menu\\Form\\MenuLinkDefaultForm
admin	390	admin_toolbar_tools.extra_links:entity.paragraph.field_ui_fieldsaccordion_item	admin_toolbar_tools.extra_links:entity.paragraphs_type.edit_form.accordion_item	entity.paragraph.field_ui_fields	paragraphs_type=accordion_item	a:1:{s:15:"paragraphs_type";s:14:"accordion_item";}		O:48:"Drupal\\\\Core\\\\StringTranslation\\\\TranslatableMarkup":3:{s:9:"\\000*\\000string";s:13:"Manage fields";s:12:"\\000*\\000arguments";a:0:{}s:10:"\\000*\\000options";a:0:{}}	s:0:"";	Drupal\\Core\\Menu\\MenuLinkDefault	a:0:{}	admin_toolbar_tools	1	1	0	1	a:0:{}	0	5	3	6	314	389	390	0	0	0	0	Drupal\\Core\\Menu\\Form\\MenuLinkDefaultForm
admin	85	ckeditor5_premium_features.form.settings_general	ckeditor5_premium_features.form.settings	ckeditor5_premium_features.form.settings_general		a:0:{}		O:48:"Drupal\\\\Core\\\\StringTranslation\\\\TranslatableMarkup":3:{s:9:"\\000*\\000string";s:16:"General Settings";s:12:"\\000*\\000arguments";a:0:{}s:10:"\\000*\\000options";a:0:{}}	O:48:"Drupal\\\\Core\\\\StringTranslation\\\\TranslatableMarkup":3:{s:9:"\\000*\\000string";s:75:"General configuration for all premium features (such as license keys etc.).";s:12:"\\000*\\000arguments";a:0:{}s:10:"\\000*\\000options";a:0:{}}	Drupal\\Core\\Menu\\MenuLinkDefault	a:0:{}	ckeditor5_premium_features	1	1	0	20	a:0:{}	0	5	3	12	35	84	85	0	0	0	0	Drupal\\Core\\Menu\\Form\\MenuLinkDefaultForm
admin	86	ckeditor5_premium_features_wproofreader.form.settings	ckeditor5_premium_features.form.settings	ckeditor5_premium_features_wproofreader.form.settings		a:0:{}		O:48:"Drupal\\\\Core\\\\StringTranslation\\\\TranslatableMarkup":3:{s:9:"\\000*\\000string";s:41:"WProofreader spelling and grammar checker";s:12:"\\000*\\000arguments";a:0:{}s:10:"\\000*\\000options";a:0:{}}	O:48:"Drupal\\\\Core\\\\StringTranslation\\\\TranslatableMarkup":3:{s:9:"\\000*\\000string";s:42:"CKEditor 5 WProofreader Configuration Form";s:12:"\\000*\\000arguments";a:0:{}s:10:"\\000*\\000options";a:0:{}}	Drupal\\Core\\Menu\\MenuLinkDefault	a:0:{}	ckeditor5_premium_features_wproofreader	1	1	0	34	a:0:{}	0	5	3	12	35	84	86	0	0	0	0	Drupal\\Core\\Menu\\Form\\MenuLinkDefaultForm
admin	102	admin_toolbar_tools.extra_links:block_content.add.basic	admin_toolbar_tools.extra_links:add_block	block_content.add_form	block_content_type=basic	a:1:{s:18:"block_content_type";s:5:"basic";}		s:0:"";	s:0:"";	Drupal\\admin_toolbar_tools\\Plugin\\Menu\\MenuLinkEntity	a:0:{}	admin_toolbar_tools	1	1	0	0	a:2:{s:11:"entity_type";s:18:"block_content_type";s:9:"entity_id";s:5:"basic";}	0	5	3	5	100	101	102	0	0	0	0	Drupal\\Core\\Menu\\Form\\MenuLinkDefaultForm
admin	116	admin_toolbar_tools.extra_links:entity.entity_view_display.block_content.default.basic	admin_toolbar_tools.extra_links:entity.block_content_type.edit_form.basic	entity.entity_view_display.block_content.default	block_content_type=basic	a:1:{s:18:"block_content_type";s:5:"basic";}		O:48:"Drupal\\\\Core\\\\StringTranslation\\\\TranslatableMarkup":3:{s:9:"\\000*\\000string";s:14:"Manage display";s:12:"\\000*\\000arguments";a:0:{}s:10:"\\000*\\000options";a:0:{}}	s:0:"";	Drupal\\Core\\Menu\\MenuLinkDefault	a:0:{}	admin_toolbar_tools	1	1	0	3	a:0:{}	0	5	3	6	8	113	116	0	0	0	0	Drupal\\Core\\Menu\\Form\\MenuLinkDefaultForm
admin	84	ckeditor5_premium_features.form.settings	system.admin_config_content	ckeditor5_premium_features.form.settings		a:0:{}		O:48:"Drupal\\\\Core\\\\StringTranslation\\\\TranslatableMarkup":3:{s:9:"\\000*\\000string";s:27:"CKEditor 5 Premium Features";s:12:"\\000*\\000arguments";a:0:{}s:10:"\\000*\\000options";a:0:{}}	O:48:"Drupal\\\\Core\\\\StringTranslation\\\\TranslatableMarkup":3:{s:9:"\\000*\\000string";s:95:"Setup additional features such as Real-time collaboration, Track changes or Export to PDF/Word.";s:12:"\\000*\\000arguments";a:0:{}s:10:"\\000*\\000options";a:0:{}}	Drupal\\Core\\Menu\\MenuLinkDefault	a:0:{}	ckeditor5_premium_features	1	1	0	20	a:0:{}	1	4	3	12	35	84	0	0	0	0	0	Drupal\\Core\\Menu\\Form\\MenuLinkDefaultForm
admin	163	admin_toolbar_tools.extra_links:entity.menu.edit_form.main	entity.menu.collection	entity.menu.edit_form	menu=main	a:1:{s:4:"menu";s:4:"main";}		s:0:"";	s:0:"";	Drupal\\admin_toolbar_tools\\Plugin\\Menu\\MenuLinkEntity	a:0:{}	admin_toolbar_tools	1	1	0	3	a:2:{s:11:"entity_type";s:4:"menu";s:9:"entity_id";s:4:"main";}	1	4	3	6	48	163	0	0	0	0	0	Drupal\\Core\\Menu\\Form\\MenuLinkDefaultForm
admin	87	entity.embed_button.collection	system.admin_config_content	entity.embed_button.collection		a:0:{}		O:48:"Drupal\\\\Core\\\\StringTranslation\\\\TranslatableMarkup":3:{s:9:"\\000*\\000string";s:25:"Text editor embed buttons";s:12:"\\000*\\000arguments";a:0:{}s:10:"\\000*\\000options";a:0:{}}	O:48:"Drupal\\\\Core\\\\StringTranslation\\\\TranslatableMarkup":3:{s:9:"\\000*\\000string";s:33:"Manage text editor embed buttons.";s:12:"\\000*\\000arguments";a:0:{}s:10:"\\000*\\000options";a:0:{}}	Drupal\\Core\\Menu\\MenuLinkDefault	a:0:{}	embed	1	1	0	10	a:0:{}	0	4	3	12	35	87	0	0	0	0	0	Drupal\\Core\\Menu\\Form\\MenuLinkDefaultForm
admin	88	entity.entity_browser.collection	system.admin_config_content	entity.entity_browser.collection		a:0:{}		O:48:"Drupal\\\\Core\\\\StringTranslation\\\\TranslatableMarkup":3:{s:9:"\\000*\\000string";s:15:"Entity browsers";s:12:"\\000*\\000arguments";a:0:{}s:10:"\\000*\\000options";a:0:{}}	O:48:"Drupal\\\\Core\\\\StringTranslation\\\\TranslatableMarkup":3:{s:9:"\\000*\\000string";s:23:"Manage entity browsers.";s:12:"\\000*\\000arguments";a:0:{}s:10:"\\000*\\000options";a:0:{}}	Drupal\\Core\\Menu\\MenuLinkDefault	a:0:{}	entity_browser	1	1	0	0	a:0:{}	0	4	3	12	35	88	0	0	0	0	0	Drupal\\Core\\Menu\\Form\\MenuLinkDefaultForm
admin	626	admin_toolbar_tools.extra_links:views_ui.slide_feedback	entity.view.collection	entity.view.edit_form	view=slide_feedback	a:1:{s:4:"view";s:14:"slide_feedback";}		s:14:"Slide Feedback";	s:0:"";	Drupal\\Core\\Menu\\MenuLinkDefault	a:0:{}	admin_toolbar_tools	1	1	0	0	a:0:{}	0	4	3	6	467	626	0	0	0	0	0	Drupal\\Core\\Menu\\Form\\MenuLinkDefaultForm
admin	90	entity_clone.cloneable_entities	entity_clone.settings	entity_clone.cloneable_entities		a:0:{}		O:48:"Drupal\\\\Core\\\\StringTranslation\\\\TranslatableMarkup":3:{s:9:"\\000*\\000string";s:18:"Cloneable entities";s:12:"\\000*\\000arguments";a:0:{}s:10:"\\000*\\000options";a:0:{}}	O:48:"Drupal\\\\Core\\\\StringTranslation\\\\TranslatableMarkup":3:{s:9:"\\000*\\000string";s:40:"Entity clone cloneable entities setting.";s:12:"\\000*\\000arguments";a:0:{}s:10:"\\000*\\000options";a:0:{}}	Drupal\\Core\\Menu\\MenuLinkDefault	a:0:{}	entity_clone	1	1	0	0	a:0:{}	0	5	3	12	35	89	90	0	0	0	0	Drupal\\Core\\Menu\\Form\\MenuLinkDefaultForm
admin	89	entity_clone.settings	system.admin_config_content	entity_clone.settings		a:0:{}		O:48:"Drupal\\\\Core\\\\StringTranslation\\\\TranslatableMarkup":3:{s:9:"\\000*\\000string";s:21:"Entity clone settings";s:12:"\\000*\\000arguments";a:0:{}s:10:"\\000*\\000options";a:0:{}}	O:48:"Drupal\\\\Core\\\\StringTranslation\\\\TranslatableMarkup":3:{s:9:"\\000*\\000string";s:22:"Entity clone settings.";s:12:"\\000*\\000arguments";a:0:{}s:10:"\\000*\\000options";a:0:{}}	Drupal\\Core\\Menu\\MenuLinkDefault	a:0:{}	entity_clone	1	1	0	0	a:0:{}	1	4	3	12	35	89	0	0	0	0	0	Drupal\\Core\\Menu\\Form\\MenuLinkDefaultForm
admin	156	admin_toolbar_tools.extra_links:entity.media_type.delete_form.video	admin_toolbar_tools.extra_links:entity.media_type.edit_form.video	entity.media_type.delete_form	media_type=video	a:1:{s:10:"media_type";s:5:"video";}		O:48:"Drupal\\\\Core\\\\StringTranslation\\\\TranslatableMarkup":3:{s:9:"\\000*\\000string";s:6:"Delete";s:12:"\\000*\\000arguments";a:0:{}s:10:"\\000*\\000options";a:0:{}}	s:0:"";	Drupal\\Core\\Menu\\MenuLinkDefault	a:0:{}	admin_toolbar_tools	1	1	0	5	a:0:{}	0	5	3	6	69	151	156	0	0	0	0	Drupal\\Core\\Menu\\Form\\MenuLinkDefaultForm
admin	151	admin_toolbar_tools.extra_links:entity.media_type.edit_form.video	entity.media_type.collection	entity.media_type.edit_form	media_type=video	a:1:{s:10:"media_type";s:5:"video";}		s:0:"";	s:0:"";	Drupal\\admin_toolbar_tools\\Plugin\\Menu\\MenuLinkEntity	a:0:{}	admin_toolbar_tools	1	1	0	0	a:2:{s:11:"entity_type";s:10:"media_type";s:9:"entity_id";s:5:"video";}	1	4	3	6	69	151	0	0	0	0	0	Drupal\\Core\\Menu\\Form\\MenuLinkDefaultForm
admin	157	admin_toolbar_tools.extra_links:media.type_add	entity.media_type.collection	entity.media_type.add_form		a:0:{}		O:48:"Drupal\\\\Core\\\\StringTranslation\\\\TranslatableMarkup":3:{s:9:"\\000*\\000string";s:14:"Add media type";s:12:"\\000*\\000arguments";a:0:{}s:10:"\\000*\\000options";a:0:{}}	s:0:"";	Drupal\\Core\\Menu\\MenuLinkDefault	a:0:{}	admin_toolbar_tools	1	1	0	-2	a:0:{}	0	4	3	6	69	157	0	0	0	0	0	Drupal\\Core\\Menu\\Form\\MenuLinkDefaultForm
admin	69	entity.media_type.collection	system.admin_structure	entity.media_type.collection		a:0:{}		O:48:"Drupal\\\\Core\\\\StringTranslation\\\\TranslatableMarkup":3:{s:9:"\\000*\\000string";s:11:"Media types";s:12:"\\000*\\000arguments";a:0:{}s:10:"\\000*\\000options";a:0:{}}	O:48:"Drupal\\\\Core\\\\StringTranslation\\\\TranslatableMarkup":3:{s:9:"\\000*\\000string";s:19:"Manage media types.";s:12:"\\000*\\000arguments";a:0:{}s:10:"\\000*\\000options";a:0:{}}	Drupal\\Core\\Menu\\MenuLinkDefault	a:0:{}	media	1	1	0	0	a:0:{}	1	3	3	6	69	0	0	0	0	0	0	Drupal\\Core\\Menu\\Form\\MenuLinkDefaultForm
admin	158	admin_toolbar_tools.extra_links:entity.menu.add_form	entity.menu.collection	entity.menu.add_form		a:0:{}		O:48:"Drupal\\\\Core\\\\StringTranslation\\\\TranslatableMarkup":3:{s:9:"\\000*\\000string";s:8:"Add menu";s:12:"\\000*\\000arguments";a:0:{}s:10:"\\000*\\000options";a:0:{}}	s:0:"";	Drupal\\Core\\Menu\\MenuLinkDefault	a:0:{}	admin_toolbar_tools	1	1	0	-2	a:0:{}	0	4	3	6	48	158	0	0	0	0	0	Drupal\\Core\\Menu\\Form\\MenuLinkDefaultForm
admin	610	admin_toolbar_tools.extra_links:node.add.new	admin_toolbar_tools.extra_links:node.add	node.add	node_type=new	a:1:{s:9:"node_type";s:3:"new";}		s:0:"";	s:0:"";	Drupal\\admin_toolbar_tools\\Plugin\\Menu\\MenuLinkEntity	a:0:{}	admin_toolbar_tools	1	1	0	0	a:2:{s:11:"entity_type";s:9:"node_type";s:9:"entity_id";s:3:"new";}	0	4	3	5	99	610	0	0	0	0	0	Drupal\\Core\\Menu\\Form\\MenuLinkDefaultForm
main	409	menu_link_content:578d1d01-9ff2-4e3a-8692-9b1d240d93c9		\N		a:0:{}	https://www.nxgn.co.th/nxweb-detail	s:11:"About nxWEB";	\N	Drupal\\menu_link_content\\Plugin\\Menu\\MenuLinkContent	a:1:{s:8:"external";b:1;}	menu_link_content	0	0	0	-43	a:1:{s:9:"entity_id";s:1:"5";}	0	1	409	0	0	0	0	0	0	0	0	\\Drupal\\menu_link_content\\Form\\MenuLinkContentForm
admin	310	admin_toolbar_tools.extra_links:entity.entity_form_display.block_content.defaultvarbase_rich_text_block	admin_toolbar_tools.extra_links:entity.block_content_type.edit_form.varbase_rich_text_block	entity.entity_form_display.block_content.default	block_content_type=varbase_rich_text_block	a:1:{s:18:"block_content_type";s:23:"varbase_rich_text_block";}		O:48:"Drupal\\\\Core\\\\StringTranslation\\\\TranslatableMarkup":3:{s:9:"\\000*\\000string";s:19:"Manage form display";s:12:"\\000*\\000arguments";a:0:{}s:10:"\\000*\\000options";a:0:{}}	s:0:"";	Drupal\\Core\\Menu\\MenuLinkDefault	a:0:{}	admin_toolbar_tools	1	1	0	2	a:0:{}	0	5	3	6	8	308	310	0	0	0	0	Drupal\\Core\\Menu\\Form\\MenuLinkDefaultForm
social-media-menu	405	menu_link_content:94daa4db-f633-4cf1-be9f-780ac6b140f4		\N		a:0:{}	https://x.com/Vardot	s:9:"X-Twitter";	\N	Drupal\\menu_link_content\\Plugin\\Menu\\MenuLinkContent	a:2:{s:10:"attributes";a:2:{s:6:"target";s:6:"_blank";s:5:"class";a:5:{i:0;s:2:"bi";i:1;s:12:"bi-twitter-x";i:2;s:4:"fs-4";i:3;s:4:"ps-2";i:4;s:4:"pe-1";}}s:8:"external";b:1;}	menu_link_content	1	0	0	4	a:1:{s:9:"entity_id";s:1:"1";}	0	1	405	0	0	0	0	0	0	0	0	\\Drupal\\menu_link_content\\Form\\MenuLinkContentForm
admin	92	pathologic.config_form	system.admin_config_content	pathologic.config_form		a:0:{}		O:48:"Drupal\\\\Core\\\\StringTranslation\\\\TranslatableMarkup":3:{s:9:"\\000*\\000string";s:24:"Pathologic configuration";s:12:"\\000*\\000arguments";a:0:{}s:10:"\\000*\\000options";a:0:{}}	O:48:"Drupal\\\\Core\\\\StringTranslation\\\\TranslatableMarkup":3:{s:9:"\\000*\\000string";s:65:"Configure how Pathologic adjusts link and image paths in content.";s:12:"\\000*\\000arguments";a:0:{}s:10:"\\000*\\000options";a:0:{}}	Drupal\\Core\\Menu\\MenuLinkDefault	a:0:{}	pathologic	1	1	0	0	a:0:{}	0	4	3	12	35	92	0	0	0	0	0	Drupal\\Core\\Menu\\Form\\MenuLinkDefaultForm
admin	311	admin_toolbar_tools.extra_links:entity.entity_view_display.block_content.default.varbase_rich_text_block	admin_toolbar_tools.extra_links:entity.block_content_type.edit_form.varbase_rich_text_block	entity.entity_view_display.block_content.default	block_content_type=varbase_rich_text_block	a:1:{s:18:"block_content_type";s:23:"varbase_rich_text_block";}		O:48:"Drupal\\\\Core\\\\StringTranslation\\\\TranslatableMarkup":3:{s:9:"\\000*\\000string";s:14:"Manage display";s:12:"\\000*\\000arguments";a:0:{}s:10:"\\000*\\000options";a:0:{}}	s:0:"";	Drupal\\Core\\Menu\\MenuLinkDefault	a:0:{}	admin_toolbar_tools	1	1	0	3	a:0:{}	0	5	3	6	8	308	311	0	0	0	0	Drupal\\Core\\Menu\\Form\\MenuLinkDefaultForm
admin	93	rabbit_hole.settings	system.admin_config_content	rabbit_hole.settings		a:0:{}		O:48:"Drupal\\\\Core\\\\StringTranslation\\\\TranslatableMarkup":3:{s:9:"\\000*\\000string";s:11:"Rabbit Hole";s:12:"\\000*\\000arguments";a:0:{}s:10:"\\000*\\000options";a:0:{}}	O:48:"Drupal\\\\Core\\\\StringTranslation\\\\TranslatableMarkup":3:{s:9:"\\000*\\000string";s:49:"Configure the behavior of entity canonical pages.";s:12:"\\000*\\000arguments";a:0:{}s:10:"\\000*\\000options";a:0:{}}	Drupal\\Core\\Menu\\MenuLinkDefault	a:0:{}	rabbit_hole	1	1	0	0	a:0:{}	0	4	3	12	35	93	0	0	0	0	0	Drupal\\Core\\Menu\\Form\\MenuLinkDefaultForm
footer	406	menu_link_content:99c9e313-c21e-4c02-b850-2c1ee03c1931		\N		a:0:{}	https://docs.varbase.vardot.com/?utm_source=varbase&utm_campaign=varbase%20default%20links	s:13:"Documentation";	\N	Drupal\\menu_link_content\\Plugin\\Menu\\MenuLinkContent	a:2:{s:10:"attributes";a:1:{s:5:"class";a:1:{i:0;s:5:"small";}}s:8:"external";b:1;}	menu_link_content	1	0	0	0	a:1:{s:9:"entity_id";s:1:"2";}	0	1	406	0	0	0	0	0	0	0	0	\\Drupal\\menu_link_content\\Form\\MenuLinkContentForm
admin	94	login_destination.list	user.admin_index	login_destination.list		a:0:{}		O:48:"Drupal\\\\Core\\\\StringTranslation\\\\TranslatableMarkup":3:{s:9:"\\000*\\000string";s:18:"Login destinations";s:12:"\\000*\\000arguments";a:0:{}s:10:"\\000*\\000options";a:0:{}}	O:48:"Drupal\\\\Core\\\\StringTranslation\\\\TranslatableMarkup":3:{s:9:"\\000*\\000string";s:69:"Customize the destination that the user is redirected to after login.";s:12:"\\000*\\000arguments";a:0:{}s:10:"\\000*\\000options";a:0:{}}	Drupal\\Core\\Menu\\MenuLinkDefault	a:0:{}	login_destination	1	1	0	-5	a:0:{}	0	4	3	12	37	94	0	0	0	0	0	Drupal\\Core\\Menu\\Form\\MenuLinkDefaultForm
social-media-menu	407	menu_link_content:91354cc0-d42d-4cbe-8bde-e96e0b026863		\N		a:0:{}	https://www.linkedin.com/company/vardot	s:8:"Linkedin";	\N	Drupal\\menu_link_content\\Plugin\\Menu\\MenuLinkContent	a:2:{s:10:"attributes";a:2:{s:6:"target";s:6:"_blank";s:5:"class";a:5:{i:0;s:2:"bi";i:1;s:11:"bi-linkedin";i:2;s:4:"fs-4";i:3;s:4:"ps-2";i:4;s:4:"pe-2";}}s:8:"external";b:1;}	menu_link_content	1	0	0	3	a:1:{s:9:"entity_id";s:1:"3";}	0	1	407	0	0	0	0	0	0	0	0	\\Drupal\\menu_link_content\\Form\\MenuLinkContentForm
social-media-menu	408	menu_link_content:26924f83-3e7f-4b4f-965b-75582517a497		\N		a:0:{}	https://www.instagram.com/vardotters/	s:9:"Instagram";	\N	Drupal\\menu_link_content\\Plugin\\Menu\\MenuLinkContent	a:2:{s:10:"attributes";a:2:{s:6:"target";s:6:"_blank";s:5:"class";a:5:{i:0;s:2:"bi";i:1;s:12:"bi-instagram";i:2;s:4:"fs-4";i:3;s:4:"ps-2";i:4;s:4:"pe-2";}}s:8:"external";b:1;}	menu_link_content	1	0	0	2	a:1:{s:9:"entity_id";s:1:"4";}	0	1	408	0	0	0	0	0	0	0	0	\\Drupal\\menu_link_content\\Form\\MenuLinkContentForm
footer	410	menu_link_content:2e776555-717a-40ae-9128-1bb0503f902c		\N		a:0:{}	https://www.vardot.com/form/get-support-varbase?utm_source=varbase&utm_campaign=varbase%20default%20links	s:24:"Get Professional Support";	\N	Drupal\\menu_link_content\\Plugin\\Menu\\MenuLinkContent	a:2:{s:10:"attributes";a:1:{s:5:"class";a:2:{i:0;s:7:"pe-lg-0";i:1;s:5:"small";}}s:8:"external";b:1;}	menu_link_content	1	0	0	0	a:1:{s:9:"entity_id";s:1:"6";}	0	1	410	0	0	0	0	0	0	0	0	\\Drupal\\menu_link_content\\Form\\MenuLinkContentForm
admin	100	admin_toolbar_tools.extra_links:block_content_page	system.admin_content	entity.block_content.collection		a:0:{}		O:48:"Drupal\\\\Core\\\\StringTranslation\\\\TranslatableMarkup":3:{s:9:"\\000*\\000string";s:6:"Blocks";s:12:"\\000*\\000arguments";a:0:{}s:10:"\\000*\\000options";a:0:{}}	s:0:"";	Drupal\\Core\\Menu\\MenuLinkDefault	a:0:{}	admin_toolbar_tools	1	1	0	0	a:0:{}	1	3	3	5	100	0	0	0	0	0	0	Drupal\\Core\\Menu\\Form\\MenuLinkDefaultForm
admin	455	admin_toolbar_tools.extra_links:entity.entity_view_display.entity_subqueue.default.varbase_heroslider	admin_toolbar_tools.extra_links:entity.entity_queue.edit_form.varbase_heroslider	entity.entity_view_display.entity_subqueue.default	entity_queue=varbase_heroslider	a:1:{s:12:"entity_queue";s:18:"varbase_heroslider";}		O:48:"Drupal\\\\Core\\\\StringTranslation\\\\TranslatableMarkup":3:{s:9:"\\000*\\000string";s:14:"Manage display";s:12:"\\000*\\000arguments";a:0:{}s:10:"\\000*\\000options";a:0:{}}	s:0:"";	Drupal\\Core\\Menu\\MenuLinkDefault	a:0:{}	admin_toolbar_tools	1	1	0	3	a:0:{}	0	5	3	6	44	452	455	0	0	0	0	Drupal\\Core\\Menu\\Form\\MenuLinkDefaultForm
admin	312	admin_toolbar_tools.extra_links:entity.entity_permissions_form.block_content.default.varbase_rich_text_block	admin_toolbar_tools.extra_links:entity.block_content_type.edit_form.varbase_rich_text_block	entity.block_content_type.entity_permissions_form	block_content_type=varbase_rich_text_block	a:1:{s:18:"block_content_type";s:23:"varbase_rich_text_block";}		O:48:"Drupal\\\\Core\\\\StringTranslation\\\\TranslatableMarkup":3:{s:9:"\\000*\\000string";s:18:"Manage permissions";s:12:"\\000*\\000arguments";a:0:{}s:10:"\\000*\\000options";a:0:{}}	s:0:"";	Drupal\\Core\\Menu\\MenuLinkDefault	a:0:{}	admin_toolbar_tools	1	1	0	3	a:0:{}	0	5	3	6	8	308	312	0	0	0	0	Drupal\\Core\\Menu\\Form\\MenuLinkDefaultForm
admin	524	admin_toolbar_tools.extra_links:entity.node_type.delete_form.slideshow	admin_toolbar_tools.extra_links:entity.node_type.edit_form.slideshow	entity.node_type.delete_form	node_type=slideshow	a:1:{s:9:"node_type";s:9:"slideshow";}		O:48:"Drupal\\\\Core\\\\StringTranslation\\\\TranslatableMarkup":3:{s:9:"\\000*\\000string";s:6:"Delete";s:12:"\\000*\\000arguments";a:0:{}s:10:"\\000*\\000options";a:0:{}}	s:0:"";	Drupal\\Core\\Menu\\MenuLinkDefault	a:0:{}	admin_toolbar_tools	1	1	0	5	a:0:{}	0	5	3	6	9	519	524	0	0	0	0	Drupal\\Core\\Menu\\Form\\MenuLinkDefaultForm
admin	313	admin_toolbar_tools.extra_links:entity.block_content_type.delete_form.varbase_rich_text_block	admin_toolbar_tools.extra_links:entity.block_content_type.edit_form.varbase_rich_text_block	entity.block_content_type.delete_form	block_content_type=varbase_rich_text_block	a:1:{s:18:"block_content_type";s:23:"varbase_rich_text_block";}		O:48:"Drupal\\\\Core\\\\StringTranslation\\\\TranslatableMarkup":3:{s:9:"\\000*\\000string";s:6:"Delete";s:12:"\\000*\\000arguments";a:0:{}s:10:"\\000*\\000options";a:0:{}}	s:0:"";	Drupal\\Core\\Menu\\MenuLinkDefault	a:0:{}	admin_toolbar_tools	1	1	0	5	a:0:{}	0	5	3	6	8	308	313	0	0	0	0	Drupal\\Core\\Menu\\Form\\MenuLinkDefaultForm
admin	104	admin_toolbar_tools.extra_links:media_library	admin_toolbar_tools.extra_links:media_page	view.media_library.page		a:0:{}		O:48:"Drupal\\\\Core\\\\StringTranslation\\\\TranslatableMarkup":3:{s:9:"\\000*\\000string";s:13:"Media library";s:12:"\\000*\\000arguments";a:0:{}s:10:"\\000*\\000options";a:0:{}}	s:0:"";	Drupal\\Core\\Menu\\MenuLinkDefault	a:0:{}	admin_toolbar_tools	1	1	0	0	a:0:{}	0	4	3	5	103	104	0	0	0	0	0	Drupal\\Core\\Menu\\Form\\MenuLinkDefaultForm
admin	308	admin_toolbar_tools.extra_links:entity.block_content_type.edit_form.varbase_rich_text_block	entity.block_content_type.collection	entity.block_content_type.edit_form	block_content_type=varbase_rich_text_block	a:1:{s:18:"block_content_type";s:23:"varbase_rich_text_block";}		s:0:"";	s:0:"";	Drupal\\admin_toolbar_tools\\Plugin\\Menu\\MenuLinkEntity	a:0:{}	admin_toolbar_tools	1	1	0	0	a:2:{s:11:"entity_type";s:18:"block_content_type";s:9:"entity_id";s:23:"varbase_rich_text_block";}	1	4	3	6	8	308	0	0	0	0	0	Drupal\\Core\\Menu\\Form\\MenuLinkDefaultForm
admin	562	admin_toolbar_tools.extra_links:entity.taxonomy_vocabulary.edit_form.course_type	admin_toolbar_tools.extra_links:entity.taxonomy_vocabulary.overview_form.course_type	entity.taxonomy_vocabulary.edit_form	taxonomy_vocabulary=course_type	a:1:{s:19:"taxonomy_vocabulary";s:11:"course_type";}		O:48:"Drupal\\\\Core\\\\StringTranslation\\\\TranslatableMarkup":3:{s:9:"\\000*\\000string";s:4:"Edit";s:12:"\\000*\\000arguments";a:0:{}s:10:"\\000*\\000options";a:0:{}}	s:0:"";	Drupal\\Core\\Menu\\MenuLinkDefault	a:0:{}	admin_toolbar_tools	1	1	0	0	a:0:{}	0	5	3	6	49	561	562	0	0	0	0	Drupal\\Core\\Menu\\Form\\MenuLinkDefaultForm
admin	456	admin_toolbar_tools.extra_links:entity.entity_queue.delete_form.varbase_heroslider	admin_toolbar_tools.extra_links:entity.entity_queue.edit_form.varbase_heroslider	entity.entity_queue.delete_form	entity_queue=varbase_heroslider	a:1:{s:12:"entity_queue";s:18:"varbase_heroslider";}		O:48:"Drupal\\\\Core\\\\StringTranslation\\\\TranslatableMarkup":3:{s:9:"\\000*\\000string";s:6:"Delete";s:12:"\\000*\\000arguments";a:0:{}s:10:"\\000*\\000options";a:0:{}}	s:0:"";	Drupal\\Core\\Menu\\MenuLinkDefault	a:0:{}	admin_toolbar_tools	1	1	0	5	a:0:{}	0	5	3	6	44	452	456	0	0	0	0	Drupal\\Core\\Menu\\Form\\MenuLinkDefaultForm
admin	103	admin_toolbar_tools.extra_links:media_page	system.admin_content	entity.media.collection		a:0:{}		O:48:"Drupal\\\\Core\\\\StringTranslation\\\\TranslatableMarkup":3:{s:9:"\\000*\\000string";s:5:"Media";s:12:"\\000*\\000arguments";a:0:{}s:10:"\\000*\\000options";a:0:{}}	s:0:"";	Drupal\\Core\\Menu\\MenuLinkDefault	a:0:{}	admin_toolbar_tools	1	1	0	0	a:0:{}	1	3	3	5	103	0	0	0	0	0	0	Drupal\\Core\\Menu\\Form\\MenuLinkDefaultForm
admin	106	admin_toolbar_tools.extra_links:media.add.audio	admin_toolbar_tools.extra_links:add_media	entity.media.add_form	media_type=audio	a:1:{s:10:"media_type";s:5:"audio";}		s:0:"";	s:0:"";	Drupal\\admin_toolbar_tools\\Plugin\\Menu\\MenuLinkEntity	a:0:{}	admin_toolbar_tools	1	1	0	0	a:2:{s:11:"entity_type";s:10:"media_type";s:9:"entity_id";s:5:"audio";}	0	5	3	5	103	105	106	0	0	0	0	Drupal\\Core\\Menu\\Form\\MenuLinkDefaultForm
admin	107	admin_toolbar_tools.extra_links:media.add.file	admin_toolbar_tools.extra_links:add_media	entity.media.add_form	media_type=file	a:1:{s:10:"media_type";s:4:"file";}		s:0:"";	s:0:"";	Drupal\\admin_toolbar_tools\\Plugin\\Menu\\MenuLinkEntity	a:0:{}	admin_toolbar_tools	1	1	0	0	a:2:{s:11:"entity_type";s:10:"media_type";s:9:"entity_id";s:4:"file";}	0	5	3	5	103	105	107	0	0	0	0	Drupal\\Core\\Menu\\Form\\MenuLinkDefaultForm
admin	317	paragraphs.settings	system.admin_config_content	paragraphs.settings		a:0:{}		O:48:"Drupal\\\\Core\\\\StringTranslation\\\\TranslatableMarkup":3:{s:9:"\\000*\\000string";s:19:"Paragraphs settings";s:12:"\\000*\\000arguments";a:0:{}s:10:"\\000*\\000options";a:0:{}}	s:0:"";	Drupal\\Core\\Menu\\MenuLinkDefault	a:0:{}	paragraphs	1	1	0	0	a:0:{}	0	4	3	12	35	317	0	0	0	0	0	Drupal\\Core\\Menu\\Form\\MenuLinkDefaultForm
admin	108	admin_toolbar_tools.extra_links:media.add.gallery	admin_toolbar_tools.extra_links:add_media	entity.media.add_form	media_type=gallery	a:1:{s:10:"media_type";s:7:"gallery";}		s:0:"";	s:0:"";	Drupal\\admin_toolbar_tools\\Plugin\\Menu\\MenuLinkEntity	a:0:{}	admin_toolbar_tools	1	1	0	0	a:2:{s:11:"entity_type";s:10:"media_type";s:9:"entity_id";s:7:"gallery";}	0	5	3	5	103	105	108	0	0	0	0	Drupal\\Core\\Menu\\Form\\MenuLinkDefaultForm
admin	5	system.admin_content	system.admin	system.admin_content		a:0:{}		O:48:"Drupal\\\\Core\\\\StringTranslation\\\\TranslatableMarkup":3:{s:9:"\\000*\\000string";s:7:"Content";s:12:"\\000*\\000arguments";a:0:{}s:10:"\\000*\\000options";a:0:{}}	O:48:"Drupal\\\\Core\\\\StringTranslation\\\\TranslatableMarkup":3:{s:9:"\\000*\\000string";s:24:"Find and manage content.";s:12:"\\000*\\000arguments";a:0:{}s:10:"\\000*\\000options";a:0:{}}	Drupal\\Core\\Menu\\MenuLinkDefault	a:0:{}	system	1	1	0	-10	a:0:{}	1	2	3	5	0	0	0	0	0	0	0	Drupal\\Core\\Menu\\Form\\MenuLinkDefaultForm
admin	452	admin_toolbar_tools.extra_links:entity.entity_queue.edit_form.varbase_heroslider	entity.entity_queue.collection	entity.entity_queue.edit_form	entity_queue=varbase_heroslider	a:1:{s:12:"entity_queue";s:18:"varbase_heroslider";}		s:0:"";	s:0:"";	Drupal\\admin_toolbar_tools\\Plugin\\Menu\\MenuLinkEntity	a:0:{}	admin_toolbar_tools	1	1	0	0	a:2:{s:11:"entity_type";s:12:"entity_queue";s:9:"entity_id";s:18:"varbase_heroslider";}	1	4	3	6	44	452	0	0	0	0	0	Drupal\\Core\\Menu\\Form\\MenuLinkDefaultForm
admin	109	admin_toolbar_tools.extra_links:media.add.image	admin_toolbar_tools.extra_links:add_media	entity.media.add_form	media_type=image	a:1:{s:10:"media_type";s:5:"image";}		s:0:"";	s:0:"";	Drupal\\admin_toolbar_tools\\Plugin\\Menu\\MenuLinkEntity	a:0:{}	admin_toolbar_tools	1	1	0	0	a:2:{s:11:"entity_type";s:10:"media_type";s:9:"entity_id";s:5:"image";}	0	5	3	5	103	105	109	0	0	0	0	Drupal\\Core\\Menu\\Form\\MenuLinkDefaultForm
admin	315	paragraphs.type_add	entity.paragraphs_type.collection	paragraphs.type_add		a:0:{}		O:48:"Drupal\\\\Core\\\\StringTranslation\\\\TranslatableMarkup":3:{s:9:"\\000*\\000string";s:18:"Add paragraph type";s:12:"\\000*\\000arguments";a:0:{}s:10:"\\000*\\000options";a:0:{}}	s:0:"";	Drupal\\Core\\Menu\\MenuLinkDefault	a:0:{}	paragraphs	1	1	0	0	a:0:{}	0	4	3	6	314	315	0	0	0	0	0	Drupal\\Core\\Menu\\Form\\MenuLinkDefaultForm
admin	110	admin_toolbar_tools.extra_links:media.add.remote_video	admin_toolbar_tools.extra_links:add_media	entity.media.add_form	media_type=remote_video	a:1:{s:10:"media_type";s:12:"remote_video";}		s:0:"";	s:0:"";	Drupal\\admin_toolbar_tools\\Plugin\\Menu\\MenuLinkEntity	a:0:{}	admin_toolbar_tools	1	1	0	0	a:2:{s:11:"entity_type";s:10:"media_type";s:9:"entity_id";s:12:"remote_video";}	0	5	3	5	103	105	110	0	0	0	0	Drupal\\Core\\Menu\\Form\\MenuLinkDefaultForm
admin	316	entity_reference_revisions.delete_orphans	system.admin_config_system	entity_reference_revisions.delete_orphans		a:0:{}		O:48:"Drupal\\\\Core\\\\StringTranslation\\\\TranslatableMarkup":3:{s:9:"\\000*\\000string";s:34:"Delete orphaned composite entities";s:12:"\\000*\\000arguments";a:0:{}s:10:"\\000*\\000options";a:0:{}}	O:48:"Drupal\\\\Core\\\\StringTranslation\\\\TranslatableMarkup":3:{s:9:"\\000*\\000string";s:90:"Delete revisions of entities that are no longer used in Entity Reference Revisions fields.";s:12:"\\000*\\000arguments";a:0:{}s:10:"\\000*\\000options";a:0:{}}	Drupal\\Core\\Menu\\MenuLinkDefault	a:0:{}	entity_reference_revisions	1	1	0	30	a:0:{}	0	4	3	12	29	316	0	0	0	0	0	Drupal\\Core\\Menu\\Form\\MenuLinkDefaultForm
admin	111	admin_toolbar_tools.extra_links:media.add.video	admin_toolbar_tools.extra_links:add_media	entity.media.add_form	media_type=video	a:1:{s:10:"media_type";s:5:"video";}		s:0:"";	s:0:"";	Drupal\\admin_toolbar_tools\\Plugin\\Menu\\MenuLinkEntity	a:0:{}	admin_toolbar_tools	1	1	0	0	a:2:{s:11:"entity_type";s:10:"media_type";s:9:"entity_id";s:5:"video";}	0	5	3	5	103	105	111	0	0	0	0	Drupal\\Core\\Menu\\Form\\MenuLinkDefaultForm
admin	105	admin_toolbar_tools.extra_links:add_media	admin_toolbar_tools.extra_links:media_page	entity.media.add_page		a:0:{}		O:48:"Drupal\\\\Core\\\\StringTranslation\\\\TranslatableMarkup":3:{s:9:"\\000*\\000string";s:9:"Add media";s:12:"\\000*\\000arguments";a:0:{}s:10:"\\000*\\000options";a:0:{}}	s:0:"";	Drupal\\Core\\Menu\\MenuLinkDefault	a:0:{}	admin_toolbar_tools	1	1	0	0	a:0:{}	1	4	3	5	103	105	0	0	0	0	0	Drupal\\Core\\Menu\\Form\\MenuLinkDefaultForm
admin	112	admin_toolbar_tools.extra_links:view.files	system.admin_content	view.files.page_1		a:0:{}		O:48:"Drupal\\\\Core\\\\StringTranslation\\\\TranslatableMarkup":3:{s:9:"\\000*\\000string";s:5:"Files";s:12:"\\000*\\000arguments";a:0:{}s:10:"\\000*\\000options";a:0:{}}	s:0:"";	Drupal\\Core\\Menu\\MenuLinkDefault	a:0:{}	admin_toolbar_tools	1	1	0	0	a:0:{}	0	3	3	5	112	0	0	0	0	0	0	Drupal\\Core\\Menu\\Form\\MenuLinkDefaultForm
admin	318	admin_toolbar_tools.extra_links:block_content.add.varbase_html_code_block	admin_toolbar_tools.extra_links:add_block	block_content.add_form	block_content_type=varbase_html_code_block	a:1:{s:18:"block_content_type";s:23:"varbase_html_code_block";}		s:0:"";	s:0:"";	Drupal\\admin_toolbar_tools\\Plugin\\Menu\\MenuLinkEntity	a:0:{}	admin_toolbar_tools	1	1	0	0	a:2:{s:11:"entity_type";s:18:"block_content_type";s:9:"entity_id";s:23:"varbase_html_code_block";}	0	5	3	5	100	101	318	0	0	0	0	Drupal\\Core\\Menu\\Form\\MenuLinkDefaultForm
admin	314	entity.paragraphs_type.collection	system.admin_structure	entity.paragraphs_type.collection		a:0:{}		O:48:"Drupal\\\\Core\\\\StringTranslation\\\\TranslatableMarkup":3:{s:9:"\\000*\\000string";s:15:"Paragraph types";s:12:"\\000*\\000arguments";a:0:{}s:10:"\\000*\\000options";a:0:{}}	O:48:"Drupal\\\\Core\\\\StringTranslation\\\\TranslatableMarkup":3:{s:9:"\\000*\\000string";s:34:"Create and manage Paragraph types.";s:12:"\\000*\\000arguments";a:0:{}s:10:"\\000*\\000options";a:0:{}}	Drupal\\Core\\Menu\\MenuLinkDefault	a:0:{}	paragraphs	1	1	0	0	a:0:{}	1	3	3	6	314	0	0	0	0	0	0	Drupal\\Core\\Menu\\Form\\MenuLinkDefaultForm
admin	114	admin_toolbar_tools.extra_links:entity.block_content.field_ui_fieldsbasic	admin_toolbar_tools.extra_links:entity.block_content_type.edit_form.basic	entity.block_content.field_ui_fields	block_content_type=basic	a:1:{s:18:"block_content_type";s:5:"basic";}		O:48:"Drupal\\\\Core\\\\StringTranslation\\\\TranslatableMarkup":3:{s:9:"\\000*\\000string";s:13:"Manage fields";s:12:"\\000*\\000arguments";a:0:{}s:10:"\\000*\\000options";a:0:{}}	s:0:"";	Drupal\\Core\\Menu\\MenuLinkDefault	a:0:{}	admin_toolbar_tools	1	1	0	1	a:0:{}	0	5	3	6	8	113	114	0	0	0	0	Drupal\\Core\\Menu\\Form\\MenuLinkDefaultForm
admin	457	admin_toolbar_tools.extra_links:node.add.varbase_heroslider	admin_toolbar_tools.extra_links:node.add	node.add	node_type=varbase_heroslider	a:1:{s:9:"node_type";s:18:"varbase_heroslider";}		s:0:"";	s:0:"";	Drupal\\admin_toolbar_tools\\Plugin\\Menu\\MenuLinkEntity	a:0:{}	admin_toolbar_tools	1	1	0	0	a:2:{s:11:"entity_type";s:9:"node_type";s:9:"entity_id";s:18:"varbase_heroslider";}	0	4	3	5	99	457	0	0	0	0	0	Drupal\\Core\\Menu\\Form\\MenuLinkDefaultForm
admin	115	admin_toolbar_tools.extra_links:entity.entity_form_display.block_content.defaultbasic	admin_toolbar_tools.extra_links:entity.block_content_type.edit_form.basic	entity.entity_form_display.block_content.default	block_content_type=basic	a:1:{s:18:"block_content_type";s:5:"basic";}		O:48:"Drupal\\\\Core\\\\StringTranslation\\\\TranslatableMarkup":3:{s:9:"\\000*\\000string";s:19:"Manage form display";s:12:"\\000*\\000arguments";a:0:{}s:10:"\\000*\\000options";a:0:{}}	s:0:"";	Drupal\\Core\\Menu\\MenuLinkDefault	a:0:{}	admin_toolbar_tools	1	1	0	2	a:0:{}	0	5	3	6	8	113	115	0	0	0	0	Drupal\\Core\\Menu\\Form\\MenuLinkDefaultForm
admin	525	admin_toolbar_tools.extra_links:views_ui.slideshow_view	entity.view.collection	entity.view.edit_form	view=slideshow_view	a:1:{s:4:"view";s:14:"slideshow_view";}		s:14:"Slideshow View";	s:0:"";	Drupal\\Core\\Menu\\MenuLinkDefault	a:0:{}	admin_toolbar_tools	1	1	0	0	a:0:{}	0	4	3	6	467	525	0	0	0	0	0	Drupal\\Core\\Menu\\Form\\MenuLinkDefaultForm
admin	320	admin_toolbar_tools.extra_links:entity.block_content.field_ui_fieldsvarbase_html_code_block	admin_toolbar_tools.extra_links:entity.block_content_type.edit_form.varbase_html_code_block	entity.block_content.field_ui_fields	block_content_type=varbase_html_code_block	a:1:{s:18:"block_content_type";s:23:"varbase_html_code_block";}		O:48:"Drupal\\\\Core\\\\StringTranslation\\\\TranslatableMarkup":3:{s:9:"\\000*\\000string";s:13:"Manage fields";s:12:"\\000*\\000arguments";a:0:{}s:10:"\\000*\\000options";a:0:{}}	s:0:"";	Drupal\\Core\\Menu\\MenuLinkDefault	a:0:{}	admin_toolbar_tools	1	1	0	1	a:0:{}	0	5	3	6	8	319	320	0	0	0	0	Drupal\\Core\\Menu\\Form\\MenuLinkDefaultForm
admin	117	admin_toolbar_tools.extra_links:entity.entity_permissions_form.block_content.default.basic	admin_toolbar_tools.extra_links:entity.block_content_type.edit_form.basic	entity.block_content_type.entity_permissions_form	block_content_type=basic	a:1:{s:18:"block_content_type";s:5:"basic";}		O:48:"Drupal\\\\Core\\\\StringTranslation\\\\TranslatableMarkup":3:{s:9:"\\000*\\000string";s:18:"Manage permissions";s:12:"\\000*\\000arguments";a:0:{}s:10:"\\000*\\000options";a:0:{}}	s:0:"";	Drupal\\Core\\Menu\\MenuLinkDefault	a:0:{}	admin_toolbar_tools	1	1	0	3	a:0:{}	0	5	3	6	8	113	117	0	0	0	0	Drupal\\Core\\Menu\\Form\\MenuLinkDefaultForm
admin	459	admin_toolbar_tools.extra_links:entity.node.field_ui_fieldsvarbase_heroslider	admin_toolbar_tools.extra_links:entity.node_type.edit_form.varbase_heroslider	entity.node.field_ui_fields	node_type=varbase_heroslider	a:1:{s:9:"node_type";s:18:"varbase_heroslider";}		O:48:"Drupal\\\\Core\\\\StringTranslation\\\\TranslatableMarkup":3:{s:9:"\\000*\\000string";s:13:"Manage fields";s:12:"\\000*\\000arguments";a:0:{}s:10:"\\000*\\000options";a:0:{}}	s:0:"";	Drupal\\Core\\Menu\\MenuLinkDefault	a:0:{}	admin_toolbar_tools	1	1	0	1	a:0:{}	0	5	3	6	9	458	459	0	0	0	0	Drupal\\Core\\Menu\\Form\\MenuLinkDefaultForm
admin	118	admin_toolbar_tools.extra_links:entity.block_content_type.delete_form.basic	admin_toolbar_tools.extra_links:entity.block_content_type.edit_form.basic	entity.block_content_type.delete_form	block_content_type=basic	a:1:{s:18:"block_content_type";s:5:"basic";}		O:48:"Drupal\\\\Core\\\\StringTranslation\\\\TranslatableMarkup":3:{s:9:"\\000*\\000string";s:6:"Delete";s:12:"\\000*\\000arguments";a:0:{}s:10:"\\000*\\000options";a:0:{}}	s:0:"";	Drupal\\Core\\Menu\\MenuLinkDefault	a:0:{}	admin_toolbar_tools	1	1	0	5	a:0:{}	0	5	3	6	8	113	118	0	0	0	0	Drupal\\Core\\Menu\\Form\\MenuLinkDefaultForm
admin	113	admin_toolbar_tools.extra_links:entity.block_content_type.edit_form.basic	entity.block_content_type.collection	entity.block_content_type.edit_form	block_content_type=basic	a:1:{s:18:"block_content_type";s:5:"basic";}		s:0:"";	s:0:"";	Drupal\\admin_toolbar_tools\\Plugin\\Menu\\MenuLinkEntity	a:0:{}	admin_toolbar_tools	1	1	0	0	a:2:{s:11:"entity_type";s:18:"block_content_type";s:9:"entity_id";s:5:"basic";}	1	4	3	6	8	113	0	0	0	0	0	Drupal\\Core\\Menu\\Form\\MenuLinkDefaultForm
admin	458	admin_toolbar_tools.extra_links:entity.node_type.edit_form.varbase_heroslider	entity.node_type.collection	entity.node_type.edit_form	node_type=varbase_heroslider	a:1:{s:9:"node_type";s:18:"varbase_heroslider";}		s:0:"";	s:0:"";	Drupal\\admin_toolbar_tools\\Plugin\\Menu\\MenuLinkEntity	a:0:{}	admin_toolbar_tools	1	1	0	0	a:2:{s:11:"entity_type";s:9:"node_type";s:9:"entity_id";s:18:"varbase_heroslider";}	1	4	3	6	9	458	0	0	0	0	0	Drupal\\Core\\Menu\\Form\\MenuLinkDefaultForm
admin	119	admin_toolbar_tools.extra_links:field_ui.entity_view_mode_add	entity.entity_view_mode.collection	field_ui.entity_view_mode_add		a:0:{}		O:48:"Drupal\\\\Core\\\\StringTranslation\\\\TranslatableMarkup":3:{s:9:"\\000*\\000string";s:13:"Add view mode";s:12:"\\000*\\000arguments";a:0:{}s:10:"\\000*\\000options";a:0:{}}	s:0:"";	Drupal\\Core\\Menu\\MenuLinkDefault	a:0:{}	admin_toolbar_tools	1	1	0	0	a:0:{}	0	5	3	6	45	46	119	0	0	0	0	Drupal\\Core\\Menu\\Form\\MenuLinkDefaultForm
admin	46	entity.entity_view_mode.collection	field_ui.display_mode	entity.entity_view_mode.collection		a:0:{}		O:48:"Drupal\\\\Core\\\\StringTranslation\\\\TranslatableMarkup":3:{s:9:"\\000*\\000string";s:10:"View modes";s:12:"\\000*\\000arguments";a:0:{}s:10:"\\000*\\000options";a:0:{}}	O:48:"Drupal\\\\Core\\\\StringTranslation\\\\TranslatableMarkup":3:{s:9:"\\000*\\000string";s:25:"Manage custom view modes.";s:12:"\\000*\\000arguments";a:0:{}s:10:"\\000*\\000options";a:0:{}}	Drupal\\Core\\Menu\\MenuLinkDefault	a:0:{}	field_ui	1	1	0	0	a:0:{}	1	4	3	6	45	46	0	0	0	0	0	Drupal\\Core\\Menu\\Form\\MenuLinkDefaultForm
admin	321	admin_toolbar_tools.extra_links:entity.entity_form_display.block_content.defaultvarbase_html_code_block	admin_toolbar_tools.extra_links:entity.block_content_type.edit_form.varbase_html_code_block	entity.entity_form_display.block_content.default	block_content_type=varbase_html_code_block	a:1:{s:18:"block_content_type";s:23:"varbase_html_code_block";}		O:48:"Drupal\\\\Core\\\\StringTranslation\\\\TranslatableMarkup":3:{s:9:"\\000*\\000string";s:19:"Manage form display";s:12:"\\000*\\000arguments";a:0:{}s:10:"\\000*\\000options";a:0:{}}	s:0:"";	Drupal\\Core\\Menu\\MenuLinkDefault	a:0:{}	admin_toolbar_tools	1	1	0	2	a:0:{}	0	5	3	6	8	319	321	0	0	0	0	Drupal\\Core\\Menu\\Form\\MenuLinkDefaultForm
admin	120	admin_toolbar_tools.extra_links:field_ui.entity_form_mode_add	entity.entity_form_mode.collection	field_ui.entity_form_mode_add		a:0:{}		O:48:"Drupal\\\\Core\\\\StringTranslation\\\\TranslatableMarkup":3:{s:9:"\\000*\\000string";s:13:"Add form mode";s:12:"\\000*\\000arguments";a:0:{}s:10:"\\000*\\000options";a:0:{}}	s:0:"";	Drupal\\Core\\Menu\\MenuLinkDefault	a:0:{}	admin_toolbar_tools	1	1	0	0	a:0:{}	0	5	3	6	45	47	120	0	0	0	0	Drupal\\Core\\Menu\\Form\\MenuLinkDefaultForm
admin	159	admin_toolbar_tools.extra_links:entity.menu.edit_form.admin	entity.menu.collection	entity.menu.edit_form	menu=admin	a:1:{s:4:"menu";s:5:"admin";}		s:0:"";	s:0:"";	Drupal\\admin_toolbar_tools\\Plugin\\Menu\\MenuLinkEntity	a:0:{}	admin_toolbar_tools	1	1	0	0	a:2:{s:11:"entity_type";s:4:"menu";s:9:"entity_id";s:5:"admin";}	1	4	3	6	48	159	0	0	0	0	0	Drupal\\Core\\Menu\\Form\\MenuLinkDefaultForm
admin	47	entity.entity_form_mode.collection	field_ui.display_mode	entity.entity_form_mode.collection		a:0:{}		O:48:"Drupal\\\\Core\\\\StringTranslation\\\\TranslatableMarkup":3:{s:9:"\\000*\\000string";s:10:"Form modes";s:12:"\\000*\\000arguments";a:0:{}s:10:"\\000*\\000options";a:0:{}}	O:48:"Drupal\\\\Core\\\\StringTranslation\\\\TranslatableMarkup":3:{s:9:"\\000*\\000string";s:25:"Manage custom form modes.";s:12:"\\000*\\000arguments";a:0:{}s:10:"\\000*\\000options";a:0:{}}	Drupal\\Core\\Menu\\MenuLinkDefault	a:0:{}	field_ui	1	1	0	0	a:0:{}	1	4	3	6	45	47	0	0	0	0	0	Drupal\\Core\\Menu\\Form\\MenuLinkDefaultForm
admin	591	admin_toolbar_tools.extra_links:language.negotiation	entity.configurable_language.collection	language.negotiation		a:0:{}		O:48:"Drupal\\\\Core\\\\StringTranslation\\\\TranslatableMarkup":3:{s:9:"\\000*\\000string";s:23:"Detection and selection";s:12:"\\000*\\000arguments";a:0:{}s:10:"\\000*\\000options";a:0:{}}	s:0:"";	Drupal\\Core\\Menu\\MenuLinkDefault	a:0:{}	admin_toolbar_tools	1	1	0	0	a:0:{}	0	5	3	12	25	590	591	0	0	0	0	Drupal\\Core\\Menu\\Form\\MenuLinkDefaultForm
admin	526	admin_toolbar_tools.extra_links:system.theme_settings_theme.startup_education	admin_toolbar_tools.extra_links:system.theme_settings	system.theme_settings_theme	theme=startup_education	a:1:{s:5:"theme";s:17:"startup_education";}		s:17:"startup_education";	s:0:"";	Drupal\\Core\\Menu\\MenuLinkDefault	a:0:{}	admin_toolbar_tools	1	1	0	0	a:0:{}	0	4	3	10	177	526	0	0	0	0	0	Drupal\\Core\\Menu\\Form\\MenuLinkDefaultForm
admin	322	admin_toolbar_tools.extra_links:entity.entity_view_display.block_content.default.varbase_html_code_block	admin_toolbar_tools.extra_links:entity.block_content_type.edit_form.varbase_html_code_block	entity.entity_view_display.block_content.default	block_content_type=varbase_html_code_block	a:1:{s:18:"block_content_type";s:23:"varbase_html_code_block";}		O:48:"Drupal\\\\Core\\\\StringTranslation\\\\TranslatableMarkup":3:{s:9:"\\000*\\000string";s:14:"Manage display";s:12:"\\000*\\000arguments";a:0:{}s:10:"\\000*\\000options";a:0:{}}	s:0:"";	Drupal\\Core\\Menu\\MenuLinkDefault	a:0:{}	admin_toolbar_tools	1	1	0	3	a:0:{}	0	5	3	6	8	319	322	0	0	0	0	Drupal\\Core\\Menu\\Form\\MenuLinkDefaultForm
admin	122	admin_toolbar_tools.extra_links:entity.media.field_ui_fieldsaudio	admin_toolbar_tools.extra_links:entity.media_type.edit_form.audio	entity.media.field_ui_fields	media_type=audio	a:1:{s:10:"media_type";s:5:"audio";}		O:48:"Drupal\\\\Core\\\\StringTranslation\\\\TranslatableMarkup":3:{s:9:"\\000*\\000string";s:13:"Manage fields";s:12:"\\000*\\000arguments";a:0:{}s:10:"\\000*\\000options";a:0:{}}	s:0:"";	Drupal\\Core\\Menu\\MenuLinkDefault	a:0:{}	admin_toolbar_tools	1	1	0	1	a:0:{}	0	5	3	6	69	121	122	0	0	0	0	Drupal\\Core\\Menu\\Form\\MenuLinkDefaultForm
admin	123	admin_toolbar_tools.extra_links:entity.entity_form_display.media.defaultaudio	admin_toolbar_tools.extra_links:entity.media_type.edit_form.audio	entity.entity_form_display.media.default	media_type=audio	a:1:{s:10:"media_type";s:5:"audio";}		O:48:"Drupal\\\\Core\\\\StringTranslation\\\\TranslatableMarkup":3:{s:9:"\\000*\\000string";s:19:"Manage form display";s:12:"\\000*\\000arguments";a:0:{}s:10:"\\000*\\000options";a:0:{}}	s:0:"";	Drupal\\Core\\Menu\\MenuLinkDefault	a:0:{}	admin_toolbar_tools	1	1	0	2	a:0:{}	0	5	3	6	69	121	123	0	0	0	0	Drupal\\Core\\Menu\\Form\\MenuLinkDefaultForm
social-media-menu	412	menu_link_content:9277735d-4214-40eb-8b2d-aa79ba7f489e		\N		a:0:{}	https://www.facebook.com/vardotters/	s:8:"Facebook";	\N	Drupal\\menu_link_content\\Plugin\\Menu\\MenuLinkContent	a:2:{s:10:"attributes";a:2:{s:6:"target";s:6:"_blank";s:5:"class";a:5:{i:0;s:2:"bi";i:1;s:11:"bi-facebook";i:2;s:4:"fs-4";i:3;s:4:"ps-1";i:4;s:4:"pe-2";}}s:8:"external";b:1;}	menu_link_content	1	0	0	1	a:1:{s:9:"entity_id";s:1:"8";}	0	1	412	0	0	0	0	0	0	0	0	\\Drupal\\menu_link_content\\Form\\MenuLinkContentForm
admin	124	admin_toolbar_tools.extra_links:entity.entity_view_display.media.default.audio	admin_toolbar_tools.extra_links:entity.media_type.edit_form.audio	entity.entity_view_display.media.default	media_type=audio	a:1:{s:10:"media_type";s:5:"audio";}		O:48:"Drupal\\\\Core\\\\StringTranslation\\\\TranslatableMarkup":3:{s:9:"\\000*\\000string";s:14:"Manage display";s:12:"\\000*\\000arguments";a:0:{}s:10:"\\000*\\000options";a:0:{}}	s:0:"";	Drupal\\Core\\Menu\\MenuLinkDefault	a:0:{}	admin_toolbar_tools	1	1	0	3	a:0:{}	0	5	3	6	69	121	124	0	0	0	0	Drupal\\Core\\Menu\\Form\\MenuLinkDefaultForm
footer	414	menu_link_content:e519d077-28c4-4428-97da-894e21295384		\N		a:0:{}	https://www.drupal.org/project/issues/varbase	s:17:"Community Support";	\N	Drupal\\menu_link_content\\Plugin\\Menu\\MenuLinkContent	a:2:{s:10:"attributes";a:1:{s:5:"class";a:1:{i:0;s:5:"small";}}s:8:"external";b:1;}	menu_link_content	1	0	0	0	a:1:{s:9:"entity_id";s:2:"10";}	0	1	414	0	0	0	0	0	0	0	0	\\Drupal\\menu_link_content\\Form\\MenuLinkContentForm
admin	125	admin_toolbar_tools.extra_links:entity.entity_permissions_form.media.default.audio	admin_toolbar_tools.extra_links:entity.media_type.edit_form.audio	entity.media_type.entity_permissions_form	media_type=audio	a:1:{s:10:"media_type";s:5:"audio";}		O:48:"Drupal\\\\Core\\\\StringTranslation\\\\TranslatableMarkup":3:{s:9:"\\000*\\000string";s:18:"Manage permissions";s:12:"\\000*\\000arguments";a:0:{}s:10:"\\000*\\000options";a:0:{}}	s:0:"";	Drupal\\Core\\Menu\\MenuLinkDefault	a:0:{}	admin_toolbar_tools	1	1	0	3	a:0:{}	0	5	3	6	69	121	125	0	0	0	0	Drupal\\Core\\Menu\\Form\\MenuLinkDefaultForm
admin	323	admin_toolbar_tools.extra_links:entity.entity_permissions_form.block_content.default.varbase_html_code_block	admin_toolbar_tools.extra_links:entity.block_content_type.edit_form.varbase_html_code_block	entity.block_content_type.entity_permissions_form	block_content_type=varbase_html_code_block	a:1:{s:18:"block_content_type";s:23:"varbase_html_code_block";}		O:48:"Drupal\\\\Core\\\\StringTranslation\\\\TranslatableMarkup":3:{s:9:"\\000*\\000string";s:18:"Manage permissions";s:12:"\\000*\\000arguments";a:0:{}s:10:"\\000*\\000options";a:0:{}}	s:0:"";	Drupal\\Core\\Menu\\MenuLinkDefault	a:0:{}	admin_toolbar_tools	1	1	0	3	a:0:{}	0	5	3	6	8	319	323	0	0	0	0	Drupal\\Core\\Menu\\Form\\MenuLinkDefaultForm
admin	126	admin_toolbar_tools.extra_links:entity.media_type.delete_form.audio	admin_toolbar_tools.extra_links:entity.media_type.edit_form.audio	entity.media_type.delete_form	media_type=audio	a:1:{s:10:"media_type";s:5:"audio";}		O:48:"Drupal\\\\Core\\\\StringTranslation\\\\TranslatableMarkup":3:{s:9:"\\000*\\000string";s:6:"Delete";s:12:"\\000*\\000arguments";a:0:{}s:10:"\\000*\\000options";a:0:{}}	s:0:"";	Drupal\\Core\\Menu\\MenuLinkDefault	a:0:{}	admin_toolbar_tools	1	1	0	5	a:0:{}	0	5	3	6	69	121	126	0	0	0	0	Drupal\\Core\\Menu\\Form\\MenuLinkDefaultForm
admin	121	admin_toolbar_tools.extra_links:entity.media_type.edit_form.audio	entity.media_type.collection	entity.media_type.edit_form	media_type=audio	a:1:{s:10:"media_type";s:5:"audio";}		s:0:"";	s:0:"";	Drupal\\admin_toolbar_tools\\Plugin\\Menu\\MenuLinkEntity	a:0:{}	admin_toolbar_tools	1	1	0	0	a:2:{s:11:"entity_type";s:10:"media_type";s:9:"entity_id";s:5:"audio";}	1	4	3	6	69	121	0	0	0	0	0	Drupal\\Core\\Menu\\Form\\MenuLinkDefaultForm
admin	460	admin_toolbar_tools.extra_links:entity.entity_form_display.node.defaultvarbase_heroslider	admin_toolbar_tools.extra_links:entity.node_type.edit_form.varbase_heroslider	entity.entity_form_display.node.default	node_type=varbase_heroslider	a:1:{s:9:"node_type";s:18:"varbase_heroslider";}		O:48:"Drupal\\\\Core\\\\StringTranslation\\\\TranslatableMarkup":3:{s:9:"\\000*\\000string";s:19:"Manage form display";s:12:"\\000*\\000arguments";a:0:{}s:10:"\\000*\\000options";a:0:{}}	s:0:"";	Drupal\\Core\\Menu\\MenuLinkDefault	a:0:{}	admin_toolbar_tools	1	1	0	2	a:0:{}	0	5	3	6	9	458	460	0	0	0	0	Drupal\\Core\\Menu\\Form\\MenuLinkDefaultForm
admin	324	admin_toolbar_tools.extra_links:entity.block_content_type.delete_form.varbase_html_code_block	admin_toolbar_tools.extra_links:entity.block_content_type.edit_form.varbase_html_code_block	entity.block_content_type.delete_form	block_content_type=varbase_html_code_block	a:1:{s:18:"block_content_type";s:23:"varbase_html_code_block";}		O:48:"Drupal\\\\Core\\\\StringTranslation\\\\TranslatableMarkup":3:{s:9:"\\000*\\000string";s:6:"Delete";s:12:"\\000*\\000arguments";a:0:{}s:10:"\\000*\\000options";a:0:{}}	s:0:"";	Drupal\\Core\\Menu\\MenuLinkDefault	a:0:{}	admin_toolbar_tools	1	1	0	5	a:0:{}	0	5	3	6	8	319	324	0	0	0	0	Drupal\\Core\\Menu\\Form\\MenuLinkDefaultForm
admin	319	admin_toolbar_tools.extra_links:entity.block_content_type.edit_form.varbase_html_code_block	entity.block_content_type.collection	entity.block_content_type.edit_form	block_content_type=varbase_html_code_block	a:1:{s:18:"block_content_type";s:23:"varbase_html_code_block";}		s:0:"";	s:0:"";	Drupal\\admin_toolbar_tools\\Plugin\\Menu\\MenuLinkEntity	a:0:{}	admin_toolbar_tools	1	1	0	0	a:2:{s:11:"entity_type";s:18:"block_content_type";s:9:"entity_id";s:23:"varbase_html_code_block";}	1	4	3	6	8	319	0	0	0	0	0	Drupal\\Core\\Menu\\Form\\MenuLinkDefaultForm
admin	128	admin_toolbar_tools.extra_links:entity.media.field_ui_fieldsfile	admin_toolbar_tools.extra_links:entity.media_type.edit_form.file	entity.media.field_ui_fields	media_type=file	a:1:{s:10:"media_type";s:4:"file";}		O:48:"Drupal\\\\Core\\\\StringTranslation\\\\TranslatableMarkup":3:{s:9:"\\000*\\000string";s:13:"Manage fields";s:12:"\\000*\\000arguments";a:0:{}s:10:"\\000*\\000options";a:0:{}}	s:0:"";	Drupal\\Core\\Menu\\MenuLinkDefault	a:0:{}	admin_toolbar_tools	1	1	0	1	a:0:{}	0	5	3	6	69	127	128	0	0	0	0	Drupal\\Core\\Menu\\Form\\MenuLinkDefaultForm
admin	325	admin_toolbar_tools.extra_links:block_content.add.varbase_media_block	admin_toolbar_tools.extra_links:add_block	block_content.add_form	block_content_type=varbase_media_block	a:1:{s:18:"block_content_type";s:19:"varbase_media_block";}		s:0:"";	s:0:"";	Drupal\\admin_toolbar_tools\\Plugin\\Menu\\MenuLinkEntity	a:0:{}	admin_toolbar_tools	1	1	0	0	a:2:{s:11:"entity_type";s:18:"block_content_type";s:9:"entity_id";s:19:"varbase_media_block";}	0	5	3	5	100	101	325	0	0	0	0	Drupal\\Core\\Menu\\Form\\MenuLinkDefaultForm
admin	129	admin_toolbar_tools.extra_links:entity.entity_form_display.media.defaultfile	admin_toolbar_tools.extra_links:entity.media_type.edit_form.file	entity.entity_form_display.media.default	media_type=file	a:1:{s:10:"media_type";s:4:"file";}		O:48:"Drupal\\\\Core\\\\StringTranslation\\\\TranslatableMarkup":3:{s:9:"\\000*\\000string";s:19:"Manage form display";s:12:"\\000*\\000arguments";a:0:{}s:10:"\\000*\\000options";a:0:{}}	s:0:"";	Drupal\\Core\\Menu\\MenuLinkDefault	a:0:{}	admin_toolbar_tools	1	1	0	2	a:0:{}	0	5	3	6	69	127	129	0	0	0	0	Drupal\\Core\\Menu\\Form\\MenuLinkDefaultForm
admin	461	admin_toolbar_tools.extra_links:entity.entity_view_display.node.default.varbase_heroslider	admin_toolbar_tools.extra_links:entity.node_type.edit_form.varbase_heroslider	entity.entity_view_display.node.default	node_type=varbase_heroslider	a:1:{s:9:"node_type";s:18:"varbase_heroslider";}		O:48:"Drupal\\\\Core\\\\StringTranslation\\\\TranslatableMarkup":3:{s:9:"\\000*\\000string";s:14:"Manage display";s:12:"\\000*\\000arguments";a:0:{}s:10:"\\000*\\000options";a:0:{}}	s:0:"";	Drupal\\Core\\Menu\\MenuLinkDefault	a:0:{}	admin_toolbar_tools	1	1	0	3	a:0:{}	0	5	3	6	9	458	461	0	0	0	0	Drupal\\Core\\Menu\\Form\\MenuLinkDefaultForm
admin	130	admin_toolbar_tools.extra_links:entity.entity_view_display.media.default.file	admin_toolbar_tools.extra_links:entity.media_type.edit_form.file	entity.entity_view_display.media.default	media_type=file	a:1:{s:10:"media_type";s:4:"file";}		O:48:"Drupal\\\\Core\\\\StringTranslation\\\\TranslatableMarkup":3:{s:9:"\\000*\\000string";s:14:"Manage display";s:12:"\\000*\\000arguments";a:0:{}s:10:"\\000*\\000options";a:0:{}}	s:0:"";	Drupal\\Core\\Menu\\MenuLinkDefault	a:0:{}	admin_toolbar_tools	1	1	0	3	a:0:{}	0	5	3	6	69	127	130	0	0	0	0	Drupal\\Core\\Menu\\Form\\MenuLinkDefaultForm
admin	131	admin_toolbar_tools.extra_links:entity.entity_permissions_form.media.default.file	admin_toolbar_tools.extra_links:entity.media_type.edit_form.file	entity.media_type.entity_permissions_form	media_type=file	a:1:{s:10:"media_type";s:4:"file";}		O:48:"Drupal\\\\Core\\\\StringTranslation\\\\TranslatableMarkup":3:{s:9:"\\000*\\000string";s:18:"Manage permissions";s:12:"\\000*\\000arguments";a:0:{}s:10:"\\000*\\000options";a:0:{}}	s:0:"";	Drupal\\Core\\Menu\\MenuLinkDefault	a:0:{}	admin_toolbar_tools	1	1	0	3	a:0:{}	0	5	3	6	69	127	131	0	0	0	0	Drupal\\Core\\Menu\\Form\\MenuLinkDefaultForm
admin	327	admin_toolbar_tools.extra_links:entity.block_content.field_ui_fieldsvarbase_media_block	admin_toolbar_tools.extra_links:entity.block_content_type.edit_form.varbase_media_block	entity.block_content.field_ui_fields	block_content_type=varbase_media_block	a:1:{s:18:"block_content_type";s:19:"varbase_media_block";}		O:48:"Drupal\\\\Core\\\\StringTranslation\\\\TranslatableMarkup":3:{s:9:"\\000*\\000string";s:13:"Manage fields";s:12:"\\000*\\000arguments";a:0:{}s:10:"\\000*\\000options";a:0:{}}	s:0:"";	Drupal\\Core\\Menu\\MenuLinkDefault	a:0:{}	admin_toolbar_tools	1	1	0	1	a:0:{}	0	5	3	6	8	326	327	0	0	0	0	Drupal\\Core\\Menu\\Form\\MenuLinkDefaultForm
admin	132	admin_toolbar_tools.extra_links:entity.media_type.delete_form.file	admin_toolbar_tools.extra_links:entity.media_type.edit_form.file	entity.media_type.delete_form	media_type=file	a:1:{s:10:"media_type";s:4:"file";}		O:48:"Drupal\\\\Core\\\\StringTranslation\\\\TranslatableMarkup":3:{s:9:"\\000*\\000string";s:6:"Delete";s:12:"\\000*\\000arguments";a:0:{}s:10:"\\000*\\000options";a:0:{}}	s:0:"";	Drupal\\Core\\Menu\\MenuLinkDefault	a:0:{}	admin_toolbar_tools	1	1	0	5	a:0:{}	0	5	3	6	69	127	132	0	0	0	0	Drupal\\Core\\Menu\\Form\\MenuLinkDefaultForm
admin	127	admin_toolbar_tools.extra_links:entity.media_type.edit_form.file	entity.media_type.collection	entity.media_type.edit_form	media_type=file	a:1:{s:10:"media_type";s:4:"file";}		s:0:"";	s:0:"";	Drupal\\admin_toolbar_tools\\Plugin\\Menu\\MenuLinkEntity	a:0:{}	admin_toolbar_tools	1	1	0	0	a:2:{s:11:"entity_type";s:10:"media_type";s:9:"entity_id";s:4:"file";}	1	4	3	6	69	127	0	0	0	0	0	Drupal\\Core\\Menu\\Form\\MenuLinkDefaultForm
admin	462	admin_toolbar_tools.extra_links:entity.entity_permissions_form.node.default.varbase_heroslider	admin_toolbar_tools.extra_links:entity.node_type.edit_form.varbase_heroslider	entity.node_type.entity_permissions_form	node_type=varbase_heroslider	a:1:{s:9:"node_type";s:18:"varbase_heroslider";}		O:48:"Drupal\\\\Core\\\\StringTranslation\\\\TranslatableMarkup":3:{s:9:"\\000*\\000string";s:18:"Manage permissions";s:12:"\\000*\\000arguments";a:0:{}s:10:"\\000*\\000options";a:0:{}}	s:0:"";	Drupal\\Core\\Menu\\MenuLinkDefault	a:0:{}	admin_toolbar_tools	1	1	0	3	a:0:{}	0	5	3	6	9	458	462	0	0	0	0	Drupal\\Core\\Menu\\Form\\MenuLinkDefaultForm
admin	328	admin_toolbar_tools.extra_links:entity.entity_form_display.block_content.defaultvarbase_media_block	admin_toolbar_tools.extra_links:entity.block_content_type.edit_form.varbase_media_block	entity.entity_form_display.block_content.default	block_content_type=varbase_media_block	a:1:{s:18:"block_content_type";s:19:"varbase_media_block";}		O:48:"Drupal\\\\Core\\\\StringTranslation\\\\TranslatableMarkup":3:{s:9:"\\000*\\000string";s:19:"Manage form display";s:12:"\\000*\\000arguments";a:0:{}s:10:"\\000*\\000options";a:0:{}}	s:0:"";	Drupal\\Core\\Menu\\MenuLinkDefault	a:0:{}	admin_toolbar_tools	1	1	0	2	a:0:{}	0	5	3	6	8	326	328	0	0	0	0	Drupal\\Core\\Menu\\Form\\MenuLinkDefaultForm
admin	134	admin_toolbar_tools.extra_links:entity.media.field_ui_fieldsgallery	admin_toolbar_tools.extra_links:entity.media_type.edit_form.gallery	entity.media.field_ui_fields	media_type=gallery	a:1:{s:10:"media_type";s:7:"gallery";}		O:48:"Drupal\\\\Core\\\\StringTranslation\\\\TranslatableMarkup":3:{s:9:"\\000*\\000string";s:13:"Manage fields";s:12:"\\000*\\000arguments";a:0:{}s:10:"\\000*\\000options";a:0:{}}	s:0:"";	Drupal\\Core\\Menu\\MenuLinkDefault	a:0:{}	admin_toolbar_tools	1	1	0	1	a:0:{}	0	5	3	6	69	133	134	0	0	0	0	Drupal\\Core\\Menu\\Form\\MenuLinkDefaultForm
admin	329	admin_toolbar_tools.extra_links:entity.entity_view_display.block_content.default.varbase_media_block	admin_toolbar_tools.extra_links:entity.block_content_type.edit_form.varbase_media_block	entity.entity_view_display.block_content.default	block_content_type=varbase_media_block	a:1:{s:18:"block_content_type";s:19:"varbase_media_block";}		O:48:"Drupal\\\\Core\\\\StringTranslation\\\\TranslatableMarkup":3:{s:9:"\\000*\\000string";s:14:"Manage display";s:12:"\\000*\\000arguments";a:0:{}s:10:"\\000*\\000options";a:0:{}}	s:0:"";	Drupal\\Core\\Menu\\MenuLinkDefault	a:0:{}	admin_toolbar_tools	1	1	0	3	a:0:{}	0	5	3	6	8	326	329	0	0	0	0	Drupal\\Core\\Menu\\Form\\MenuLinkDefaultForm
admin	135	admin_toolbar_tools.extra_links:entity.entity_form_display.media.defaultgallery	admin_toolbar_tools.extra_links:entity.media_type.edit_form.gallery	entity.entity_form_display.media.default	media_type=gallery	a:1:{s:10:"media_type";s:7:"gallery";}		O:48:"Drupal\\\\Core\\\\StringTranslation\\\\TranslatableMarkup":3:{s:9:"\\000*\\000string";s:19:"Manage form display";s:12:"\\000*\\000arguments";a:0:{}s:10:"\\000*\\000options";a:0:{}}	s:0:"";	Drupal\\Core\\Menu\\MenuLinkDefault	a:0:{}	admin_toolbar_tools	1	1	0	2	a:0:{}	0	5	3	6	69	133	135	0	0	0	0	Drupal\\Core\\Menu\\Form\\MenuLinkDefaultForm
admin	463	admin_toolbar_tools.extra_links:entity.node_type.delete_form.varbase_heroslider	admin_toolbar_tools.extra_links:entity.node_type.edit_form.varbase_heroslider	entity.node_type.delete_form	node_type=varbase_heroslider	a:1:{s:9:"node_type";s:18:"varbase_heroslider";}		O:48:"Drupal\\\\Core\\\\StringTranslation\\\\TranslatableMarkup":3:{s:9:"\\000*\\000string";s:6:"Delete";s:12:"\\000*\\000arguments";a:0:{}s:10:"\\000*\\000options";a:0:{}}	s:0:"";	Drupal\\Core\\Menu\\MenuLinkDefault	a:0:{}	admin_toolbar_tools	1	1	0	5	a:0:{}	0	5	3	6	9	458	463	0	0	0	0	Drupal\\Core\\Menu\\Form\\MenuLinkDefaultForm
admin	136	admin_toolbar_tools.extra_links:entity.entity_view_display.media.default.gallery	admin_toolbar_tools.extra_links:entity.media_type.edit_form.gallery	entity.entity_view_display.media.default	media_type=gallery	a:1:{s:10:"media_type";s:7:"gallery";}		O:48:"Drupal\\\\Core\\\\StringTranslation\\\\TranslatableMarkup":3:{s:9:"\\000*\\000string";s:14:"Manage display";s:12:"\\000*\\000arguments";a:0:{}s:10:"\\000*\\000options";a:0:{}}	s:0:"";	Drupal\\Core\\Menu\\MenuLinkDefault	a:0:{}	admin_toolbar_tools	1	1	0	3	a:0:{}	0	5	3	6	69	133	136	0	0	0	0	Drupal\\Core\\Menu\\Form\\MenuLinkDefaultForm
admin	137	admin_toolbar_tools.extra_links:entity.entity_permissions_form.media.default.gallery	admin_toolbar_tools.extra_links:entity.media_type.edit_form.gallery	entity.media_type.entity_permissions_form	media_type=gallery	a:1:{s:10:"media_type";s:7:"gallery";}		O:48:"Drupal\\\\Core\\\\StringTranslation\\\\TranslatableMarkup":3:{s:9:"\\000*\\000string";s:18:"Manage permissions";s:12:"\\000*\\000arguments";a:0:{}s:10:"\\000*\\000options";a:0:{}}	s:0:"";	Drupal\\Core\\Menu\\MenuLinkDefault	a:0:{}	admin_toolbar_tools	1	1	0	3	a:0:{}	0	5	3	6	69	133	137	0	0	0	0	Drupal\\Core\\Menu\\Form\\MenuLinkDefaultForm
admin	138	admin_toolbar_tools.extra_links:entity.media_type.delete_form.gallery	admin_toolbar_tools.extra_links:entity.media_type.edit_form.gallery	entity.media_type.delete_form	media_type=gallery	a:1:{s:10:"media_type";s:7:"gallery";}		O:48:"Drupal\\\\Core\\\\StringTranslation\\\\TranslatableMarkup":3:{s:9:"\\000*\\000string";s:6:"Delete";s:12:"\\000*\\000arguments";a:0:{}s:10:"\\000*\\000options";a:0:{}}	s:0:"";	Drupal\\Core\\Menu\\MenuLinkDefault	a:0:{}	admin_toolbar_tools	1	1	0	5	a:0:{}	0	5	3	6	69	133	138	0	0	0	0	Drupal\\Core\\Menu\\Form\\MenuLinkDefaultForm
admin	133	admin_toolbar_tools.extra_links:entity.media_type.edit_form.gallery	entity.media_type.collection	entity.media_type.edit_form	media_type=gallery	a:1:{s:10:"media_type";s:7:"gallery";}		s:0:"";	s:0:"";	Drupal\\admin_toolbar_tools\\Plugin\\Menu\\MenuLinkEntity	a:0:{}	admin_toolbar_tools	1	1	0	0	a:2:{s:11:"entity_type";s:10:"media_type";s:9:"entity_id";s:7:"gallery";}	1	4	3	6	69	133	0	0	0	0	0	Drupal\\Core\\Menu\\Form\\MenuLinkDefaultForm
admin	330	admin_toolbar_tools.extra_links:entity.entity_permissions_form.block_content.default.varbase_media_block	admin_toolbar_tools.extra_links:entity.block_content_type.edit_form.varbase_media_block	entity.block_content_type.entity_permissions_form	block_content_type=varbase_media_block	a:1:{s:18:"block_content_type";s:19:"varbase_media_block";}		O:48:"Drupal\\\\Core\\\\StringTranslation\\\\TranslatableMarkup":3:{s:9:"\\000*\\000string";s:18:"Manage permissions";s:12:"\\000*\\000arguments";a:0:{}s:10:"\\000*\\000options";a:0:{}}	s:0:"";	Drupal\\Core\\Menu\\MenuLinkDefault	a:0:{}	admin_toolbar_tools	1	1	0	3	a:0:{}	0	5	3	6	8	326	330	0	0	0	0	Drupal\\Core\\Menu\\Form\\MenuLinkDefaultForm
admin	140	admin_toolbar_tools.extra_links:entity.media.field_ui_fieldsimage	admin_toolbar_tools.extra_links:entity.media_type.edit_form.image	entity.media.field_ui_fields	media_type=image	a:1:{s:10:"media_type";s:5:"image";}		O:48:"Drupal\\\\Core\\\\StringTranslation\\\\TranslatableMarkup":3:{s:9:"\\000*\\000string";s:13:"Manage fields";s:12:"\\000*\\000arguments";a:0:{}s:10:"\\000*\\000options";a:0:{}}	s:0:"";	Drupal\\Core\\Menu\\MenuLinkDefault	a:0:{}	admin_toolbar_tools	1	1	0	1	a:0:{}	0	5	3	6	69	139	140	0	0	0	0	Drupal\\Core\\Menu\\Form\\MenuLinkDefaultForm
admin	331	admin_toolbar_tools.extra_links:entity.block_content_type.delete_form.varbase_media_block	admin_toolbar_tools.extra_links:entity.block_content_type.edit_form.varbase_media_block	entity.block_content_type.delete_form	block_content_type=varbase_media_block	a:1:{s:18:"block_content_type";s:19:"varbase_media_block";}		O:48:"Drupal\\\\Core\\\\StringTranslation\\\\TranslatableMarkup":3:{s:9:"\\000*\\000string";s:6:"Delete";s:12:"\\000*\\000arguments";a:0:{}s:10:"\\000*\\000options";a:0:{}}	s:0:"";	Drupal\\Core\\Menu\\MenuLinkDefault	a:0:{}	admin_toolbar_tools	1	1	0	5	a:0:{}	0	5	3	6	8	326	331	0	0	0	0	Drupal\\Core\\Menu\\Form\\MenuLinkDefaultForm
admin	326	admin_toolbar_tools.extra_links:entity.block_content_type.edit_form.varbase_media_block	entity.block_content_type.collection	entity.block_content_type.edit_form	block_content_type=varbase_media_block	a:1:{s:18:"block_content_type";s:19:"varbase_media_block";}		s:0:"";	s:0:"";	Drupal\\admin_toolbar_tools\\Plugin\\Menu\\MenuLinkEntity	a:0:{}	admin_toolbar_tools	1	1	0	0	a:2:{s:11:"entity_type";s:18:"block_content_type";s:9:"entity_id";s:19:"varbase_media_block";}	1	4	3	6	8	326	0	0	0	0	0	Drupal\\Core\\Menu\\Form\\MenuLinkDefaultForm
admin	141	admin_toolbar_tools.extra_links:entity.entity_form_display.media.defaultimage	admin_toolbar_tools.extra_links:entity.media_type.edit_form.image	entity.entity_form_display.media.default	media_type=image	a:1:{s:10:"media_type";s:5:"image";}		O:48:"Drupal\\\\Core\\\\StringTranslation\\\\TranslatableMarkup":3:{s:9:"\\000*\\000string";s:19:"Manage form display";s:12:"\\000*\\000arguments";a:0:{}s:10:"\\000*\\000options";a:0:{}}	s:0:"";	Drupal\\Core\\Menu\\MenuLinkDefault	a:0:{}	admin_toolbar_tools	1	1	0	2	a:0:{}	0	5	3	6	69	139	141	0	0	0	0	Drupal\\Core\\Menu\\Form\\MenuLinkDefaultForm
admin	332	admin_toolbar_tools.extra_links:block_content.add.varbase_gallery_block	admin_toolbar_tools.extra_links:add_block	block_content.add_form	block_content_type=varbase_gallery_block	a:1:{s:18:"block_content_type";s:21:"varbase_gallery_block";}		s:0:"";	s:0:"";	Drupal\\admin_toolbar_tools\\Plugin\\Menu\\MenuLinkEntity	a:0:{}	admin_toolbar_tools	1	1	0	0	a:2:{s:11:"entity_type";s:18:"block_content_type";s:9:"entity_id";s:21:"varbase_gallery_block";}	0	5	3	5	100	101	332	0	0	0	0	Drupal\\Core\\Menu\\Form\\MenuLinkDefaultForm
admin	142	admin_toolbar_tools.extra_links:entity.entity_view_display.media.default.image	admin_toolbar_tools.extra_links:entity.media_type.edit_form.image	entity.entity_view_display.media.default	media_type=image	a:1:{s:10:"media_type";s:5:"image";}		O:48:"Drupal\\\\Core\\\\StringTranslation\\\\TranslatableMarkup":3:{s:9:"\\000*\\000string";s:14:"Manage display";s:12:"\\000*\\000arguments";a:0:{}s:10:"\\000*\\000options";a:0:{}}	s:0:"";	Drupal\\Core\\Menu\\MenuLinkDefault	a:0:{}	admin_toolbar_tools	1	1	0	3	a:0:{}	0	5	3	6	69	139	142	0	0	0	0	Drupal\\Core\\Menu\\Form\\MenuLinkDefaultForm
admin	415	editoria11y.settings	system.admin_config_content	editoria11y.settings		a:0:{}		O:48:"Drupal\\\\Core\\\\StringTranslation\\\\TranslatableMarkup":3:{s:9:"\\000*\\000string";s:11:"Editoria11y";s:12:"\\000*\\000arguments";a:0:{}s:10:"\\000*\\000options";a:0:{}}	O:48:"Drupal\\\\Core\\\\StringTranslation\\\\TranslatableMarkup":3:{s:9:"\\000*\\000string";s:51:"Accessibility checker notifications and exclusions.";s:12:"\\000*\\000arguments";a:0:{}s:10:"\\000*\\000options";a:0:{}}	Drupal\\Core\\Menu\\MenuLinkDefault	a:0:{}	editoria11y	1	1	0	0	a:0:{}	0	4	3	12	35	415	0	0	0	0	0	Drupal\\Core\\Menu\\Form\\MenuLinkDefaultForm
admin	416	editoria11y.reports_dashboard	system.admin_reports	editoria11y.reports_dashboard		a:0:{}		O:48:"Drupal\\\\Core\\\\StringTranslation\\\\TranslatableMarkup":3:{s:9:"\\000*\\000string";s:21:"Content Accessibility";s:12:"\\000*\\000arguments";a:0:{}s:10:"\\000*\\000options";a:0:{}}	O:48:"Drupal\\\\Core\\\\StringTranslation\\\\TranslatableMarkup":3:{s:9:"\\000*\\000string";s:37:"Results from the Editoria11y checker.";s:12:"\\000*\\000arguments";a:0:{}s:10:"\\000*\\000options";a:0:{}}	Drupal\\Core\\Menu\\MenuLinkDefault	a:0:{}	editoria11y	1	1	0	0	a:0:{}	0	3	3	39	416	0	0	0	0	0	0	Drupal\\Core\\Menu\\Form\\MenuLinkDefaultForm
admin	139	admin_toolbar_tools.extra_links:entity.media_type.edit_form.image	entity.media_type.collection	entity.media_type.edit_form	media_type=image	a:1:{s:10:"media_type";s:5:"image";}		s:0:"";	s:0:"";	Drupal\\admin_toolbar_tools\\Plugin\\Menu\\MenuLinkEntity	a:0:{}	admin_toolbar_tools	1	1	0	0	a:2:{s:11:"entity_type";s:10:"media_type";s:9:"entity_id";s:5:"image";}	1	4	3	6	69	139	0	0	0	0	0	Drupal\\Core\\Menu\\Form\\MenuLinkDefaultForm
admin	334	admin_toolbar_tools.extra_links:entity.block_content.field_ui_fieldsvarbase_gallery_block	admin_toolbar_tools.extra_links:entity.block_content_type.edit_form.varbase_gallery_block	entity.block_content.field_ui_fields	block_content_type=varbase_gallery_block	a:1:{s:18:"block_content_type";s:21:"varbase_gallery_block";}		O:48:"Drupal\\\\Core\\\\StringTranslation\\\\TranslatableMarkup":3:{s:9:"\\000*\\000string";s:13:"Manage fields";s:12:"\\000*\\000arguments";a:0:{}s:10:"\\000*\\000options";a:0:{}}	s:0:"";	Drupal\\Core\\Menu\\MenuLinkDefault	a:0:{}	admin_toolbar_tools	1	1	0	1	a:0:{}	0	5	3	6	8	333	334	0	0	0	0	Drupal\\Core\\Menu\\Form\\MenuLinkDefaultForm
admin	592	admin_toolbar_tools.extra_links:language.add	entity.configurable_language.collection	language.add		a:0:{}		O:48:"Drupal\\\\Core\\\\StringTranslation\\\\TranslatableMarkup":3:{s:9:"\\000*\\000string";s:12:"Add language";s:12:"\\000*\\000arguments";a:0:{}s:10:"\\000*\\000options";a:0:{}}	s:0:"";	Drupal\\Core\\Menu\\MenuLinkDefault	a:0:{}	admin_toolbar_tools	1	1	0	0	a:0:{}	0	5	3	12	25	590	592	0	0	0	0	Drupal\\Core\\Menu\\Form\\MenuLinkDefaultForm
admin	335	admin_toolbar_tools.extra_links:entity.entity_form_display.block_content.defaultvarbase_gallery_block	admin_toolbar_tools.extra_links:entity.block_content_type.edit_form.varbase_gallery_block	entity.entity_form_display.block_content.default	block_content_type=varbase_gallery_block	a:1:{s:18:"block_content_type";s:21:"varbase_gallery_block";}		O:48:"Drupal\\\\Core\\\\StringTranslation\\\\TranslatableMarkup":3:{s:9:"\\000*\\000string";s:19:"Manage form display";s:12:"\\000*\\000arguments";a:0:{}s:10:"\\000*\\000options";a:0:{}}	s:0:"";	Drupal\\Core\\Menu\\MenuLinkDefault	a:0:{}	admin_toolbar_tools	1	1	0	2	a:0:{}	0	5	3	6	8	333	335	0	0	0	0	Drupal\\Core\\Menu\\Form\\MenuLinkDefaultForm
admin	146	admin_toolbar_tools.extra_links:entity.media.field_ui_fieldsremote_video	admin_toolbar_tools.extra_links:entity.media_type.edit_form.remote_video	entity.media.field_ui_fields	media_type=remote_video	a:1:{s:10:"media_type";s:12:"remote_video";}		O:48:"Drupal\\\\Core\\\\StringTranslation\\\\TranslatableMarkup":3:{s:9:"\\000*\\000string";s:13:"Manage fields";s:12:"\\000*\\000arguments";a:0:{}s:10:"\\000*\\000options";a:0:{}}	s:0:"";	Drupal\\Core\\Menu\\MenuLinkDefault	a:0:{}	admin_toolbar_tools	1	1	0	1	a:0:{}	0	5	3	6	69	145	146	0	0	0	0	Drupal\\Core\\Menu\\Form\\MenuLinkDefaultForm
admin	147	admin_toolbar_tools.extra_links:entity.entity_form_display.media.defaultremote_video	admin_toolbar_tools.extra_links:entity.media_type.edit_form.remote_video	entity.entity_form_display.media.default	media_type=remote_video	a:1:{s:10:"media_type";s:12:"remote_video";}		O:48:"Drupal\\\\Core\\\\StringTranslation\\\\TranslatableMarkup":3:{s:9:"\\000*\\000string";s:19:"Manage form display";s:12:"\\000*\\000arguments";a:0:{}s:10:"\\000*\\000options";a:0:{}}	s:0:"";	Drupal\\Core\\Menu\\MenuLinkDefault	a:0:{}	admin_toolbar_tools	1	1	0	2	a:0:{}	0	5	3	6	69	145	147	0	0	0	0	Drupal\\Core\\Menu\\Form\\MenuLinkDefaultForm
admin	336	admin_toolbar_tools.extra_links:entity.entity_view_display.block_content.default.varbase_gallery_block	admin_toolbar_tools.extra_links:entity.block_content_type.edit_form.varbase_gallery_block	entity.entity_view_display.block_content.default	block_content_type=varbase_gallery_block	a:1:{s:18:"block_content_type";s:21:"varbase_gallery_block";}		O:48:"Drupal\\\\Core\\\\StringTranslation\\\\TranslatableMarkup":3:{s:9:"\\000*\\000string";s:14:"Manage display";s:12:"\\000*\\000arguments";a:0:{}s:10:"\\000*\\000options";a:0:{}}	s:0:"";	Drupal\\Core\\Menu\\MenuLinkDefault	a:0:{}	admin_toolbar_tools	1	1	0	3	a:0:{}	0	5	3	6	8	333	336	0	0	0	0	Drupal\\Core\\Menu\\Form\\MenuLinkDefaultForm
blog-menu	465	taxonomy_menu.menu_link:taxonomy_menu.menu_link.blog_categories_menu.1		entity.taxonomy_term.canonical	taxonomy_term=1	a:1:{s:13:"taxonomy_term";s:1:"1";}		s:4:"News";	\N	Drupal\\taxonomy_menu\\Plugin\\Menu\\TaxonomyMenuMenuLink	a:0:{}	taxonomy_menu	1	1	0	0	a:2:{s:16:"taxonomy_menu_id";s:20:"blog_categories_menu";s:16:"taxonomy_term_id";s:1:"1";}	0	1	465	0	0	0	0	0	0	0	0	Drupal\\Core\\Menu\\Form\\MenuLinkDefaultForm
admin	148	admin_toolbar_tools.extra_links:entity.entity_view_display.media.default.remote_video	admin_toolbar_tools.extra_links:entity.media_type.edit_form.remote_video	entity.entity_view_display.media.default	media_type=remote_video	a:1:{s:10:"media_type";s:12:"remote_video";}		O:48:"Drupal\\\\Core\\\\StringTranslation\\\\TranslatableMarkup":3:{s:9:"\\000*\\000string";s:14:"Manage display";s:12:"\\000*\\000arguments";a:0:{}s:10:"\\000*\\000options";a:0:{}}	s:0:"";	Drupal\\Core\\Menu\\MenuLinkDefault	a:0:{}	admin_toolbar_tools	1	1	0	3	a:0:{}	0	5	3	6	69	145	148	0	0	0	0	Drupal\\Core\\Menu\\Form\\MenuLinkDefaultForm
admin	563	admin_toolbar_tools.extra_links:entity.taxonomy_term.field_ui_fieldscourse_type	admin_toolbar_tools.extra_links:entity.taxonomy_vocabulary.overview_form.course_type	entity.taxonomy_term.field_ui_fields	taxonomy_vocabulary=course_type	a:1:{s:19:"taxonomy_vocabulary";s:11:"course_type";}		O:48:"Drupal\\\\Core\\\\StringTranslation\\\\TranslatableMarkup":3:{s:9:"\\000*\\000string";s:13:"Manage fields";s:12:"\\000*\\000arguments";a:0:{}s:10:"\\000*\\000options";a:0:{}}	s:0:"";	Drupal\\Core\\Menu\\MenuLinkDefault	a:0:{}	admin_toolbar_tools	1	1	0	1	a:0:{}	0	5	3	6	49	561	563	0	0	0	0	Drupal\\Core\\Menu\\Form\\MenuLinkDefaultForm
admin	149	admin_toolbar_tools.extra_links:entity.entity_permissions_form.media.default.remote_video	admin_toolbar_tools.extra_links:entity.media_type.edit_form.remote_video	entity.media_type.entity_permissions_form	media_type=remote_video	a:1:{s:10:"media_type";s:12:"remote_video";}		O:48:"Drupal\\\\Core\\\\StringTranslation\\\\TranslatableMarkup":3:{s:9:"\\000*\\000string";s:18:"Manage permissions";s:12:"\\000*\\000arguments";a:0:{}s:10:"\\000*\\000options";a:0:{}}	s:0:"";	Drupal\\Core\\Menu\\MenuLinkDefault	a:0:{}	admin_toolbar_tools	1	1	0	3	a:0:{}	0	5	3	6	69	145	149	0	0	0	0	Drupal\\Core\\Menu\\Form\\MenuLinkDefaultForm
admin	495	admin_toolbar_tools.extra_links:views_ui.varbase_dashboards_users	entity.view.collection	entity.view.edit_form	view=varbase_dashboards_users	a:1:{s:4:"view";s:24:"varbase_dashboards_users";}		s:24:"Varbase Dashboards Users";	s:0:"";	Drupal\\Core\\Menu\\MenuLinkDefault	a:0:{}	admin_toolbar_tools	1	1	0	0	a:0:{}	0	4	3	6	467	495	0	0	0	0	0	Drupal\\Core\\Menu\\Form\\MenuLinkDefaultForm
admin	150	admin_toolbar_tools.extra_links:entity.media_type.delete_form.remote_video	admin_toolbar_tools.extra_links:entity.media_type.edit_form.remote_video	entity.media_type.delete_form	media_type=remote_video	a:1:{s:10:"media_type";s:12:"remote_video";}		O:48:"Drupal\\\\Core\\\\StringTranslation\\\\TranslatableMarkup":3:{s:9:"\\000*\\000string";s:6:"Delete";s:12:"\\000*\\000arguments";a:0:{}s:10:"\\000*\\000options";a:0:{}}	s:0:"";	Drupal\\Core\\Menu\\MenuLinkDefault	a:0:{}	admin_toolbar_tools	1	1	0	5	a:0:{}	0	5	3	6	69	145	150	0	0	0	0	Drupal\\Core\\Menu\\Form\\MenuLinkDefaultForm
admin	145	admin_toolbar_tools.extra_links:entity.media_type.edit_form.remote_video	entity.media_type.collection	entity.media_type.edit_form	media_type=remote_video	a:1:{s:10:"media_type";s:12:"remote_video";}		s:0:"";	s:0:"";	Drupal\\admin_toolbar_tools\\Plugin\\Menu\\MenuLinkEntity	a:0:{}	admin_toolbar_tools	1	1	0	0	a:2:{s:11:"entity_type";s:10:"media_type";s:9:"entity_id";s:12:"remote_video";}	1	4	3	6	69	145	0	0	0	0	0	Drupal\\Core\\Menu\\Form\\MenuLinkDefaultForm
admin	337	admin_toolbar_tools.extra_links:entity.entity_permissions_form.block_content.default.varbase_gallery_block	admin_toolbar_tools.extra_links:entity.block_content_type.edit_form.varbase_gallery_block	entity.block_content_type.entity_permissions_form	block_content_type=varbase_gallery_block	a:1:{s:18:"block_content_type";s:21:"varbase_gallery_block";}		O:48:"Drupal\\\\Core\\\\StringTranslation\\\\TranslatableMarkup":3:{s:9:"\\000*\\000string";s:18:"Manage permissions";s:12:"\\000*\\000arguments";a:0:{}s:10:"\\000*\\000options";a:0:{}}	s:0:"";	Drupal\\Core\\Menu\\MenuLinkDefault	a:0:{}	admin_toolbar_tools	1	1	0	3	a:0:{}	0	5	3	6	8	333	337	0	0	0	0	Drupal\\Core\\Menu\\Form\\MenuLinkDefaultForm
admin	590	entity.configurable_language.collection	system.admin_config_regional	entity.configurable_language.collection		a:0:{}		O:48:"Drupal\\\\Core\\\\StringTranslation\\\\TranslatableMarkup":3:{s:9:"\\000*\\000string";s:9:"Languages";s:12:"\\000*\\000arguments";a:0:{}s:10:"\\000*\\000options";a:0:{}}	O:48:"Drupal\\\\Core\\\\StringTranslation\\\\TranslatableMarkup":3:{s:9:"\\000*\\000string";s:62:"Configure languages for content, interface, and configuration.";s:12:"\\000*\\000arguments";a:0:{}s:10:"\\000*\\000options";a:0:{}}	Drupal\\Core\\Menu\\MenuLinkDefault	a:0:{}	language	1	1	0	0	a:0:{}	1	4	3	12	25	590	0	0	0	0	0	Drupal\\Core\\Menu\\Form\\MenuLinkDefaultForm
admin	338	admin_toolbar_tools.extra_links:entity.block_content_type.delete_form.varbase_gallery_block	admin_toolbar_tools.extra_links:entity.block_content_type.edit_form.varbase_gallery_block	entity.block_content_type.delete_form	block_content_type=varbase_gallery_block	a:1:{s:18:"block_content_type";s:21:"varbase_gallery_block";}		O:48:"Drupal\\\\Core\\\\StringTranslation\\\\TranslatableMarkup":3:{s:9:"\\000*\\000string";s:6:"Delete";s:12:"\\000*\\000arguments";a:0:{}s:10:"\\000*\\000options";a:0:{}}	s:0:"";	Drupal\\Core\\Menu\\MenuLinkDefault	a:0:{}	admin_toolbar_tools	1	1	0	5	a:0:{}	0	5	3	6	8	333	338	0	0	0	0	Drupal\\Core\\Menu\\Form\\MenuLinkDefaultForm
admin	152	admin_toolbar_tools.extra_links:entity.media.field_ui_fieldsvideo	admin_toolbar_tools.extra_links:entity.media_type.edit_form.video	entity.media.field_ui_fields	media_type=video	a:1:{s:10:"media_type";s:5:"video";}		O:48:"Drupal\\\\Core\\\\StringTranslation\\\\TranslatableMarkup":3:{s:9:"\\000*\\000string";s:13:"Manage fields";s:12:"\\000*\\000arguments";a:0:{}s:10:"\\000*\\000options";a:0:{}}	s:0:"";	Drupal\\Core\\Menu\\MenuLinkDefault	a:0:{}	admin_toolbar_tools	1	1	0	1	a:0:{}	0	5	3	6	69	151	152	0	0	0	0	Drupal\\Core\\Menu\\Form\\MenuLinkDefaultForm
admin	333	admin_toolbar_tools.extra_links:entity.block_content_type.edit_form.varbase_gallery_block	entity.block_content_type.collection	entity.block_content_type.edit_form	block_content_type=varbase_gallery_block	a:1:{s:18:"block_content_type";s:21:"varbase_gallery_block";}		s:0:"";	s:0:"";	Drupal\\admin_toolbar_tools\\Plugin\\Menu\\MenuLinkEntity	a:0:{}	admin_toolbar_tools	1	1	0	0	a:2:{s:11:"entity_type";s:18:"block_content_type";s:9:"entity_id";s:21:"varbase_gallery_block";}	1	4	3	6	8	333	0	0	0	0	0	Drupal\\Core\\Menu\\Form\\MenuLinkDefaultForm
admin	153	admin_toolbar_tools.extra_links:entity.entity_form_display.media.defaultvideo	admin_toolbar_tools.extra_links:entity.media_type.edit_form.video	entity.entity_form_display.media.default	media_type=video	a:1:{s:10:"media_type";s:5:"video";}		O:48:"Drupal\\\\Core\\\\StringTranslation\\\\TranslatableMarkup":3:{s:9:"\\000*\\000string";s:19:"Manage form display";s:12:"\\000*\\000arguments";a:0:{}s:10:"\\000*\\000options";a:0:{}}	s:0:"";	Drupal\\Core\\Menu\\MenuLinkDefault	a:0:{}	admin_toolbar_tools	1	1	0	2	a:0:{}	0	5	3	6	69	151	153	0	0	0	0	Drupal\\Core\\Menu\\Form\\MenuLinkDefaultForm
admin	339	admin_toolbar_tools.extra_links:block_content.add.varbase_heading_block	admin_toolbar_tools.extra_links:add_block	block_content.add_form	block_content_type=varbase_heading_block	a:1:{s:18:"block_content_type";s:21:"varbase_heading_block";}		s:0:"";	s:0:"";	Drupal\\admin_toolbar_tools\\Plugin\\Menu\\MenuLinkEntity	a:0:{}	admin_toolbar_tools	1	1	0	0	a:2:{s:11:"entity_type";s:18:"block_content_type";s:9:"entity_id";s:21:"varbase_heading_block";}	0	5	3	5	100	101	339	0	0	0	0	Drupal\\Core\\Menu\\Form\\MenuLinkDefaultForm
admin	154	admin_toolbar_tools.extra_links:entity.entity_view_display.media.default.video	admin_toolbar_tools.extra_links:entity.media_type.edit_form.video	entity.entity_view_display.media.default	media_type=video	a:1:{s:10:"media_type";s:5:"video";}		O:48:"Drupal\\\\Core\\\\StringTranslation\\\\TranslatableMarkup":3:{s:9:"\\000*\\000string";s:14:"Manage display";s:12:"\\000*\\000arguments";a:0:{}s:10:"\\000*\\000options";a:0:{}}	s:0:"";	Drupal\\Core\\Menu\\MenuLinkDefault	a:0:{}	admin_toolbar_tools	1	1	0	3	a:0:{}	0	5	3	6	69	151	154	0	0	0	0	Drupal\\Core\\Menu\\Form\\MenuLinkDefaultForm
admin	155	admin_toolbar_tools.extra_links:entity.entity_permissions_form.media.default.video	admin_toolbar_tools.extra_links:entity.media_type.edit_form.video	entity.media_type.entity_permissions_form	media_type=video	a:1:{s:10:"media_type";s:5:"video";}		O:48:"Drupal\\\\Core\\\\StringTranslation\\\\TranslatableMarkup":3:{s:9:"\\000*\\000string";s:18:"Manage permissions";s:12:"\\000*\\000arguments";a:0:{}s:10:"\\000*\\000options";a:0:{}}	s:0:"";	Drupal\\Core\\Menu\\MenuLinkDefault	a:0:{}	admin_toolbar_tools	1	1	0	3	a:0:{}	0	5	3	6	69	151	155	0	0	0	0	Drupal\\Core\\Menu\\Form\\MenuLinkDefaultForm
admin	417	admin_toolbar_tools.extra_links:block_content.add.varbase_carousel_block	admin_toolbar_tools.extra_links:add_block	block_content.add_form	block_content_type=varbase_carousel_block	a:1:{s:18:"block_content_type";s:22:"varbase_carousel_block";}		s:0:"";	s:0:"";	Drupal\\admin_toolbar_tools\\Plugin\\Menu\\MenuLinkEntity	a:0:{}	admin_toolbar_tools	1	1	0	0	a:2:{s:11:"entity_type";s:18:"block_content_type";s:9:"entity_id";s:22:"varbase_carousel_block";}	0	5	3	5	100	101	417	0	0	0	0	Drupal\\Core\\Menu\\Form\\MenuLinkDefaultForm
admin	341	admin_toolbar_tools.extra_links:entity.block_content.field_ui_fieldsvarbase_heading_block	admin_toolbar_tools.extra_links:entity.block_content_type.edit_form.varbase_heading_block	entity.block_content.field_ui_fields	block_content_type=varbase_heading_block	a:1:{s:18:"block_content_type";s:21:"varbase_heading_block";}		O:48:"Drupal\\\\Core\\\\StringTranslation\\\\TranslatableMarkup":3:{s:9:"\\000*\\000string";s:13:"Manage fields";s:12:"\\000*\\000arguments";a:0:{}s:10:"\\000*\\000options";a:0:{}}	s:0:"";	Drupal\\Core\\Menu\\MenuLinkDefault	a:0:{}	admin_toolbar_tools	1	1	0	1	a:0:{}	0	5	3	6	8	340	341	0	0	0	0	Drupal\\Core\\Menu\\Form\\MenuLinkDefaultForm
admin	593	language.content_settings_page	system.admin_config_regional	language.content_settings_page		a:0:{}		O:48:"Drupal\\\\Core\\\\StringTranslation\\\\TranslatableMarkup":3:{s:9:"\\000*\\000string";s:32:"Content language and translation";s:12:"\\000*\\000arguments";a:0:{}s:10:"\\000*\\000options";a:0:{}}	O:48:"Drupal\\\\Core\\\\StringTranslation\\\\TranslatableMarkup":3:{s:9:"\\000*\\000string";s:55:"Configure language and translation support for content.";s:12:"\\000*\\000arguments";a:0:{}s:10:"\\000*\\000options";a:0:{}}	Drupal\\Core\\Menu\\MenuLinkDefault	a:0:{}	language	1	1	0	10	a:0:{}	0	4	3	12	25	593	0	0	0	0	0	Drupal\\Core\\Menu\\Form\\MenuLinkDefaultForm
admin	342	admin_toolbar_tools.extra_links:entity.entity_form_display.block_content.defaultvarbase_heading_block	admin_toolbar_tools.extra_links:entity.block_content_type.edit_form.varbase_heading_block	entity.entity_form_display.block_content.default	block_content_type=varbase_heading_block	a:1:{s:18:"block_content_type";s:21:"varbase_heading_block";}		O:48:"Drupal\\\\Core\\\\StringTranslation\\\\TranslatableMarkup":3:{s:9:"\\000*\\000string";s:19:"Manage form display";s:12:"\\000*\\000arguments";a:0:{}s:10:"\\000*\\000options";a:0:{}}	s:0:"";	Drupal\\Core\\Menu\\MenuLinkDefault	a:0:{}	admin_toolbar_tools	1	1	0	2	a:0:{}	0	5	3	6	8	340	342	0	0	0	0	Drupal\\Core\\Menu\\Form\\MenuLinkDefaultForm
admin	161	admin_toolbar_tools.extra_links:entity.menu.edit_form.footer	entity.menu.collection	entity.menu.edit_form	menu=footer	a:1:{s:4:"menu";s:6:"footer";}		s:0:"";	s:0:"";	Drupal\\admin_toolbar_tools\\Plugin\\Menu\\MenuLinkEntity	a:0:{}	admin_toolbar_tools	1	1	0	2	a:2:{s:11:"entity_type";s:4:"menu";s:9:"entity_id";s:6:"footer";}	1	4	3	6	48	161	0	0	0	0	0	Drupal\\Core\\Menu\\Form\\MenuLinkDefaultForm
admin	160	admin_toolbar_tools.extra_links:entity.menu.add_link_form.admin	admin_toolbar_tools.extra_links:entity.menu.edit_form.admin	entity.menu.add_link_form	menu=admin	a:1:{s:4:"menu";s:5:"admin";}		O:48:"Drupal\\\\Core\\\\StringTranslation\\\\TranslatableMarkup":3:{s:9:"\\000*\\000string";s:8:"Add link";s:12:"\\000*\\000arguments";a:0:{}s:10:"\\000*\\000options";a:0:{}}	s:0:"";	Drupal\\Core\\Menu\\MenuLinkDefault	a:0:{}	admin_toolbar_tools	1	1	0	0	a:0:{}	0	5	3	6	48	159	160	0	0	0	0	Drupal\\Core\\Menu\\Form\\MenuLinkDefaultForm
admin	498	admin_toolbar_tools.extra_links:views_ui.who_s_new	entity.view.collection	entity.view.edit_form	view=who_s_new	a:1:{s:4:"view";s:9:"who_s_new";}		s:9:"Who's new";	s:0:"";	Drupal\\Core\\Menu\\MenuLinkDefault	a:0:{}	admin_toolbar_tools	1	1	0	0	a:0:{}	0	4	3	6	467	498	0	0	0	0	0	Drupal\\Core\\Menu\\Form\\MenuLinkDefaultForm
admin	343	admin_toolbar_tools.extra_links:entity.entity_view_display.block_content.default.varbase_heading_block	admin_toolbar_tools.extra_links:entity.block_content_type.edit_form.varbase_heading_block	entity.entity_view_display.block_content.default	block_content_type=varbase_heading_block	a:1:{s:18:"block_content_type";s:21:"varbase_heading_block";}		O:48:"Drupal\\\\Core\\\\StringTranslation\\\\TranslatableMarkup":3:{s:9:"\\000*\\000string";s:14:"Manage display";s:12:"\\000*\\000arguments";a:0:{}s:10:"\\000*\\000options";a:0:{}}	s:0:"";	Drupal\\Core\\Menu\\MenuLinkDefault	a:0:{}	admin_toolbar_tools	1	1	0	3	a:0:{}	0	5	3	6	8	340	343	0	0	0	0	Drupal\\Core\\Menu\\Form\\MenuLinkDefaultForm
admin	468	admin_toolbar_tools.extra_links:views_ui.add	entity.view.collection	views_ui.add		a:0:{}		O:48:"Drupal\\\\Core\\\\StringTranslation\\\\TranslatableMarkup":3:{s:9:"\\000*\\000string";s:8:"Add view";s:12:"\\000*\\000arguments";a:0:{}s:10:"\\000*\\000options";a:0:{}}	s:0:"";	Drupal\\Core\\Menu\\MenuLinkDefault	a:0:{}	admin_toolbar_tools	1	1	0	-5	a:0:{}	0	4	3	6	467	468	0	0	0	0	0	Drupal\\Core\\Menu\\Form\\MenuLinkDefaultForm
admin	162	admin_toolbar_tools.extra_links:entity.menu.add_link_form.footer	admin_toolbar_tools.extra_links:entity.menu.edit_form.footer	entity.menu.add_link_form	menu=footer	a:1:{s:4:"menu";s:6:"footer";}		O:48:"Drupal\\\\Core\\\\StringTranslation\\\\TranslatableMarkup":3:{s:9:"\\000*\\000string";s:8:"Add link";s:12:"\\000*\\000arguments";a:0:{}s:10:"\\000*\\000options";a:0:{}}	s:0:"";	Drupal\\Core\\Menu\\MenuLinkDefault	a:0:{}	admin_toolbar_tools	1	1	0	0	a:0:{}	0	5	3	6	48	161	162	0	0	0	0	Drupal\\Core\\Menu\\Form\\MenuLinkDefaultForm
admin	164	admin_toolbar_tools.extra_links:entity.menu.add_link_form.main	admin_toolbar_tools.extra_links:entity.menu.edit_form.main	entity.menu.add_link_form	menu=main	a:1:{s:4:"menu";s:4:"main";}		O:48:"Drupal\\\\Core\\\\StringTranslation\\\\TranslatableMarkup":3:{s:9:"\\000*\\000string";s:8:"Add link";s:12:"\\000*\\000arguments";a:0:{}s:10:"\\000*\\000options";a:0:{}}	s:0:"";	Drupal\\Core\\Menu\\MenuLinkDefault	a:0:{}	admin_toolbar_tools	1	1	0	0	a:0:{}	0	5	3	6	48	163	164	0	0	0	0	Drupal\\Core\\Menu\\Form\\MenuLinkDefaultForm
admin	265	entity.webform.collection.item	entity.webform.collection	entity.webform.collection		a:0:{}		O:48:"Drupal\\\\Core\\\\StringTranslation\\\\TranslatableMarkup":3:{s:9:"\\000*\\000string";s:5:"Forms";s:12:"\\000*\\000arguments";a:0:{}s:10:"\\000*\\000options";a:0:{}}	s:0:"";	Drupal\\Core\\Menu\\MenuLinkDefault	a:0:{}	webform	1	1	0	0	a:0:{}	0	4	3	6	264	265	0	0	0	0	0	Drupal\\Core\\Menu\\Form\\MenuLinkDefaultForm
admin	267	entity.webform_submission.collection_manage.item	entity.webform_submission.collection.item	entity.webform_submission.collection		a:0:{}		O:48:"Drupal\\\\Core\\\\StringTranslation\\\\TranslatableMarkup":3:{s:9:"\\000*\\000string";s:6:"Manage";s:12:"\\000*\\000arguments";a:0:{}s:10:"\\000*\\000options";a:0:{}}	s:0:"";	Drupal\\Core\\Menu\\MenuLinkDefault	a:0:{}	webform	1	1	0	0	a:0:{}	0	5	3	6	264	266	267	0	0	0	0	Drupal\\Core\\Menu\\Form\\MenuLinkDefaultForm
admin	166	admin_toolbar_tools.extra_links:entity.menu.add_link_form.social-media-menu	admin_toolbar_tools.extra_links:entity.menu.edit_form.social-media-menu	entity.menu.add_link_form	menu=social-media-menu	a:1:{s:4:"menu";s:17:"social-media-menu";}		O:48:"Drupal\\\\Core\\\\StringTranslation\\\\TranslatableMarkup":3:{s:9:"\\000*\\000string";s:8:"Add link";s:12:"\\000*\\000arguments";a:0:{}s:10:"\\000*\\000options";a:0:{}}	s:0:"";	Drupal\\Core\\Menu\\MenuLinkDefault	a:0:{}	admin_toolbar_tools	1	1	0	0	a:0:{}	0	5	3	6	48	165	166	0	0	0	0	Drupal\\Core\\Menu\\Form\\MenuLinkDefaultForm
admin	344	admin_toolbar_tools.extra_links:entity.entity_permissions_form.block_content.default.varbase_heading_block	admin_toolbar_tools.extra_links:entity.block_content_type.edit_form.varbase_heading_block	entity.block_content_type.entity_permissions_form	block_content_type=varbase_heading_block	a:1:{s:18:"block_content_type";s:21:"varbase_heading_block";}		O:48:"Drupal\\\\Core\\\\StringTranslation\\\\TranslatableMarkup":3:{s:9:"\\000*\\000string";s:18:"Manage permissions";s:12:"\\000*\\000arguments";a:0:{}s:10:"\\000*\\000options";a:0:{}}	s:0:"";	Drupal\\Core\\Menu\\MenuLinkDefault	a:0:{}	admin_toolbar_tools	1	1	0	3	a:0:{}	0	5	3	6	8	340	344	0	0	0	0	Drupal\\Core\\Menu\\Form\\MenuLinkDefaultForm
admin	167	admin_toolbar_tools.extra_links:entity.menu.delete_form.social-media-menu	admin_toolbar_tools.extra_links:entity.menu.edit_form.social-media-menu	entity.menu.delete_form	menu=social-media-menu	a:1:{s:4:"menu";s:17:"social-media-menu";}		O:48:"Drupal\\\\Core\\\\StringTranslation\\\\TranslatableMarkup":3:{s:9:"\\000*\\000string";s:6:"Delete";s:12:"\\000*\\000arguments";a:0:{}s:10:"\\000*\\000options";a:0:{}}	s:0:"";	Drupal\\Core\\Menu\\MenuLinkDefault	a:0:{}	admin_toolbar_tools	1	1	0	0	a:0:{}	0	5	3	6	48	165	167	0	0	0	0	Drupal\\Core\\Menu\\Form\\MenuLinkDefaultForm
admin	168	admin_toolbar_tools.extra_links:entity.menu.edit_form.tools	entity.menu.collection	entity.menu.edit_form	menu=tools	a:1:{s:4:"menu";s:5:"tools";}		s:0:"";	s:0:"";	Drupal\\admin_toolbar_tools\\Plugin\\Menu\\MenuLinkEntity	a:0:{}	admin_toolbar_tools	1	1	0	5	a:2:{s:11:"entity_type";s:4:"menu";s:9:"entity_id";s:5:"tools";}	1	4	3	6	48	168	0	0	0	0	0	Drupal\\Core\\Menu\\Form\\MenuLinkDefaultForm
admin	469	admin_toolbar_tools.extra_links:views_ui.block_content	entity.view.collection	entity.view.edit_form	view=block_content	a:1:{s:4:"view";s:13:"block_content";}		s:14:"Content blocks";	s:0:"";	Drupal\\Core\\Menu\\MenuLinkDefault	a:0:{}	admin_toolbar_tools	1	1	0	0	a:0:{}	0	4	3	6	467	469	0	0	0	0	0	Drupal\\Core\\Menu\\Form\\MenuLinkDefaultForm
admin	528	admin_toolbar_tools.extra_links:node.add.course	admin_toolbar_tools.extra_links:node.add	node.add	node_type=course	a:1:{s:9:"node_type";s:6:"course";}		s:0:"";	s:0:"";	Drupal\\admin_toolbar_tools\\Plugin\\Menu\\MenuLinkEntity	a:0:{}	admin_toolbar_tools	1	1	0	0	a:2:{s:11:"entity_type";s:9:"node_type";s:9:"entity_id";s:6:"course";}	0	4	3	5	99	528	0	0	0	0	0	Drupal\\Core\\Menu\\Form\\MenuLinkDefaultForm
admin	345	admin_toolbar_tools.extra_links:entity.block_content_type.delete_form.varbase_heading_block	admin_toolbar_tools.extra_links:entity.block_content_type.edit_form.varbase_heading_block	entity.block_content_type.delete_form	block_content_type=varbase_heading_block	a:1:{s:18:"block_content_type";s:21:"varbase_heading_block";}		O:48:"Drupal\\\\Core\\\\StringTranslation\\\\TranslatableMarkup":3:{s:9:"\\000*\\000string";s:6:"Delete";s:12:"\\000*\\000arguments";a:0:{}s:10:"\\000*\\000options";a:0:{}}	s:0:"";	Drupal\\Core\\Menu\\MenuLinkDefault	a:0:{}	admin_toolbar_tools	1	1	0	5	a:0:{}	0	5	3	6	8	340	345	0	0	0	0	Drupal\\Core\\Menu\\Form\\MenuLinkDefaultForm
admin	340	admin_toolbar_tools.extra_links:entity.block_content_type.edit_form.varbase_heading_block	entity.block_content_type.collection	entity.block_content_type.edit_form	block_content_type=varbase_heading_block	a:1:{s:18:"block_content_type";s:21:"varbase_heading_block";}		s:0:"";	s:0:"";	Drupal\\admin_toolbar_tools\\Plugin\\Menu\\MenuLinkEntity	a:0:{}	admin_toolbar_tools	1	1	0	0	a:2:{s:11:"entity_type";s:18:"block_content_type";s:9:"entity_id";s:21:"varbase_heading_block";}	1	4	3	6	8	340	0	0	0	0	0	Drupal\\Core\\Menu\\Form\\MenuLinkDefaultForm
admin	169	admin_toolbar_tools.extra_links:entity.menu.add_link_form.tools	admin_toolbar_tools.extra_links:entity.menu.edit_form.tools	entity.menu.add_link_form	menu=tools	a:1:{s:4:"menu";s:5:"tools";}		O:48:"Drupal\\\\Core\\\\StringTranslation\\\\TranslatableMarkup":3:{s:9:"\\000*\\000string";s:8:"Add link";s:12:"\\000*\\000arguments";a:0:{}s:10:"\\000*\\000options";a:0:{}}	s:0:"";	Drupal\\Core\\Menu\\MenuLinkDefault	a:0:{}	admin_toolbar_tools	1	1	0	0	a:0:{}	0	5	3	6	48	168	169	0	0	0	0	Drupal\\Core\\Menu\\Form\\MenuLinkDefaultForm
admin	346	admin_toolbar_tools.extra_links:block_content.add.varbase_buttons_block	admin_toolbar_tools.extra_links:add_block	block_content.add_form	block_content_type=varbase_buttons_block	a:1:{s:18:"block_content_type";s:21:"varbase_buttons_block";}		s:0:"";	s:0:"";	Drupal\\admin_toolbar_tools\\Plugin\\Menu\\MenuLinkEntity	a:0:{}	admin_toolbar_tools	1	1	0	0	a:2:{s:11:"entity_type";s:18:"block_content_type";s:9:"entity_id";s:21:"varbase_buttons_block";}	0	5	3	5	100	101	346	0	0	0	0	Drupal\\Core\\Menu\\Form\\MenuLinkDefaultForm
admin	165	admin_toolbar_tools.extra_links:entity.menu.edit_form.social-media-menu	entity.menu.collection	entity.menu.edit_form	menu=social-media-menu	a:1:{s:4:"menu";s:17:"social-media-menu";}		s:0:"";	s:0:"";	Drupal\\admin_toolbar_tools\\Plugin\\Menu\\MenuLinkEntity	a:0:{}	admin_toolbar_tools	1	1	0	4	a:2:{s:11:"entity_type";s:4:"menu";s:9:"entity_id";s:17:"social-media-menu";}	1	4	3	6	48	165	0	0	0	0	0	Drupal\\Core\\Menu\\Form\\MenuLinkDefaultForm
admin	48	entity.menu.collection	system.admin_structure	entity.menu.collection		a:0:{}		O:48:"Drupal\\\\Core\\\\StringTranslation\\\\TranslatableMarkup":3:{s:9:"\\000*\\000string";s:5:"Menus";s:12:"\\000*\\000arguments";a:0:{}s:10:"\\000*\\000options";a:0:{}}	O:48:"Drupal\\\\Core\\\\StringTranslation\\\\TranslatableMarkup":3:{s:9:"\\000*\\000string";s:28:"Manage menus and menu links.";s:12:"\\000*\\000arguments";a:0:{}s:10:"\\000*\\000options";a:0:{}}	Drupal\\Core\\Menu\\MenuLinkDefault	a:0:{}	menu_ui	1	1	0	0	a:0:{}	1	3	3	6	48	0	0	0	0	0	0	Drupal\\Core\\Menu\\Form\\MenuLinkDefaultForm
admin	171	admin_toolbar_tools.extra_links:entity.menu.add_link_form.account	admin_toolbar_tools.extra_links:entity.menu.edit_form.account	entity.menu.add_link_form	menu=account	a:1:{s:4:"menu";s:7:"account";}		O:48:"Drupal\\\\Core\\\\StringTranslation\\\\TranslatableMarkup":3:{s:9:"\\000*\\000string";s:8:"Add link";s:12:"\\000*\\000arguments";a:0:{}s:10:"\\000*\\000options";a:0:{}}	s:0:"";	Drupal\\Core\\Menu\\MenuLinkDefault	a:0:{}	admin_toolbar_tools	1	1	0	0	a:0:{}	0	5	3	6	48	170	171	0	0	0	0	Drupal\\Core\\Menu\\Form\\MenuLinkDefaultForm
admin	594	locale.translate_page	system.admin_config_regional	locale.translate_page		a:0:{}		O:48:"Drupal\\\\Core\\\\StringTranslation\\\\TranslatableMarkup":3:{s:9:"\\000*\\000string";s:26:"User interface translation";s:12:"\\000*\\000arguments";a:0:{}s:10:"\\000*\\000options";a:0:{}}	O:48:"Drupal\\\\Core\\\\StringTranslation\\\\TranslatableMarkup":3:{s:9:"\\000*\\000string";s:87:"Configure the import of translation files, and add or customize interface translations.";s:12:"\\000*\\000arguments";a:0:{}s:10:"\\000*\\000options";a:0:{}}	Drupal\\Core\\Menu\\MenuLinkDefault	a:0:{}	locale	1	1	0	15	a:0:{}	0	4	3	12	25	594	0	0	0	0	0	Drupal\\Core\\Menu\\Form\\MenuLinkDefaultForm
admin	172	admin_toolbar_tools.extra_links:node.type_add	entity.node_type.collection	node.type_add		a:0:{}		O:48:"Drupal\\\\Core\\\\StringTranslation\\\\TranslatableMarkup":3:{s:9:"\\000*\\000string";s:16:"Add content type";s:12:"\\000*\\000arguments";a:0:{}s:10:"\\000*\\000options";a:0:{}}	s:0:"";	Drupal\\Core\\Menu\\MenuLinkDefault	a:0:{}	admin_toolbar_tools	1	1	0	-2	a:0:{}	0	4	3	6	9	172	0	0	0	0	0	Drupal\\Core\\Menu\\Form\\MenuLinkDefaultForm
admin	628	admin_toolbar_tools.extra_links:views_ui.all_feedback	entity.view.collection	entity.view.edit_form	view=all_feedback	a:1:{s:4:"view";s:12:"all_feedback";}		s:12:"All Feedback";	s:0:"";	Drupal\\Core\\Menu\\MenuLinkDefault	a:0:{}	admin_toolbar_tools	1	1	0	0	a:0:{}	0	4	3	6	467	628	0	0	0	0	0	Drupal\\Core\\Menu\\Form\\MenuLinkDefaultForm
admin	470	admin_toolbar_tools.extra_links:views_ui.content	entity.view.collection	entity.view.edit_form	view=content	a:1:{s:4:"view";s:7:"content";}		s:7:"Content";	s:0:"";	Drupal\\Core\\Menu\\MenuLinkDefault	a:0:{}	admin_toolbar_tools	1	1	0	0	a:0:{}	0	4	3	6	467	470	0	0	0	0	0	Drupal\\Core\\Menu\\Form\\MenuLinkDefaultForm
admin	173	admin_toolbar_tools.extra_links:entity.taxonomy_vocabulary.add_form	entity.taxonomy_vocabulary.collection	entity.taxonomy_vocabulary.add_form		a:0:{}		O:48:"Drupal\\\\Core\\\\StringTranslation\\\\TranslatableMarkup":3:{s:9:"\\000*\\000string";s:14:"Add vocabulary";s:12:"\\000*\\000arguments";a:0:{}s:10:"\\000*\\000options";a:0:{}}	s:0:"";	Drupal\\Core\\Menu\\MenuLinkDefault	a:0:{}	admin_toolbar_tools	1	1	0	-998	a:0:{}	0	4	3	6	49	173	0	0	0	0	0	Drupal\\Core\\Menu\\Form\\MenuLinkDefaultForm
admin	348	admin_toolbar_tools.extra_links:entity.block_content.field_ui_fieldsvarbase_buttons_block	admin_toolbar_tools.extra_links:entity.block_content_type.edit_form.varbase_buttons_block	entity.block_content.field_ui_fields	block_content_type=varbase_buttons_block	a:1:{s:18:"block_content_type";s:21:"varbase_buttons_block";}		O:48:"Drupal\\\\Core\\\\StringTranslation\\\\TranslatableMarkup":3:{s:9:"\\000*\\000string";s:13:"Manage fields";s:12:"\\000*\\000arguments";a:0:{}s:10:"\\000*\\000options";a:0:{}}	s:0:"";	Drupal\\Core\\Menu\\MenuLinkDefault	a:0:{}	admin_toolbar_tools	1	1	0	1	a:0:{}	0	5	3	6	8	347	348	0	0	0	0	Drupal\\Core\\Menu\\Form\\MenuLinkDefaultForm
admin	174	taxonomy_manager.admin	system.admin_structure	taxonomy_manager.admin		a:0:{}		O:48:"Drupal\\\\Core\\\\StringTranslation\\\\TranslatableMarkup":3:{s:9:"\\000*\\000string";s:16:"Taxonomy manager";s:12:"\\000*\\000arguments";a:0:{}s:10:"\\000*\\000options";a:0:{}}	O:48:"Drupal\\\\Core\\\\StringTranslation\\\\TranslatableMarkup":3:{s:9:"\\000*\\000string";s:49:"Administer vocabularies with the Taxonomy Manager";s:12:"\\000*\\000arguments";a:0:{}s:10:"\\000*\\000options";a:0:{}}	Drupal\\Core\\Menu\\MenuLinkDefault	a:0:{}	taxonomy_manager	1	1	0	0	a:0:{}	0	3	3	6	174	0	0	0	0	0	0	Drupal\\Core\\Menu\\Form\\MenuLinkDefaultForm
admin	175	admin_toolbar_tools.extra_links:update.theme_install	system.themes_page	update.theme_install		a:0:{}		O:48:"Drupal\\\\Core\\\\StringTranslation\\\\TranslatableMarkup":3:{s:9:"\\000*\\000string";s:17:"Install new theme";s:12:"\\000*\\000arguments";a:0:{}s:10:"\\000*\\000options";a:0:{}}	s:0:"";	Drupal\\Core\\Menu\\MenuLinkDefault	a:0:{}	admin_toolbar_tools	1	1	0	0	a:0:{}	0	3	3	10	175	0	0	0	0	0	0	Drupal\\Core\\Menu\\Form\\MenuLinkDefaultForm
admin	49	entity.taxonomy_vocabulary.collection	system.admin_structure	entity.taxonomy_vocabulary.collection		a:0:{}		O:48:"Drupal\\\\Core\\\\StringTranslation\\\\TranslatableMarkup":3:{s:9:"\\000*\\000string";s:8:"Taxonomy";s:12:"\\000*\\000arguments";a:0:{}s:10:"\\000*\\000options";a:0:{}}	O:48:"Drupal\\\\Core\\\\StringTranslation\\\\TranslatableMarkup":3:{s:9:"\\000*\\000string";s:67:"Manage tagging, categorization, and classification of your content.";s:12:"\\000*\\000arguments";a:0:{}s:10:"\\000*\\000options";a:0:{}}	Drupal\\Core\\Menu\\MenuLinkDefault	a:0:{}	taxonomy	1	1	0	0	a:0:{}	1	3	3	6	49	0	0	0	0	0	0	Drupal\\Core\\Menu\\Form\\MenuLinkDefaultForm
admin	176	admin_toolbar_tools.extra_links:update.theme_update	system.themes_page	update.theme_update		a:0:{}		O:48:"Drupal\\\\Core\\\\StringTranslation\\\\TranslatableMarkup":3:{s:9:"\\000*\\000string";s:6:"Update";s:12:"\\000*\\000arguments";a:0:{}s:10:"\\000*\\000options";a:0:{}}	s:0:"";	Drupal\\Core\\Menu\\MenuLinkDefault	a:0:{}	admin_toolbar_tools	1	1	0	0	a:0:{}	0	3	3	10	176	0	0	0	0	0	0	Drupal\\Core\\Menu\\Form\\MenuLinkDefaultForm
admin	349	admin_toolbar_tools.extra_links:entity.entity_form_display.block_content.defaultvarbase_buttons_block	admin_toolbar_tools.extra_links:entity.block_content_type.edit_form.varbase_buttons_block	entity.entity_form_display.block_content.default	block_content_type=varbase_buttons_block	a:1:{s:18:"block_content_type";s:21:"varbase_buttons_block";}		O:48:"Drupal\\\\Core\\\\StringTranslation\\\\TranslatableMarkup":3:{s:9:"\\000*\\000string";s:19:"Manage form display";s:12:"\\000*\\000arguments";a:0:{}s:10:"\\000*\\000options";a:0:{}}	s:0:"";	Drupal\\Core\\Menu\\MenuLinkDefault	a:0:{}	admin_toolbar_tools	1	1	0	2	a:0:{}	0	5	3	6	8	347	349	0	0	0	0	Drupal\\Core\\Menu\\Form\\MenuLinkDefaultForm
admin	170	admin_toolbar_tools.extra_links:entity.menu.edit_form.account	entity.menu.collection	entity.menu.edit_form	menu=account	a:1:{s:4:"menu";s:7:"account";}		s:0:"";	s:0:"";	Drupal\\admin_toolbar_tools\\Plugin\\Menu\\MenuLinkEntity	a:0:{}	admin_toolbar_tools	1	1	0	6	a:2:{s:11:"entity_type";s:4:"menu";s:9:"entity_id";s:7:"account";}	1	4	3	6	48	170	0	0	0	0	0	Drupal\\Core\\Menu\\Form\\MenuLinkDefaultForm
admin	178	admin_toolbar_tools.extra_links:system.theme_settings_theme.vartheme_bs5	admin_toolbar_tools.extra_links:system.theme_settings	system.theme_settings_theme	theme=vartheme_bs5	a:1:{s:5:"theme";s:12:"vartheme_bs5";}		s:12:"Vartheme BS5";	s:0:"";	Drupal\\Core\\Menu\\MenuLinkDefault	a:0:{}	admin_toolbar_tools	1	1	0	0	a:0:{}	0	4	3	10	177	178	0	0	0	0	0	Drupal\\Core\\Menu\\Form\\MenuLinkDefaultForm
admin	179	admin_toolbar_tools.extra_links:system.theme_settings_theme.claro	admin_toolbar_tools.extra_links:system.theme_settings	system.theme_settings_theme	theme=claro	a:1:{s:5:"theme";s:5:"claro";}		s:5:"Claro";	s:0:"";	Drupal\\Core\\Menu\\MenuLinkDefault	a:0:{}	admin_toolbar_tools	1	1	0	0	a:0:{}	0	4	3	10	177	179	0	0	0	0	0	Drupal\\Core\\Menu\\Form\\MenuLinkDefaultForm
admin	177	admin_toolbar_tools.extra_links:system.theme_settings	system.themes_page	system.theme_settings		a:0:{}		O:48:"Drupal\\\\Core\\\\StringTranslation\\\\TranslatableMarkup":3:{s:9:"\\000*\\000string";s:8:"Settings";s:12:"\\000*\\000arguments";a:0:{}s:10:"\\000*\\000options";a:0:{}}	s:0:"";	Drupal\\Core\\Menu\\MenuLinkDefault	a:0:{}	admin_toolbar_tools	1	1	0	0	a:0:{}	1	3	3	10	177	0	0	0	0	0	0	Drupal\\Core\\Menu\\Form\\MenuLinkDefaultForm
admin	180	admin_toolbar_tools.extra_links:system.theme_settings_theme.gin	admin_toolbar_tools.extra_links:system.theme_settings	system.theme_settings_theme	theme=gin	a:1:{s:5:"theme";s:3:"gin";}		s:3:"Gin";	s:0:"";	Drupal\\Core\\Menu\\MenuLinkDefault	a:0:{}	admin_toolbar_tools	1	1	0	0	a:0:{}	0	4	3	10	177	180	0	0	0	0	0	Drupal\\Core\\Menu\\Form\\MenuLinkDefaultForm
admin	25	system.admin_config_regional	system.admin_config	system.admin_config_regional		a:0:{}		O:48:"Drupal\\\\Core\\\\StringTranslation\\\\TranslatableMarkup":3:{s:9:"\\000*\\000string";s:19:"Region and language";s:12:"\\000*\\000arguments";a:0:{}s:10:"\\000*\\000options";a:0:{}}	O:48:"Drupal\\\\Core\\\\StringTranslation\\\\TranslatableMarkup":3:{s:9:"\\000*\\000string";s:59:"Configure regional settings, localization, and translation.";s:12:"\\000*\\000arguments";a:0:{}s:10:"\\000*\\000options";a:0:{}}	Drupal\\Core\\Menu\\MenuLinkDefault	a:0:{}	system	1	1	0	-5	a:0:{}	1	3	3	12	25	0	0	0	0	0	0	Drupal\\Core\\Menu\\Form\\MenuLinkDefaultForm
admin	530	admin_toolbar_tools.extra_links:entity.node.field_ui_fieldscourse	admin_toolbar_tools.extra_links:entity.node_type.edit_form.course	entity.node.field_ui_fields	node_type=course	a:1:{s:9:"node_type";s:6:"course";}		O:48:"Drupal\\\\Core\\\\StringTranslation\\\\TranslatableMarkup":3:{s:9:"\\000*\\000string";s:13:"Manage fields";s:12:"\\000*\\000arguments";a:0:{}s:10:"\\000*\\000options";a:0:{}}	s:0:"";	Drupal\\Core\\Menu\\MenuLinkDefault	a:0:{}	admin_toolbar_tools	1	1	0	1	a:0:{}	0	5	3	6	9	529	530	0	0	0	0	Drupal\\Core\\Menu\\Form\\MenuLinkDefaultForm
admin	181	system.modules_uninstall	system.modules_list	system.modules_uninstall		a:0:{}		O:48:"Drupal\\\\Core\\\\StringTranslation\\\\TranslatableMarkup":3:{s:9:"\\000*\\000string";s:16:"Uninstall module";s:12:"\\000*\\000arguments";a:0:{}s:10:"\\000*\\000options";a:0:{}}	s:0:"";	Drupal\\Core\\Menu\\MenuLinkDefault	a:0:{}	admin_toolbar_tools	1	1	0	0	a:0:{}	0	3	3	11	181	0	0	0	0	0	0	Drupal\\Core\\Menu\\Form\\MenuLinkDefaultForm
admin	350	admin_toolbar_tools.extra_links:entity.entity_view_display.block_content.default.varbase_buttons_block	admin_toolbar_tools.extra_links:entity.block_content_type.edit_form.varbase_buttons_block	entity.entity_view_display.block_content.default	block_content_type=varbase_buttons_block	a:1:{s:18:"block_content_type";s:21:"varbase_buttons_block";}		O:48:"Drupal\\\\Core\\\\StringTranslation\\\\TranslatableMarkup":3:{s:9:"\\000*\\000string";s:14:"Manage display";s:12:"\\000*\\000arguments";a:0:{}s:10:"\\000*\\000options";a:0:{}}	s:0:"";	Drupal\\Core\\Menu\\MenuLinkDefault	a:0:{}	admin_toolbar_tools	1	1	0	3	a:0:{}	0	5	3	6	8	347	350	0	0	0	0	Drupal\\Core\\Menu\\Form\\MenuLinkDefaultForm
admin	182	admin_toolbar_tools.extra_links:update.module_install	system.modules_list	update.module_install		a:0:{}		O:48:"Drupal\\\\Core\\\\StringTranslation\\\\TranslatableMarkup":3:{s:9:"\\000*\\000string";s:18:"Install new module";s:12:"\\000*\\000arguments";a:0:{}s:10:"\\000*\\000options";a:0:{}}	s:0:"";	Drupal\\Core\\Menu\\MenuLinkDefault	a:0:{}	admin_toolbar_tools	1	1	0	0	a:0:{}	0	3	3	11	182	0	0	0	0	0	0	Drupal\\Core\\Menu\\Form\\MenuLinkDefaultForm
admin	471	admin_toolbar_tools.extra_links:views_ui.content_recent	entity.view.collection	entity.view.edit_form	view=content_recent	a:1:{s:4:"view";s:14:"content_recent";}		s:14:"Recent content";	s:0:"";	Drupal\\Core\\Menu\\MenuLinkDefault	a:0:{}	admin_toolbar_tools	1	1	0	0	a:0:{}	0	4	3	6	467	471	0	0	0	0	0	Drupal\\Core\\Menu\\Form\\MenuLinkDefaultForm
admin	183	admin_toolbar_tools.extra_links:update.module_update	system.modules_list	update.module_update		a:0:{}		O:48:"Drupal\\\\Core\\\\StringTranslation\\\\TranslatableMarkup":3:{s:9:"\\000*\\000string";s:6:"Update";s:12:"\\000*\\000arguments";a:0:{}s:10:"\\000*\\000options";a:0:{}}	s:0:"";	Drupal\\Core\\Menu\\MenuLinkDefault	a:0:{}	admin_toolbar_tools	1	1	0	0	a:0:{}	0	3	3	11	183	0	0	0	0	0	0	Drupal\\Core\\Menu\\Form\\MenuLinkDefaultForm
admin	351	admin_toolbar_tools.extra_links:entity.entity_permissions_form.block_content.default.varbase_buttons_block	admin_toolbar_tools.extra_links:entity.block_content_type.edit_form.varbase_buttons_block	entity.block_content_type.entity_permissions_form	block_content_type=varbase_buttons_block	a:1:{s:18:"block_content_type";s:21:"varbase_buttons_block";}		O:48:"Drupal\\\\Core\\\\StringTranslation\\\\TranslatableMarkup":3:{s:9:"\\000*\\000string";s:18:"Manage permissions";s:12:"\\000*\\000arguments";a:0:{}s:10:"\\000*\\000options";a:0:{}}	s:0:"";	Drupal\\Core\\Menu\\MenuLinkDefault	a:0:{}	admin_toolbar_tools	1	1	0	3	a:0:{}	0	5	3	6	8	347	351	0	0	0	0	Drupal\\Core\\Menu\\Form\\MenuLinkDefaultForm
admin	184	admin_toolbar_tools.extra_links:project_browser.browse	system.modules_list	project_browser.browse		a:0:{}		O:48:"Drupal\\\\Core\\\\StringTranslation\\\\TranslatableMarkup":3:{s:9:"\\000*\\000string";s:6:"Browse";s:12:"\\000*\\000arguments";a:0:{}s:10:"\\000*\\000options";a:0:{}}	s:0:"";	Drupal\\Core\\Menu\\MenuLinkDefault	a:0:{}	admin_toolbar_tools	1	1	0	-1	a:0:{}	0	3	3	11	184	0	0	0	0	0	0	Drupal\\Core\\Menu\\Form\\MenuLinkDefaultForm
admin	11	system.modules_list	system.admin	system.modules_list		a:0:{}		O:48:"Drupal\\\\Core\\\\StringTranslation\\\\TranslatableMarkup":3:{s:9:"\\000*\\000string";s:6:"Extend";s:12:"\\000*\\000arguments";a:0:{}s:10:"\\000*\\000options";a:0:{}}	O:48:"Drupal\\\\Core\\\\StringTranslation\\\\TranslatableMarkup":3:{s:9:"\\000*\\000string";s:53:"Add and install modules to extend site functionality.";s:12:"\\000*\\000arguments";a:0:{}s:10:"\\000*\\000options";a:0:{}}	Drupal\\Core\\Menu\\MenuLinkDefault	a:0:{}	system	1	1	0	-2	a:0:{}	1	2	3	11	0	0	0	0	0	0	0	Drupal\\Core\\Menu\\Form\\MenuLinkDefaultForm
admin	185	admin_toolbar_tools.extra_links:config.import	config.sync	config.import_full		a:0:{}		O:48:"Drupal\\\\Core\\\\StringTranslation\\\\TranslatableMarkup":3:{s:9:"\\000*\\000string";s:6:"Import";s:12:"\\000*\\000arguments";a:0:{}s:10:"\\000*\\000options";a:0:{}}	s:0:"";	Drupal\\Core\\Menu\\MenuLinkDefault	a:0:{}	admin_toolbar_tools	1	1	0	1	a:0:{}	0	5	3	12	20	51	185	0	0	0	0	Drupal\\Core\\Menu\\Form\\MenuLinkDefaultForm
admin	186	admin_toolbar_tools.extra_links:config.export	config.sync	config.export_full		a:0:{}		O:48:"Drupal\\\\Core\\\\StringTranslation\\\\TranslatableMarkup":3:{s:9:"\\000*\\000string";s:6:"Export";s:12:"\\000*\\000arguments";a:0:{}s:10:"\\000*\\000options";a:0:{}}	s:0:"";	Drupal\\Core\\Menu\\MenuLinkDefault	a:0:{}	admin_toolbar_tools	1	1	0	2	a:0:{}	0	5	3	12	20	51	186	0	0	0	0	Drupal\\Core\\Menu\\Form\\MenuLinkDefaultForm
admin	51	config.sync	system.admin_config_development	config.sync		a:0:{}		O:48:"Drupal\\\\Core\\\\StringTranslation\\\\TranslatableMarkup":3:{s:9:"\\000*\\000string";s:29:"Configuration synchronization";s:12:"\\000*\\000arguments";a:0:{}s:10:"\\000*\\000options";a:0:{}}	O:48:"Drupal\\\\Core\\\\StringTranslation\\\\TranslatableMarkup":3:{s:9:"\\000*\\000string";s:37:"Import and export your configuration.";s:12:"\\000*\\000arguments";a:0:{}s:10:"\\000*\\000options";a:0:{}}	Drupal\\Core\\Menu\\MenuLinkDefault	a:0:{}	config	1	1	0	0	a:0:{}	1	4	3	12	20	51	0	0	0	0	0	Drupal\\Core\\Menu\\Form\\MenuLinkDefaultForm
admin	187	gin_login.configuration_form	system.admin_config_system	gin_login.configuration_form		a:0:{}		O:48:"Drupal\\\\Core\\\\StringTranslation\\\\TranslatableMarkup":3:{s:9:"\\000*\\000string";s:9:"Gin Login";s:12:"\\000*\\000arguments";a:0:{}s:10:"\\000*\\000options";a:0:{}}	O:48:"Drupal\\\\Core\\\\StringTranslation\\\\TranslatableMarkup":3:{s:9:"\\000*\\000string";s:10:"Gin Login.";s:12:"\\000*\\000arguments";a:0:{}s:10:"\\000*\\000options";a:0:{}}	Drupal\\Core\\Menu\\MenuLinkDefault	a:0:{}	gin_login	1	1	0	99	a:0:{}	0	4	3	12	29	187	0	0	0	0	0	Drupal\\Core\\Menu\\Form\\MenuLinkDefaultForm
admin	188	admin_toolbar.settings	system.admin_config_ui	admin_toolbar.settings		a:0:{}		O:48:"Drupal\\\\Core\\\\StringTranslation\\\\TranslatableMarkup":3:{s:9:"\\000*\\000string";s:13:"Admin Toolbar";s:12:"\\000*\\000arguments";a:0:{}s:10:"\\000*\\000options";a:0:{}}	O:48:"Drupal\\\\Core\\\\StringTranslation\\\\TranslatableMarkup":3:{s:9:"\\000*\\000string";s:35:"Configure the Admin Toolbar module.";s:12:"\\000*\\000arguments";a:0:{}s:10:"\\000*\\000options";a:0:{}}	Drupal\\Core\\Menu\\MenuLinkDefault	a:0:{}	admin_toolbar	1	1	0	0	a:0:{}	0	4	3	12	33	188	0	0	0	0	0	Drupal\\Core\\Menu\\Form\\MenuLinkDefaultForm
admin	472	admin_toolbar_tools.extra_links:views_ui.dashboard_last_content	entity.view.collection	entity.view.edit_form	view=dashboard_last_content	a:1:{s:4:"view";s:22:"dashboard_last_content";}		s:23:"Dashboard: Last content";	s:0:"";	Drupal\\Core\\Menu\\MenuLinkDefault	a:0:{}	admin_toolbar_tools	1	1	0	0	a:0:{}	0	4	3	6	467	472	0	0	0	0	0	Drupal\\Core\\Menu\\Form\\MenuLinkDefaultForm
admin	352	admin_toolbar_tools.extra_links:entity.block_content_type.delete_form.varbase_buttons_block	admin_toolbar_tools.extra_links:entity.block_content_type.edit_form.varbase_buttons_block	entity.block_content_type.delete_form	block_content_type=varbase_buttons_block	a:1:{s:18:"block_content_type";s:21:"varbase_buttons_block";}		O:48:"Drupal\\\\Core\\\\StringTranslation\\\\TranslatableMarkup":3:{s:9:"\\000*\\000string";s:6:"Delete";s:12:"\\000*\\000arguments";a:0:{}s:10:"\\000*\\000options";a:0:{}}	s:0:"";	Drupal\\Core\\Menu\\MenuLinkDefault	a:0:{}	admin_toolbar_tools	1	1	0	5	a:0:{}	0	5	3	6	8	347	352	0	0	0	0	Drupal\\Core\\Menu\\Form\\MenuLinkDefaultForm
admin	189	admin_toolbar_tools.settings	system.admin_config_ui	admin_toolbar_tools.settings		a:0:{}		O:48:"Drupal\\\\Core\\\\StringTranslation\\\\TranslatableMarkup":3:{s:9:"\\000*\\000string";s:19:"Admin Toolbar Tools";s:12:"\\000*\\000arguments";a:0:{}s:10:"\\000*\\000options";a:0:{}}	O:48:"Drupal\\\\Core\\\\StringTranslation\\\\TranslatableMarkup":3:{s:9:"\\000*\\000string";s:41:"Configure the Admin Toolbar Tools module.";s:12:"\\000*\\000arguments";a:0:{}s:10:"\\000*\\000options";a:0:{}}	Drupal\\Core\\Menu\\MenuLinkDefault	a:0:{}	admin_toolbar_tools	1	1	0	0	a:0:{}	0	4	3	12	33	189	0	0	0	0	0	Drupal\\Core\\Menu\\Form\\MenuLinkDefaultForm
admin	347	admin_toolbar_tools.extra_links:entity.block_content_type.edit_form.varbase_buttons_block	entity.block_content_type.collection	entity.block_content_type.edit_form	block_content_type=varbase_buttons_block	a:1:{s:18:"block_content_type";s:21:"varbase_buttons_block";}		s:0:"";	s:0:"";	Drupal\\admin_toolbar_tools\\Plugin\\Menu\\MenuLinkEntity	a:0:{}	admin_toolbar_tools	1	1	0	0	a:2:{s:11:"entity_type";s:18:"block_content_type";s:9:"entity_id";s:21:"varbase_buttons_block";}	1	4	3	6	8	347	0	0	0	0	0	Drupal\\Core\\Menu\\Form\\MenuLinkDefaultForm
admin	190	coffee.configuration	system.admin_config_ui	coffee.configuration		a:0:{}		O:48:"Drupal\\\\Core\\\\StringTranslation\\\\TranslatableMarkup":3:{s:9:"\\000*\\000string";s:6:"Coffee";s:12:"\\000*\\000arguments";a:0:{}s:10:"\\000*\\000options";a:0:{}}	O:48:"Drupal\\\\Core\\\\StringTranslation\\\\TranslatableMarkup":3:{s:9:"\\000*\\000string";s:39:"Select what menus coffee should search.";s:12:"\\000*\\000arguments";a:0:{}s:10:"\\000*\\000options";a:0:{}}	Drupal\\Core\\Menu\\MenuLinkDefault	a:0:{}	coffee	1	1	0	0	a:0:{}	0	4	3	12	33	190	0	0	0	0	0	Drupal\\Core\\Menu\\Form\\MenuLinkDefaultForm
admin	191	gin_moderation_sidebar.settings	system.admin_config_ui	gin_moderation_sidebar.settings_form		a:0:{}		O:48:"Drupal\\\\Core\\\\StringTranslation\\\\TranslatableMarkup":3:{s:9:"\\000*\\000string";s:22:"Gin Moderation Sidebar";s:12:"\\000*\\000arguments";a:0:{}s:10:"\\000*\\000options";a:0:{}}	O:48:"Drupal\\\\Core\\\\StringTranslation\\\\TranslatableMarkup":3:{s:9:"\\000*\\000string";s:33:"Configure Gin Moderation Sidebar.";s:12:"\\000*\\000arguments";a:0:{}s:10:"\\000*\\000options";a:0:{}}	Drupal\\Core\\Menu\\MenuLinkDefault	a:0:{}	gin_moderation_sidebar	1	1	0	0	a:0:{}	0	4	3	12	33	191	0	0	0	0	0	Drupal\\Core\\Menu\\Form\\MenuLinkDefaultForm
admin	419	admin_toolbar_tools.extra_links:entity.block_content.field_ui_fieldsvarbase_carousel_block	admin_toolbar_tools.extra_links:entity.block_content_type.edit_form.varbase_carousel_block	entity.block_content.field_ui_fields	block_content_type=varbase_carousel_block	a:1:{s:18:"block_content_type";s:22:"varbase_carousel_block";}		O:48:"Drupal\\\\Core\\\\StringTranslation\\\\TranslatableMarkup":3:{s:9:"\\000*\\000string";s:13:"Manage fields";s:12:"\\000*\\000arguments";a:0:{}s:10:"\\000*\\000options";a:0:{}}	s:0:"";	Drupal\\Core\\Menu\\MenuLinkDefault	a:0:{}	admin_toolbar_tools	1	1	0	1	a:0:{}	0	5	3	6	8	418	419	0	0	0	0	Drupal\\Core\\Menu\\Form\\MenuLinkDefaultForm
admin	33	system.admin_config_ui	system.admin_config	system.admin_config_ui		a:0:{}		O:48:"Drupal\\\\Core\\\\StringTranslation\\\\TranslatableMarkup":3:{s:9:"\\000*\\000string";s:14:"User interface";s:12:"\\000*\\000arguments";a:0:{}s:10:"\\000*\\000options";a:0:{}}	O:48:"Drupal\\\\Core\\\\StringTranslation\\\\TranslatableMarkup":3:{s:9:"\\000*\\000string";s:44:"Configure the administrative user interface.";s:12:"\\000*\\000arguments";a:0:{}s:10:"\\000*\\000options";a:0:{}}	Drupal\\Core\\Menu\\MenuLinkDefault	a:0:{}	system	1	1	0	-15	a:0:{}	1	3	3	12	33	0	0	0	0	0	0	Drupal\\Core\\Menu\\Form\\MenuLinkDefaultForm
admin	192	moderation_sidebar.settings	system.admin_config_ui	moderation_sidebar.settings		a:0:{}		O:48:"Drupal\\\\Core\\\\StringTranslation\\\\TranslatableMarkup":3:{s:9:"\\000*\\000string";s:18:"Moderation Sidebar";s:12:"\\000*\\000arguments";a:0:{}s:10:"\\000*\\000options";a:0:{}}	O:48:"Drupal\\\\Core\\\\StringTranslation\\\\TranslatableMarkup":3:{s:9:"\\000*\\000string";s:29:"Configure Moderation Sidebar.";s:12:"\\000*\\000arguments";a:0:{}s:10:"\\000*\\000options";a:0:{}}	Drupal\\Core\\Menu\\MenuLinkDefault	a:0:{}	moderation_sidebar	1	1	0	0	a:0:{}	0	4	3	12	33	192	0	0	0	0	0	Drupal\\Core\\Menu\\Form\\MenuLinkDefaultForm
admin	612	admin_toolbar_tools.extra_links:entity.node.field_ui_fieldsnew	admin_toolbar_tools.extra_links:entity.node_type.edit_form.new	entity.node.field_ui_fields	node_type=new	a:1:{s:9:"node_type";s:3:"new";}		O:48:"Drupal\\\\Core\\\\StringTranslation\\\\TranslatableMarkup":3:{s:9:"\\000*\\000string";s:13:"Manage fields";s:12:"\\000*\\000arguments";a:0:{}s:10:"\\000*\\000options";a:0:{}}	s:0:"";	Drupal\\Core\\Menu\\MenuLinkDefault	a:0:{}	admin_toolbar_tools	1	1	0	1	a:0:{}	0	5	3	6	9	611	612	0	0	0	0	Drupal\\Core\\Menu\\Form\\MenuLinkDefaultForm
admin	353	varbase_buttons_block.settings	varbase_core.settings_index	varbase_buttons_block.settings		a:0:{}		O:48:"Drupal\\\\Core\\\\StringTranslation\\\\TranslatableMarkup":3:{s:9:"\\000*\\000string";s:30:"Varbase Buttons Block Settings";s:12:"\\000*\\000arguments";a:0:{}s:10:"\\000*\\000options";a:0:{}}	O:48:"Drupal\\\\Core\\\\StringTranslation\\\\TranslatableMarkup":3:{s:9:"\\000*\\000string";s:60:"Configuring Varbase Buttons Block site wide default options.";s:12:"\\000*\\000arguments";a:0:{}s:10:"\\000*\\000options";a:0:{}}	Drupal\\Core\\Menu\\MenuLinkDefault	a:0:{}	varbase_buttons_block	1	1	0	0	a:0:{}	0	4	3	12	64	353	0	0	0	0	0	Drupal\\Core\\Menu\\Form\\MenuLinkDefaultForm
admin	193	entity.responsive_preview_device.collection	system.admin_config_ui	entity.responsive_preview_device.collection		a:0:{}		O:48:"Drupal\\\\Core\\\\StringTranslation\\\\TranslatableMarkup":3:{s:9:"\\000*\\000string";s:18:"Responsive preview";s:12:"\\000*\\000arguments";a:0:{}s:10:"\\000*\\000options";a:0:{}}	O:48:"Drupal\\\\Core\\\\StringTranslation\\\\TranslatableMarkup":3:{s:9:"\\000*\\000string";s:46:"Manage Devices used for the responsive preview";s:12:"\\000*\\000arguments";a:0:{}s:10:"\\000*\\000options";a:0:{}}	Drupal\\Core\\Menu\\MenuLinkDefault	a:0:{}	responsive_preview	1	1	0	99	a:0:{}	0	4	3	12	33	193	0	0	0	0	0	Drupal\\Core\\Menu\\Form\\MenuLinkDefaultForm
admin	354	admin_toolbar_tools.extra_links:block_content.add.varbase_cta_block	admin_toolbar_tools.extra_links:add_block	block_content.add_form	block_content_type=varbase_cta_block	a:1:{s:18:"block_content_type";s:17:"varbase_cta_block";}		s:0:"";	s:0:"";	Drupal\\admin_toolbar_tools\\Plugin\\Menu\\MenuLinkEntity	a:0:{}	admin_toolbar_tools	1	1	0	0	a:2:{s:11:"entity_type";s:18:"block_content_type";s:9:"entity_id";s:17:"varbase_cta_block";}	0	5	3	5	100	101	354	0	0	0	0	Drupal\\Core\\Menu\\Form\\MenuLinkDefaultForm
admin	194	taxonomy_manager.settings	system.admin_config_ui	taxonomy_manager.settings		a:0:{}		O:48:"Drupal\\\\Core\\\\StringTranslation\\\\TranslatableMarkup":3:{s:9:"\\000*\\000string";s:16:"Taxonomy manager";s:12:"\\000*\\000arguments";a:0:{}s:10:"\\000*\\000options";a:0:{}}	O:48:"Drupal\\\\Core\\\\StringTranslation\\\\TranslatableMarkup":3:{s:9:"\\000*\\000string";s:42:"Advanced settings for the Taxonomy Manager";s:12:"\\000*\\000arguments";a:0:{}s:10:"\\000*\\000options";a:0:{}}	Drupal\\Core\\Menu\\MenuLinkDefault	a:0:{}	taxonomy_manager	1	1	0	0	a:0:{}	0	4	3	12	33	194	0	0	0	0	0	Drupal\\Core\\Menu\\Form\\MenuLinkDefaultForm
admin	195	entity.workflow.collection	system.admin_config_workflow	entity.workflow.collection		a:0:{}		O:48:"Drupal\\\\Core\\\\StringTranslation\\\\TranslatableMarkup":3:{s:9:"\\000*\\000string";s:9:"Workflows";s:12:"\\000*\\000arguments";a:0:{}s:10:"\\000*\\000options";a:0:{}}	O:48:"Drupal\\\\Core\\\\StringTranslation\\\\TranslatableMarkup":3:{s:9:"\\000*\\000string";s:20:"Configure workflows.";s:12:"\\000*\\000arguments";a:0:{}s:10:"\\000*\\000options";a:0:{}}	Drupal\\Core\\Menu\\MenuLinkDefault	a:0:{}	workflows	1	1	0	0	a:0:{}	0	4	3	12	34	195	0	0	0	0	0	Drupal\\Core\\Menu\\Form\\MenuLinkDefaultForm
admin	34	system.admin_config_workflow	system.admin_config	system.admin_config_workflow		a:0:{}		O:48:"Drupal\\\\Core\\\\StringTranslation\\\\TranslatableMarkup":3:{s:9:"\\000*\\000string";s:8:"Workflow";s:12:"\\000*\\000arguments";a:0:{}s:10:"\\000*\\000options";a:0:{}}	O:48:"Drupal\\\\Core\\\\StringTranslation\\\\TranslatableMarkup":3:{s:9:"\\000*\\000string";s:28:"Manage the content workflow.";s:12:"\\000*\\000arguments";a:0:{}s:10:"\\000*\\000options";a:0:{}}	Drupal\\Core\\Menu\\MenuLinkDefault	a:0:{}	system	1	1	0	5	a:0:{}	1	3	3	12	34	0	0	0	0	0	0	Drupal\\Core\\Menu\\Form\\MenuLinkDefaultForm
admin	196	type_tray.configuration_form	system.admin_config_content	type_tray.settings.form		a:0:{}		O:48:"Drupal\\\\Core\\\\StringTranslation\\\\TranslatableMarkup":3:{s:9:"\\000*\\000string";s:18:"Type Tray Settings";s:12:"\\000*\\000arguments";a:0:{}s:10:"\\000*\\000options";a:0:{}}	O:48:"Drupal\\\\Core\\\\StringTranslation\\\\TranslatableMarkup":3:{s:9:"\\000*\\000string";s:28:"Configure Type Tray settings";s:12:"\\000*\\000arguments";a:0:{}s:10:"\\000*\\000options";a:0:{}}	Drupal\\Core\\Menu\\MenuLinkDefault	a:0:{}	type_tray	1	1	0	0	a:0:{}	0	4	3	12	35	196	0	0	0	0	0	Drupal\\Core\\Menu\\Form\\MenuLinkDefaultForm
tools	424	search.view		search.view		a:0:{}		O:48:"Drupal\\\\Core\\\\StringTranslation\\\\TranslatableMarkup":3:{s:9:"\\000*\\000string";s:6:"Search";s:12:"\\000*\\000arguments";a:0:{}s:10:"\\000*\\000options";a:0:{}}	s:0:"";	Drupal\\Core\\Menu\\MenuLinkDefault	a:0:{}	search	0	1	0	0	a:0:{}	0	1	424	0	0	0	0	0	0	0	0	Drupal\\Core\\Menu\\Form\\MenuLinkDefaultForm
admin	197	admin_toolbar_tools.extra_links:entity.user.field_ui_fields_	entity.user.admin_form	entity.user.field_ui_fields		a:0:{}		O:48:"Drupal\\\\Core\\\\StringTranslation\\\\TranslatableMarkup":3:{s:9:"\\000*\\000string";s:13:"Manage fields";s:12:"\\000*\\000arguments";a:0:{}s:10:"\\000*\\000options";a:0:{}}	s:0:"";	Drupal\\Core\\Menu\\MenuLinkDefault	a:0:{}	admin_toolbar_tools	1	1	0	1	a:0:{}	0	5	3	12	37	38	197	0	0	0	0	Drupal\\Core\\Menu\\Form\\MenuLinkDefaultForm
admin	425	entity.search_page.collection	system.admin_config_search	entity.search_page.collection		a:0:{}		O:48:"Drupal\\\\Core\\\\StringTranslation\\\\TranslatableMarkup":3:{s:9:"\\000*\\000string";s:12:"Search pages";s:12:"\\000*\\000arguments";a:0:{}s:10:"\\000*\\000options";a:0:{}}	O:48:"Drupal\\\\Core\\\\StringTranslation\\\\TranslatableMarkup":3:{s:9:"\\000*\\000string";s:51:"Configure search pages and search indexing options.";s:12:"\\000*\\000arguments";a:0:{}s:10:"\\000*\\000options";a:0:{}}	Drupal\\Core\\Menu\\MenuLinkDefault	a:0:{}	search	1	1	0	-10	a:0:{}	0	4	3	12	28	425	0	0	0	0	0	Drupal\\Core\\Menu\\Form\\MenuLinkDefaultForm
admin	356	admin_toolbar_tools.extra_links:entity.block_content.field_ui_fieldsvarbase_cta_block	admin_toolbar_tools.extra_links:entity.block_content_type.edit_form.varbase_cta_block	entity.block_content.field_ui_fields	block_content_type=varbase_cta_block	a:1:{s:18:"block_content_type";s:17:"varbase_cta_block";}		O:48:"Drupal\\\\Core\\\\StringTranslation\\\\TranslatableMarkup":3:{s:9:"\\000*\\000string";s:13:"Manage fields";s:12:"\\000*\\000arguments";a:0:{}s:10:"\\000*\\000options";a:0:{}}	s:0:"";	Drupal\\Core\\Menu\\MenuLinkDefault	a:0:{}	admin_toolbar_tools	1	1	0	1	a:0:{}	0	5	3	6	8	355	356	0	0	0	0	Drupal\\Core\\Menu\\Form\\MenuLinkDefaultForm
admin	198	admin_toolbar_tools.extra_links:entity.entity_form_display.user.default_	entity.user.admin_form	entity.entity_form_display.user.default		a:0:{}		O:48:"Drupal\\\\Core\\\\StringTranslation\\\\TranslatableMarkup":3:{s:9:"\\000*\\000string";s:19:"Manage form display";s:12:"\\000*\\000arguments";a:0:{}s:10:"\\000*\\000options";a:0:{}}	s:0:"";	Drupal\\Core\\Menu\\MenuLinkDefault	a:0:{}	admin_toolbar_tools	1	1	0	2	a:0:{}	0	5	3	12	37	38	198	0	0	0	0	Drupal\\Core\\Menu\\Form\\MenuLinkDefaultForm
admin	531	admin_toolbar_tools.extra_links:entity.entity_form_display.node.defaultcourse	admin_toolbar_tools.extra_links:entity.node_type.edit_form.course	entity.entity_form_display.node.default	node_type=course	a:1:{s:9:"node_type";s:6:"course";}		O:48:"Drupal\\\\Core\\\\StringTranslation\\\\TranslatableMarkup":3:{s:9:"\\000*\\000string";s:19:"Manage form display";s:12:"\\000*\\000arguments";a:0:{}s:10:"\\000*\\000options";a:0:{}}	s:0:"";	Drupal\\Core\\Menu\\MenuLinkDefault	a:0:{}	admin_toolbar_tools	1	1	0	2	a:0:{}	0	5	3	6	9	529	531	0	0	0	0	Drupal\\Core\\Menu\\Form\\MenuLinkDefaultForm
admin	199	admin_toolbar_tools.extra_links:entity.entity_view_display.user.default_	entity.user.admin_form	entity.entity_view_display.user.default		a:0:{}		O:48:"Drupal\\\\Core\\\\StringTranslation\\\\TranslatableMarkup":3:{s:9:"\\000*\\000string";s:14:"Manage display";s:12:"\\000*\\000arguments";a:0:{}s:10:"\\000*\\000options";a:0:{}}	s:0:"";	Drupal\\Core\\Menu\\MenuLinkDefault	a:0:{}	admin_toolbar_tools	1	1	0	3	a:0:{}	0	5	3	12	37	38	199	0	0	0	0	Drupal\\Core\\Menu\\Form\\MenuLinkDefaultForm
admin	38	entity.user.admin_form	user.admin_index	entity.user.admin_form		a:0:{}		O:48:"Drupal\\\\Core\\\\StringTranslation\\\\TranslatableMarkup":3:{s:9:"\\000*\\000string";s:16:"Account settings";s:12:"\\000*\\000arguments";a:0:{}s:10:"\\000*\\000options";a:0:{}}	O:48:"Drupal\\\\Core\\\\StringTranslation\\\\TranslatableMarkup":3:{s:9:"\\000*\\000string";s:105:"Configure default user account settings, including fields, registration requirements, and email messages.";s:12:"\\000*\\000arguments";a:0:{}s:10:"\\000*\\000options";a:0:{}}	Drupal\\Core\\Menu\\MenuLinkDefault	a:0:{}	user	1	1	0	-10	a:0:{}	1	4	3	12	37	38	0	0	0	0	0	Drupal\\Core\\Menu\\Form\\MenuLinkDefaultForm
admin	357	admin_toolbar_tools.extra_links:entity.entity_form_display.block_content.defaultvarbase_cta_block	admin_toolbar_tools.extra_links:entity.block_content_type.edit_form.varbase_cta_block	entity.entity_form_display.block_content.default	block_content_type=varbase_cta_block	a:1:{s:18:"block_content_type";s:17:"varbase_cta_block";}		O:48:"Drupal\\\\Core\\\\StringTranslation\\\\TranslatableMarkup":3:{s:9:"\\000*\\000string";s:19:"Manage form display";s:12:"\\000*\\000arguments";a:0:{}s:10:"\\000*\\000options";a:0:{}}	s:0:"";	Drupal\\Core\\Menu\\MenuLinkDefault	a:0:{}	admin_toolbar_tools	1	1	0	2	a:0:{}	0	5	3	6	8	355	357	0	0	0	0	Drupal\\Core\\Menu\\Form\\MenuLinkDefaultForm
admin	200	admin_audit_trail.report_form	system.admin_reports	admin_audit_trail.report_form		a:0:{}		O:48:"Drupal\\\\Core\\\\StringTranslation\\\\TranslatableMarkup":3:{s:9:"\\000*\\000string";s:17:"Admin audit trail";s:12:"\\000*\\000arguments";a:0:{}s:10:"\\000*\\000options";a:0:{}}	O:48:"Drupal\\\\Core\\\\StringTranslation\\\\TranslatableMarkup":3:{s:9:"\\000*\\000string";s:68:"Get report about cud operation performed by the user on the website.";s:12:"\\000*\\000arguments";a:0:{}s:10:"\\000*\\000options";a:0:{}}	Drupal\\Core\\Menu\\MenuLinkDefault	a:0:{}	admin_audit_trail	1	1	0	-5	a:0:{}	0	3	3	39	200	0	0	0	0	0	0	Drupal\\Core\\Menu\\Form\\MenuLinkDefaultForm
admin	473	admin_toolbar_tools.extra_links:views_ui.editoria11y_dismissals	entity.view.collection	entity.view.edit_form	view=editoria11y_dismissals	a:1:{s:4:"view";s:22:"editoria11y_dismissals";}		s:22:"Editoria11y dismissals";	s:0:"";	Drupal\\Core\\Menu\\MenuLinkDefault	a:0:{}	admin_toolbar_tools	1	1	0	0	a:0:{}	0	4	3	6	467	473	0	0	0	0	0	Drupal\\Core\\Menu\\Form\\MenuLinkDefaultForm
admin	201	admin_toolbar_tools.extra_links:user.admin_create	entity.user.collection	user.admin_create		a:0:{}		O:48:"Drupal\\\\Core\\\\StringTranslation\\\\TranslatableMarkup":3:{s:9:"\\000*\\000string";s:8:"Add user";s:12:"\\000*\\000arguments";a:0:{}s:10:"\\000*\\000options";a:0:{}}	s:0:"";	Drupal\\Core\\Menu\\MenuLinkDefault	a:0:{}	admin_toolbar_tools	1	1	0	0	a:0:{}	0	3	3	41	201	0	0	0	0	0	0	Drupal\\Core\\Menu\\Form\\MenuLinkDefaultForm
admin	595	locale.translate_status	system.admin_reports	locale.translate_status		a:0:{}		O:48:"Drupal\\\\Core\\\\StringTranslation\\\\TranslatableMarkup":3:{s:9:"\\000*\\000string";s:29:"Available translation updates";s:12:"\\000*\\000arguments";a:0:{}s:10:"\\000*\\000options";a:0:{}}	O:48:"Drupal\\\\Core\\\\StringTranslation\\\\TranslatableMarkup":3:{s:9:"\\000*\\000string";s:97:"Get a status report about available interface translations for your installed modules and themes.";s:12:"\\000*\\000arguments";a:0:{}s:10:"\\000*\\000options";a:0:{}}	Drupal\\Core\\Menu\\MenuLinkDefault	a:0:{}	locale	1	1	0	0	a:0:{}	0	3	3	39	595	0	0	0	0	0	0	Drupal\\Core\\Menu\\Form\\MenuLinkDefaultForm
admin	358	admin_toolbar_tools.extra_links:entity.entity_view_display.block_content.default.varbase_cta_block	admin_toolbar_tools.extra_links:entity.block_content_type.edit_form.varbase_cta_block	entity.entity_view_display.block_content.default	block_content_type=varbase_cta_block	a:1:{s:18:"block_content_type";s:17:"varbase_cta_block";}		O:48:"Drupal\\\\Core\\\\StringTranslation\\\\TranslatableMarkup":3:{s:9:"\\000*\\000string";s:14:"Manage display";s:12:"\\000*\\000arguments";a:0:{}s:10:"\\000*\\000options";a:0:{}}	s:0:"";	Drupal\\Core\\Menu\\MenuLinkDefault	a:0:{}	admin_toolbar_tools	1	1	0	3	a:0:{}	0	5	3	6	8	355	358	0	0	0	0	Drupal\\Core\\Menu\\Form\\MenuLinkDefaultForm
admin	202	admin_toolbar_tools.extra_links:user.admin_permissions	entity.user.collection	user.admin_permissions		a:0:{}		O:48:"Drupal\\\\Core\\\\StringTranslation\\\\TranslatableMarkup":3:{s:9:"\\000*\\000string";s:11:"Permissions";s:12:"\\000*\\000arguments";a:0:{}s:10:"\\000*\\000options";a:0:{}}	s:0:"";	Drupal\\Core\\Menu\\MenuLinkDefault	a:0:{}	admin_toolbar_tools	1	1	0	0	a:0:{}	0	3	3	41	202	0	0	0	0	0	0	Drupal\\Core\\Menu\\Form\\MenuLinkDefaultForm
admin	529	admin_toolbar_tools.extra_links:entity.node_type.edit_form.course	entity.node_type.collection	entity.node_type.edit_form	node_type=course	a:1:{s:9:"node_type";s:6:"course";}		s:0:"";	s:0:"";	Drupal\\admin_toolbar_tools\\Plugin\\Menu\\MenuLinkEntity	a:0:{}	admin_toolbar_tools	1	1	0	0	a:2:{s:11:"entity_type";s:9:"node_type";s:9:"entity_id";s:6:"course";}	1	4	3	6	9	529	0	0	0	0	0	Drupal\\Core\\Menu\\Form\\MenuLinkDefaultForm
admin	474	admin_toolbar_tools.extra_links:views_ui.editoria11y_results	entity.view.collection	entity.view.edit_form	view=editoria11y_results	a:1:{s:4:"view";s:19:"editoria11y_results";}		s:19:"Editoria11y results";	s:0:"";	Drupal\\Core\\Menu\\MenuLinkDefault	a:0:{}	admin_toolbar_tools	1	1	0	0	a:0:{}	0	4	3	6	467	474	0	0	0	0	0	Drupal\\Core\\Menu\\Form\\MenuLinkDefaultForm
admin	204	admin_toolbar_tools.extra_links:user.role_add	admin_toolbar_tools.extra_links:entity.user_role.collection	user.role_add		a:0:{}		O:48:"Drupal\\\\Core\\\\StringTranslation\\\\TranslatableMarkup":3:{s:9:"\\000*\\000string";s:8:"Add role";s:12:"\\000*\\000arguments";a:0:{}s:10:"\\000*\\000options";a:0:{}}	s:0:"";	Drupal\\Core\\Menu\\MenuLinkDefault	a:0:{}	admin_toolbar_tools	1	1	0	-50	a:0:{}	0	4	3	41	203	204	0	0	0	0	0	Drupal\\Core\\Menu\\Form\\MenuLinkDefaultForm
admin	359	admin_toolbar_tools.extra_links:entity.entity_permissions_form.block_content.default.varbase_cta_block	admin_toolbar_tools.extra_links:entity.block_content_type.edit_form.varbase_cta_block	entity.block_content_type.entity_permissions_form	block_content_type=varbase_cta_block	a:1:{s:18:"block_content_type";s:17:"varbase_cta_block";}		O:48:"Drupal\\\\Core\\\\StringTranslation\\\\TranslatableMarkup":3:{s:9:"\\000*\\000string";s:18:"Manage permissions";s:12:"\\000*\\000arguments";a:0:{}s:10:"\\000*\\000options";a:0:{}}	s:0:"";	Drupal\\Core\\Menu\\MenuLinkDefault	a:0:{}	admin_toolbar_tools	1	1	0	3	a:0:{}	0	5	3	6	8	355	359	0	0	0	0	Drupal\\Core\\Menu\\Form\\MenuLinkDefaultForm
admin	532	admin_toolbar_tools.extra_links:entity.entity_view_display.node.default.course	admin_toolbar_tools.extra_links:entity.node_type.edit_form.course	entity.entity_view_display.node.default	node_type=course	a:1:{s:9:"node_type";s:6:"course";}		O:48:"Drupal\\\\Core\\\\StringTranslation\\\\TranslatableMarkup":3:{s:9:"\\000*\\000string";s:14:"Manage display";s:12:"\\000*\\000arguments";a:0:{}s:10:"\\000*\\000options";a:0:{}}	s:0:"";	Drupal\\Core\\Menu\\MenuLinkDefault	a:0:{}	admin_toolbar_tools	1	1	0	3	a:0:{}	0	5	3	6	9	529	532	0	0	0	0	Drupal\\Core\\Menu\\Form\\MenuLinkDefaultForm
admin	41	entity.user.collection	system.admin	entity.user.collection		a:0:{}		O:48:"Drupal\\\\Core\\\\StringTranslation\\\\TranslatableMarkup":3:{s:9:"\\000*\\000string";s:6:"People";s:12:"\\000*\\000arguments";a:0:{}s:10:"\\000*\\000options";a:0:{}}	O:48:"Drupal\\\\Core\\\\StringTranslation\\\\TranslatableMarkup":3:{s:9:"\\000*\\000string";s:45:"Manage user accounts, roles, and permissions.";s:12:"\\000*\\000arguments";a:0:{}s:10:"\\000*\\000options";a:0:{}}	Drupal\\Core\\Menu\\MenuLinkDefault	a:0:{}	user	1	1	0	4	a:0:{}	1	2	3	41	0	0	0	0	0	0	0	Drupal\\Core\\Menu\\Form\\MenuLinkDefaultForm
admin	360	admin_toolbar_tools.extra_links:entity.block_content_type.delete_form.varbase_cta_block	admin_toolbar_tools.extra_links:entity.block_content_type.edit_form.varbase_cta_block	entity.block_content_type.delete_form	block_content_type=varbase_cta_block	a:1:{s:18:"block_content_type";s:17:"varbase_cta_block";}		O:48:"Drupal\\\\Core\\\\StringTranslation\\\\TranslatableMarkup":3:{s:9:"\\000*\\000string";s:6:"Delete";s:12:"\\000*\\000arguments";a:0:{}s:10:"\\000*\\000options";a:0:{}}	s:0:"";	Drupal\\Core\\Menu\\MenuLinkDefault	a:0:{}	admin_toolbar_tools	1	1	0	5	a:0:{}	0	5	3	6	8	355	360	0	0	0	0	Drupal\\Core\\Menu\\Form\\MenuLinkDefaultForm
admin	206	admin_toolbar_tools.extra_links:entity.user_role.edit_permissions_form.anonymous	admin_toolbar_tools.extra_links:entity.user_role.edit_form.anonymous	entity.user_role.edit_permissions_form	user_role=anonymous	a:1:{s:9:"user_role";s:9:"anonymous";}		O:48:"Drupal\\\\Core\\\\StringTranslation\\\\TranslatableMarkup":3:{s:9:"\\000*\\000string";s:16:"Edit permissions";s:12:"\\000*\\000arguments";a:0:{}s:10:"\\000*\\000options";a:0:{}}	s:0:"";	Drupal\\Core\\Menu\\MenuLinkDefault	a:0:{}	admin_toolbar_tools	1	1	0	0	a:0:{}	0	5	3	41	203	205	206	0	0	0	0	Drupal\\Core\\Menu\\Form\\MenuLinkDefaultForm
admin	205	admin_toolbar_tools.extra_links:entity.user_role.edit_form.anonymous	admin_toolbar_tools.extra_links:entity.user_role.collection	entity.user_role.edit_form	user_role=anonymous	a:1:{s:9:"user_role";s:9:"anonymous";}		s:0:"";	s:0:"";	Drupal\\admin_toolbar_tools\\Plugin\\Menu\\MenuLinkEntity	a:0:{}	admin_toolbar_tools	1	1	0	-10	a:2:{s:11:"entity_type";s:9:"user_role";s:9:"entity_id";s:9:"anonymous";}	1	4	3	41	203	205	0	0	0	0	0	Drupal\\Core\\Menu\\Form\\MenuLinkDefaultForm
admin	355	admin_toolbar_tools.extra_links:entity.block_content_type.edit_form.varbase_cta_block	entity.block_content_type.collection	entity.block_content_type.edit_form	block_content_type=varbase_cta_block	a:1:{s:18:"block_content_type";s:17:"varbase_cta_block";}		s:0:"";	s:0:"";	Drupal\\admin_toolbar_tools\\Plugin\\Menu\\MenuLinkEntity	a:0:{}	admin_toolbar_tools	1	1	0	0	a:2:{s:11:"entity_type";s:18:"block_content_type";s:9:"entity_id";s:17:"varbase_cta_block";}	1	4	3	6	8	355	0	0	0	0	0	Drupal\\Core\\Menu\\Form\\MenuLinkDefaultForm
admin	361	admin_toolbar_tools.extra_links:block_content.add.varbase_featured_card_block	admin_toolbar_tools.extra_links:add_block	block_content.add_form	block_content_type=varbase_featured_card_block	a:1:{s:18:"block_content_type";s:27:"varbase_featured_card_block";}		s:0:"";	s:0:"";	Drupal\\admin_toolbar_tools\\Plugin\\Menu\\MenuLinkEntity	a:0:{}	admin_toolbar_tools	1	1	0	0	a:2:{s:11:"entity_type";s:18:"block_content_type";s:9:"entity_id";s:27:"varbase_featured_card_block";}	0	5	3	5	100	101	361	0	0	0	0	Drupal\\Core\\Menu\\Form\\MenuLinkDefaultForm
admin	208	admin_toolbar_tools.extra_links:entity.user_role.edit_permissions_form.authenticated	admin_toolbar_tools.extra_links:entity.user_role.edit_form.authenticated	entity.user_role.edit_permissions_form	user_role=authenticated	a:1:{s:9:"user_role";s:13:"authenticated";}		O:48:"Drupal\\\\Core\\\\StringTranslation\\\\TranslatableMarkup":3:{s:9:"\\000*\\000string";s:16:"Edit permissions";s:12:"\\000*\\000arguments";a:0:{}s:10:"\\000*\\000options";a:0:{}}	s:0:"";	Drupal\\Core\\Menu\\MenuLinkDefault	a:0:{}	admin_toolbar_tools	1	1	0	0	a:0:{}	0	5	3	41	203	207	208	0	0	0	0	Drupal\\Core\\Menu\\Form\\MenuLinkDefaultForm
admin	207	admin_toolbar_tools.extra_links:entity.user_role.edit_form.authenticated	admin_toolbar_tools.extra_links:entity.user_role.collection	entity.user_role.edit_form	user_role=authenticated	a:1:{s:9:"user_role";s:13:"authenticated";}		s:0:"";	s:0:"";	Drupal\\admin_toolbar_tools\\Plugin\\Menu\\MenuLinkEntity	a:0:{}	admin_toolbar_tools	1	1	0	-9	a:2:{s:11:"entity_type";s:9:"user_role";s:9:"entity_id";s:13:"authenticated";}	1	4	3	41	203	207	0	0	0	0	0	Drupal\\Core\\Menu\\Form\\MenuLinkDefaultForm
admin	427	admin_toolbar_tools.extra_links:node.add.varbase_blog	admin_toolbar_tools.extra_links:node.add	node.add	node_type=varbase_blog	a:1:{s:9:"node_type";s:12:"varbase_blog";}		s:0:"";	s:0:"";	Drupal\\admin_toolbar_tools\\Plugin\\Menu\\MenuLinkEntity	a:0:{}	admin_toolbar_tools	1	1	0	0	a:2:{s:11:"entity_type";s:9:"node_type";s:9:"entity_id";s:12:"varbase_blog";}	0	4	3	5	99	427	0	0	0	0	0	Drupal\\Core\\Menu\\Form\\MenuLinkDefaultForm
admin	363	admin_toolbar_tools.extra_links:entity.block_content.field_ui_fieldsvarbase_featured_card_block	admin_toolbar_tools.extra_links:entity.block_content_type.edit_form.varbase_featured_card_block	entity.block_content.field_ui_fields	block_content_type=varbase_featured_card_block	a:1:{s:18:"block_content_type";s:27:"varbase_featured_card_block";}		O:48:"Drupal\\\\Core\\\\StringTranslation\\\\TranslatableMarkup":3:{s:9:"\\000*\\000string";s:13:"Manage fields";s:12:"\\000*\\000arguments";a:0:{}s:10:"\\000*\\000options";a:0:{}}	s:0:"";	Drupal\\Core\\Menu\\MenuLinkDefault	a:0:{}	admin_toolbar_tools	1	1	0	1	a:0:{}	0	5	3	6	8	362	363	0	0	0	0	Drupal\\Core\\Menu\\Form\\MenuLinkDefaultForm
admin	210	admin_toolbar_tools.extra_links:entity.user_role.edit_permissions_form.editor	admin_toolbar_tools.extra_links:entity.user_role.edit_form.editor	entity.user_role.edit_permissions_form	user_role=editor	a:1:{s:9:"user_role";s:6:"editor";}		O:48:"Drupal\\\\Core\\\\StringTranslation\\\\TranslatableMarkup":3:{s:9:"\\000*\\000string";s:16:"Edit permissions";s:12:"\\000*\\000arguments";a:0:{}s:10:"\\000*\\000options";a:0:{}}	s:0:"";	Drupal\\Core\\Menu\\MenuLinkDefault	a:0:{}	admin_toolbar_tools	1	1	0	0	a:0:{}	0	5	3	41	203	209	210	0	0	0	0	Drupal\\Core\\Menu\\Form\\MenuLinkDefaultForm
admin	475	admin_toolbar_tools.extra_links:views_ui.files	entity.view.collection	entity.view.edit_form	view=files	a:1:{s:4:"view";s:5:"files";}		s:5:"Files";	s:0:"";	Drupal\\Core\\Menu\\MenuLinkDefault	a:0:{}	admin_toolbar_tools	1	1	0	0	a:0:{}	0	4	3	6	467	475	0	0	0	0	0	Drupal\\Core\\Menu\\Form\\MenuLinkDefaultForm
admin	211	admin_toolbar_tools.extra_links:entity.user_role.delete_form.editor	admin_toolbar_tools.extra_links:entity.user_role.edit_form.editor	entity.user_role.delete_form	user_role=editor	a:1:{s:9:"user_role";s:6:"editor";}		O:48:"Drupal\\\\Core\\\\StringTranslation\\\\TranslatableMarkup":3:{s:9:"\\000*\\000string";s:6:"Delete";s:12:"\\000*\\000arguments";a:0:{}s:10:"\\000*\\000options";a:0:{}}	s:0:"";	Drupal\\Core\\Menu\\MenuLinkDefault	a:0:{}	admin_toolbar_tools	1	1	0	0	a:0:{}	0	5	3	41	203	209	211	0	0	0	0	Drupal\\Core\\Menu\\Form\\MenuLinkDefaultForm
admin	209	admin_toolbar_tools.extra_links:entity.user_role.edit_form.editor	admin_toolbar_tools.extra_links:entity.user_role.collection	entity.user_role.edit_form	user_role=editor	a:1:{s:9:"user_role";s:6:"editor";}		s:0:"";	s:0:"";	Drupal\\admin_toolbar_tools\\Plugin\\Menu\\MenuLinkEntity	a:0:{}	admin_toolbar_tools	1	1	0	-8	a:2:{s:11:"entity_type";s:9:"user_role";s:9:"entity_id";s:6:"editor";}	1	4	3	41	203	209	0	0	0	0	0	Drupal\\Core\\Menu\\Form\\MenuLinkDefaultForm
admin	391	admin_toolbar_tools.extra_links:entity.entity_form_display.paragraph.defaultaccordion_item	admin_toolbar_tools.extra_links:entity.paragraphs_type.edit_form.accordion_item	entity.entity_form_display.paragraph.default	paragraphs_type=accordion_item	a:1:{s:15:"paragraphs_type";s:14:"accordion_item";}		O:48:"Drupal\\\\Core\\\\StringTranslation\\\\TranslatableMarkup":3:{s:9:"\\000*\\000string";s:19:"Manage form display";s:12:"\\000*\\000arguments";a:0:{}s:10:"\\000*\\000options";a:0:{}}	s:0:"";	Drupal\\Core\\Menu\\MenuLinkDefault	a:0:{}	admin_toolbar_tools	1	1	0	2	a:0:{}	0	5	3	6	314	389	391	0	0	0	0	Drupal\\Core\\Menu\\Form\\MenuLinkDefaultForm
admin	213	admin_toolbar_tools.extra_links:entity.user_role.edit_permissions_form.content_admin	admin_toolbar_tools.extra_links:entity.user_role.edit_form.content_admin	entity.user_role.edit_permissions_form	user_role=content_admin	a:1:{s:9:"user_role";s:13:"content_admin";}		O:48:"Drupal\\\\Core\\\\StringTranslation\\\\TranslatableMarkup":3:{s:9:"\\000*\\000string";s:16:"Edit permissions";s:12:"\\000*\\000arguments";a:0:{}s:10:"\\000*\\000options";a:0:{}}	s:0:"";	Drupal\\Core\\Menu\\MenuLinkDefault	a:0:{}	admin_toolbar_tools	1	1	0	0	a:0:{}	0	5	3	41	203	212	213	0	0	0	0	Drupal\\Core\\Menu\\Form\\MenuLinkDefaultForm
admin	214	admin_toolbar_tools.extra_links:entity.user_role.delete_form.content_admin	admin_toolbar_tools.extra_links:entity.user_role.edit_form.content_admin	entity.user_role.delete_form	user_role=content_admin	a:1:{s:9:"user_role";s:13:"content_admin";}		O:48:"Drupal\\\\Core\\\\StringTranslation\\\\TranslatableMarkup":3:{s:9:"\\000*\\000string";s:6:"Delete";s:12:"\\000*\\000arguments";a:0:{}s:10:"\\000*\\000options";a:0:{}}	s:0:"";	Drupal\\Core\\Menu\\MenuLinkDefault	a:0:{}	admin_toolbar_tools	1	1	0	0	a:0:{}	0	5	3	41	203	212	214	0	0	0	0	Drupal\\Core\\Menu\\Form\\MenuLinkDefaultForm
admin	212	admin_toolbar_tools.extra_links:entity.user_role.edit_form.content_admin	admin_toolbar_tools.extra_links:entity.user_role.collection	entity.user_role.edit_form	user_role=content_admin	a:1:{s:9:"user_role";s:13:"content_admin";}		s:0:"";	s:0:"";	Drupal\\admin_toolbar_tools\\Plugin\\Menu\\MenuLinkEntity	a:0:{}	admin_toolbar_tools	1	1	0	-7	a:2:{s:11:"entity_type";s:9:"user_role";s:9:"entity_id";s:13:"content_admin";}	1	4	3	41	203	212	0	0	0	0	0	Drupal\\Core\\Menu\\Form\\MenuLinkDefaultForm
admin	238	symfony_mailer.mailer_transport.collection	system.admin_config_system	entity.mailer_policy.collection		a:0:{}		O:48:"Drupal\\\\Core\\\\StringTranslation\\\\TranslatableMarkup":3:{s:9:"\\000*\\000string";s:6:"Mailer";s:12:"\\000*\\000arguments";a:0:{}s:10:"\\000*\\000options";a:0:{}}	O:48:"Drupal\\\\Core\\\\StringTranslation\\\\TranslatableMarkup":3:{s:9:"\\000*\\000string";s:16:"Configure Mailer";s:12:"\\000*\\000arguments";a:0:{}s:10:"\\000*\\000options";a:0:{}}	Drupal\\Core\\Menu\\MenuLinkDefault	a:0:{}	symfony_mailer	1	1	0	0	a:0:{}	0	4	3	12	29	238	0	0	0	0	0	Drupal\\Core\\Menu\\Form\\MenuLinkDefaultForm
admin	239	honeypot.config	system.admin_config_content	honeypot.config		a:0:{}		O:48:"Drupal\\\\Core\\\\StringTranslation\\\\TranslatableMarkup":3:{s:9:"\\000*\\000string";s:22:"Honeypot configuration";s:12:"\\000*\\000arguments";a:0:{}s:10:"\\000*\\000options";a:0:{}}	O:48:"Drupal\\\\Core\\\\StringTranslation\\\\TranslatableMarkup":3:{s:9:"\\000*\\000string";s:80:"Configure Honeypot spam prevention and the forms on which Honeypot will be used.";s:12:"\\000*\\000arguments";a:0:{}s:10:"\\000*\\000options";a:0:{}}	Drupal\\Core\\Menu\\MenuLinkDefault	a:0:{}	honeypot	1	1	0	0	a:0:{}	0	4	3	12	35	239	0	0	0	0	0	Drupal\\Core\\Menu\\Form\\MenuLinkDefaultForm
admin	241	captcha.examples	captcha.settings	captcha_examples		a:0:{}		O:48:"Drupal\\\\Core\\\\StringTranslation\\\\TranslatableMarkup":3:{s:9:"\\000*\\000string";s:16:"CAPTCHA examples";s:12:"\\000*\\000arguments";a:0:{}s:10:"\\000*\\000options";a:0:{}}	O:48:"Drupal\\\\Core\\\\StringTranslation\\\\TranslatableMarkup":3:{s:9:"\\000*\\000string";s:64:"Overview of the available CAPTCHA challenge types with examples'";s:12:"\\000*\\000arguments";a:0:{}s:10:"\\000*\\000options";a:0:{}}	Drupal\\Core\\Menu\\MenuLinkDefault	a:0:{}	captcha	1	1	0	0	a:0:{}	0	5	3	12	37	240	241	0	0	0	0	Drupal\\Core\\Menu\\Form\\MenuLinkDefaultForm
admin	364	admin_toolbar_tools.extra_links:entity.entity_form_display.block_content.defaultvarbase_featured_card_block	admin_toolbar_tools.extra_links:entity.block_content_type.edit_form.varbase_featured_card_block	entity.entity_form_display.block_content.default	block_content_type=varbase_featured_card_block	a:1:{s:18:"block_content_type";s:27:"varbase_featured_card_block";}		O:48:"Drupal\\\\Core\\\\StringTranslation\\\\TranslatableMarkup":3:{s:9:"\\000*\\000string";s:19:"Manage form display";s:12:"\\000*\\000arguments";a:0:{}s:10:"\\000*\\000options";a:0:{}}	s:0:"";	Drupal\\Core\\Menu\\MenuLinkDefault	a:0:{}	admin_toolbar_tools	1	1	0	2	a:0:{}	0	5	3	6	8	362	364	0	0	0	0	Drupal\\Core\\Menu\\Form\\MenuLinkDefaultForm
admin	533	admin_toolbar_tools.extra_links:entity.entity_permissions_form.node.default.course	admin_toolbar_tools.extra_links:entity.node_type.edit_form.course	entity.node_type.entity_permissions_form	node_type=course	a:1:{s:9:"node_type";s:6:"course";}		O:48:"Drupal\\\\Core\\\\StringTranslation\\\\TranslatableMarkup":3:{s:9:"\\000*\\000string";s:18:"Manage permissions";s:12:"\\000*\\000arguments";a:0:{}s:10:"\\000*\\000options";a:0:{}}	s:0:"";	Drupal\\Core\\Menu\\MenuLinkDefault	a:0:{}	admin_toolbar_tools	1	1	0	3	a:0:{}	0	5	3	6	9	529	533	0	0	0	0	Drupal\\Core\\Menu\\Form\\MenuLinkDefaultForm
admin	365	admin_toolbar_tools.extra_links:entity.entity_view_display.block_content.default.varbase_featured_card_block	admin_toolbar_tools.extra_links:entity.block_content_type.edit_form.varbase_featured_card_block	entity.entity_view_display.block_content.default	block_content_type=varbase_featured_card_block	a:1:{s:18:"block_content_type";s:27:"varbase_featured_card_block";}		O:48:"Drupal\\\\Core\\\\StringTranslation\\\\TranslatableMarkup":3:{s:9:"\\000*\\000string";s:14:"Manage display";s:12:"\\000*\\000arguments";a:0:{}s:10:"\\000*\\000options";a:0:{}}	s:0:"";	Drupal\\Core\\Menu\\MenuLinkDefault	a:0:{}	admin_toolbar_tools	1	1	0	3	a:0:{}	0	5	3	6	8	362	365	0	0	0	0	Drupal\\Core\\Menu\\Form\\MenuLinkDefaultForm
admin	216	admin_toolbar_tools.extra_links:entity.user_role.edit_permissions_form.seo_admin	admin_toolbar_tools.extra_links:entity.user_role.edit_form.seo_admin	entity.user_role.edit_permissions_form	user_role=seo_admin	a:1:{s:9:"user_role";s:9:"seo_admin";}		O:48:"Drupal\\\\Core\\\\StringTranslation\\\\TranslatableMarkup":3:{s:9:"\\000*\\000string";s:16:"Edit permissions";s:12:"\\000*\\000arguments";a:0:{}s:10:"\\000*\\000options";a:0:{}}	s:0:"";	Drupal\\Core\\Menu\\MenuLinkDefault	a:0:{}	admin_toolbar_tools	1	1	0	0	a:0:{}	0	5	3	41	203	215	216	0	0	0	0	Drupal\\Core\\Menu\\Form\\MenuLinkDefaultForm
admin	217	admin_toolbar_tools.extra_links:entity.user_role.delete_form.seo_admin	admin_toolbar_tools.extra_links:entity.user_role.edit_form.seo_admin	entity.user_role.delete_form	user_role=seo_admin	a:1:{s:9:"user_role";s:9:"seo_admin";}		O:48:"Drupal\\\\Core\\\\StringTranslation\\\\TranslatableMarkup":3:{s:9:"\\000*\\000string";s:6:"Delete";s:12:"\\000*\\000arguments";a:0:{}s:10:"\\000*\\000options";a:0:{}}	s:0:"";	Drupal\\Core\\Menu\\MenuLinkDefault	a:0:{}	admin_toolbar_tools	1	1	0	0	a:0:{}	0	5	3	41	203	215	217	0	0	0	0	Drupal\\Core\\Menu\\Form\\MenuLinkDefaultForm
admin	215	admin_toolbar_tools.extra_links:entity.user_role.edit_form.seo_admin	admin_toolbar_tools.extra_links:entity.user_role.collection	entity.user_role.edit_form	user_role=seo_admin	a:1:{s:9:"user_role";s:9:"seo_admin";}		s:0:"";	s:0:"";	Drupal\\admin_toolbar_tools\\Plugin\\Menu\\MenuLinkEntity	a:0:{}	admin_toolbar_tools	1	1	0	-6	a:2:{s:11:"entity_type";s:9:"user_role";s:9:"entity_id";s:9:"seo_admin";}	1	4	3	41	203	215	0	0	0	0	0	Drupal\\Core\\Menu\\Form\\MenuLinkDefaultForm
admin	476	admin_toolbar_tools.extra_links:views_ui.locked_content	entity.view.collection	entity.view.edit_form	view=locked_content	a:1:{s:4:"view";s:14:"locked_content";}		s:14:"Locked content";	s:0:"";	Drupal\\Core\\Menu\\MenuLinkDefault	a:0:{}	admin_toolbar_tools	1	1	0	0	a:0:{}	0	4	3	6	467	476	0	0	0	0	0	Drupal\\Core\\Menu\\Form\\MenuLinkDefaultForm
admin	366	admin_toolbar_tools.extra_links:entity.entity_permissions_form.block_content.default.varbase_featured_card_block	admin_toolbar_tools.extra_links:entity.block_content_type.edit_form.varbase_featured_card_block	entity.block_content_type.entity_permissions_form	block_content_type=varbase_featured_card_block	a:1:{s:18:"block_content_type";s:27:"varbase_featured_card_block";}		O:48:"Drupal\\\\Core\\\\StringTranslation\\\\TranslatableMarkup":3:{s:9:"\\000*\\000string";s:18:"Manage permissions";s:12:"\\000*\\000arguments";a:0:{}s:10:"\\000*\\000options";a:0:{}}	s:0:"";	Drupal\\Core\\Menu\\MenuLinkDefault	a:0:{}	admin_toolbar_tools	1	1	0	3	a:0:{}	0	5	3	6	8	362	366	0	0	0	0	Drupal\\Core\\Menu\\Form\\MenuLinkDefaultForm
admin	534	admin_toolbar_tools.extra_links:entity.node_type.delete_form.course	admin_toolbar_tools.extra_links:entity.node_type.edit_form.course	entity.node_type.delete_form	node_type=course	a:1:{s:9:"node_type";s:6:"course";}		O:48:"Drupal\\\\Core\\\\StringTranslation\\\\TranslatableMarkup":3:{s:9:"\\000*\\000string";s:6:"Delete";s:12:"\\000*\\000arguments";a:0:{}s:10:"\\000*\\000options";a:0:{}}	s:0:"";	Drupal\\Core\\Menu\\MenuLinkDefault	a:0:{}	admin_toolbar_tools	1	1	0	5	a:0:{}	0	5	3	6	9	529	534	0	0	0	0	Drupal\\Core\\Menu\\Form\\MenuLinkDefaultForm
admin	219	admin_toolbar_tools.extra_links:entity.user_role.edit_permissions_form.site_admin	admin_toolbar_tools.extra_links:entity.user_role.edit_form.site_admin	entity.user_role.edit_permissions_form	user_role=site_admin	a:1:{s:9:"user_role";s:10:"site_admin";}		O:48:"Drupal\\\\Core\\\\StringTranslation\\\\TranslatableMarkup":3:{s:9:"\\000*\\000string";s:16:"Edit permissions";s:12:"\\000*\\000arguments";a:0:{}s:10:"\\000*\\000options";a:0:{}}	s:0:"";	Drupal\\Core\\Menu\\MenuLinkDefault	a:0:{}	admin_toolbar_tools	1	1	0	0	a:0:{}	0	5	3	41	203	218	219	0	0	0	0	Drupal\\Core\\Menu\\Form\\MenuLinkDefaultForm
admin	220	admin_toolbar_tools.extra_links:entity.user_role.delete_form.site_admin	admin_toolbar_tools.extra_links:entity.user_role.edit_form.site_admin	entity.user_role.delete_form	user_role=site_admin	a:1:{s:9:"user_role";s:10:"site_admin";}		O:48:"Drupal\\\\Core\\\\StringTranslation\\\\TranslatableMarkup":3:{s:9:"\\000*\\000string";s:6:"Delete";s:12:"\\000*\\000arguments";a:0:{}s:10:"\\000*\\000options";a:0:{}}	s:0:"";	Drupal\\Core\\Menu\\MenuLinkDefault	a:0:{}	admin_toolbar_tools	1	1	0	0	a:0:{}	0	5	3	41	203	218	220	0	0	0	0	Drupal\\Core\\Menu\\Form\\MenuLinkDefaultForm
admin	218	admin_toolbar_tools.extra_links:entity.user_role.edit_form.site_admin	admin_toolbar_tools.extra_links:entity.user_role.collection	entity.user_role.edit_form	user_role=site_admin	a:1:{s:9:"user_role";s:10:"site_admin";}		s:0:"";	s:0:"";	Drupal\\admin_toolbar_tools\\Plugin\\Menu\\MenuLinkEntity	a:0:{}	admin_toolbar_tools	1	1	0	-5	a:2:{s:11:"entity_type";s:9:"user_role";s:9:"entity_id";s:10:"site_admin";}	1	4	3	41	203	218	0	0	0	0	0	Drupal\\Core\\Menu\\Form\\MenuLinkDefaultForm
admin	367	admin_toolbar_tools.extra_links:entity.block_content_type.delete_form.varbase_featured_card_block	admin_toolbar_tools.extra_links:entity.block_content_type.edit_form.varbase_featured_card_block	entity.block_content_type.delete_form	block_content_type=varbase_featured_card_block	a:1:{s:18:"block_content_type";s:27:"varbase_featured_card_block";}		O:48:"Drupal\\\\Core\\\\StringTranslation\\\\TranslatableMarkup":3:{s:9:"\\000*\\000string";s:6:"Delete";s:12:"\\000*\\000arguments";a:0:{}s:10:"\\000*\\000options";a:0:{}}	s:0:"";	Drupal\\Core\\Menu\\MenuLinkDefault	a:0:{}	admin_toolbar_tools	1	1	0	5	a:0:{}	0	5	3	6	8	362	367	0	0	0	0	Drupal\\Core\\Menu\\Form\\MenuLinkDefaultForm
admin	203	admin_toolbar_tools.extra_links:entity.user_role.collection	entity.user.collection	entity.user_role.collection		a:0:{}		O:48:"Drupal\\\\Core\\\\StringTranslation\\\\TranslatableMarkup":3:{s:9:"\\000*\\000string";s:5:"Roles";s:12:"\\000*\\000arguments";a:0:{}s:10:"\\000*\\000options";a:0:{}}	s:0:"";	Drupal\\Core\\Menu\\MenuLinkDefault	a:0:{}	admin_toolbar_tools	1	1	0	0	a:0:{}	1	3	3	41	203	0	0	0	0	0	0	Drupal\\Core\\Menu\\Form\\MenuLinkDefaultForm
admin	222	admin_toolbar_tools.extra_links:entity.user_role.edit_permissions_form.administrator	admin_toolbar_tools.extra_links:entity.user_role.edit_form.administrator	entity.user_role.edit_permissions_form	user_role=administrator	a:1:{s:9:"user_role";s:13:"administrator";}		O:48:"Drupal\\\\Core\\\\StringTranslation\\\\TranslatableMarkup":3:{s:9:"\\000*\\000string";s:16:"Edit permissions";s:12:"\\000*\\000arguments";a:0:{}s:10:"\\000*\\000options";a:0:{}}	s:0:"";	Drupal\\Core\\Menu\\MenuLinkDefault	a:0:{}	admin_toolbar_tools	1	1	0	0	a:0:{}	0	5	3	41	203	221	222	0	0	0	0	Drupal\\Core\\Menu\\Form\\MenuLinkDefaultForm
admin	223	admin_toolbar_tools.extra_links:entity.user_role.delete_form.administrator	admin_toolbar_tools.extra_links:entity.user_role.edit_form.administrator	entity.user_role.delete_form	user_role=administrator	a:1:{s:9:"user_role";s:13:"administrator";}		O:48:"Drupal\\\\Core\\\\StringTranslation\\\\TranslatableMarkup":3:{s:9:"\\000*\\000string";s:6:"Delete";s:12:"\\000*\\000arguments";a:0:{}s:10:"\\000*\\000options";a:0:{}}	s:0:"";	Drupal\\Core\\Menu\\MenuLinkDefault	a:0:{}	admin_toolbar_tools	1	1	0	0	a:0:{}	0	5	3	41	203	221	223	0	0	0	0	Drupal\\Core\\Menu\\Form\\MenuLinkDefaultForm
admin	221	admin_toolbar_tools.extra_links:entity.user_role.edit_form.administrator	admin_toolbar_tools.extra_links:entity.user_role.collection	entity.user_role.edit_form	user_role=administrator	a:1:{s:9:"user_role";s:13:"administrator";}		s:0:"";	s:0:"";	Drupal\\admin_toolbar_tools\\Plugin\\Menu\\MenuLinkEntity	a:0:{}	admin_toolbar_tools	1	1	0	-4	a:2:{s:11:"entity_type";s:9:"user_role";s:9:"entity_id";s:13:"administrator";}	1	4	3	41	203	221	0	0	0	0	0	Drupal\\Core\\Menu\\Form\\MenuLinkDefaultForm
admin	225	system.admin_index	admin_toolbar_tools.help	system.admin_index		a:0:{}		O:48:"Drupal\\\\Core\\\\StringTranslation\\\\TranslatableMarkup":3:{s:9:"\\000*\\000string";s:5:"Index";s:12:"\\000*\\000arguments";a:0:{}s:10:"\\000*\\000options";a:0:{}}	s:0:"";	Drupal\\Core\\Menu\\MenuLinkDefault	a:0:{}	admin_toolbar_tools	1	1	0	-100	a:0:{}	0	3	3	224	225	0	0	0	0	0	0	Drupal\\Core\\Menu\\Form\\MenuLinkDefaultForm
admin	226	system.run_cron	admin_toolbar_tools.help	admin_toolbar.run.cron		a:0:{}		O:48:"Drupal\\\\Core\\\\StringTranslation\\\\TranslatableMarkup":3:{s:9:"\\000*\\000string";s:8:"Run cron";s:12:"\\000*\\000arguments";a:0:{}s:10:"\\000*\\000options";a:0:{}}	s:0:"";	Drupal\\Core\\Menu\\MenuLinkDefault	a:0:{}	admin_toolbar_tools	1	1	0	-8	a:0:{}	0	3	3	224	226	0	0	0	0	0	0	Drupal\\Core\\Menu\\Form\\MenuLinkDefaultForm
admin	227	system.db_update	admin_toolbar_tools.help	system.db_update		a:0:{}		O:48:"Drupal\\\\Core\\\\StringTranslation\\\\TranslatableMarkup":3:{s:9:"\\000*\\000string";s:11:"Run updates";s:12:"\\000*\\000arguments";a:0:{}s:10:"\\000*\\000options";a:0:{}}	s:0:"";	Drupal\\Core\\Menu\\MenuLinkDefault	a:0:{}	admin_toolbar_tools	1	1	0	-6	a:0:{}	0	3	3	224	227	0	0	0	0	0	0	Drupal\\Core\\Menu\\Form\\MenuLinkDefaultForm
admin	251	entity.script.collection	system.admin_structure	entity.script.collection		a:0:{}		O:48:"Drupal\\\\Core\\\\StringTranslation\\\\TranslatableMarkup":3:{s:9:"\\000*\\000string";s:19:"JavaScript Snippets";s:12:"\\000*\\000arguments";a:0:{}s:10:"\\000*\\000options";a:0:{}}	O:48:"Drupal\\\\Core\\\\StringTranslation\\\\TranslatableMarkup":3:{s:9:"\\000*\\000string";s:42:"Manage HTML snippets included in the page.";s:12:"\\000*\\000arguments";a:0:{}s:10:"\\000*\\000options";a:0:{}}	Drupal\\Core\\Menu\\MenuLinkDefault	a:0:{}	script_manager	1	1	0	0	a:0:{}	0	3	3	6	251	0	0	0	0	0	0	Drupal\\Core\\Menu\\Form\\MenuLinkDefaultForm
admin	252	yoast_seo.admin	system.admin_config_development	yoast_seo.settings		a:0:{}		O:48:"Drupal\\\\Core\\\\StringTranslation\\\\TranslatableMarkup":3:{s:9:"\\000*\\000string";s:28:"Real-time SEO Admin Settings";s:12:"\\000*\\000arguments";a:0:{}s:10:"\\000*\\000options";a:0:{}}	O:48:"Drupal\\\\Core\\\\StringTranslation\\\\TranslatableMarkup":3:{s:9:"\\000*\\000string";s:43:"Configure Real-time SEO for Drupal settings";s:12:"\\000*\\000arguments";a:0:{}s:10:"\\000*\\000options";a:0:{}}	Drupal\\Core\\Menu\\MenuLinkDefault	a:0:{}	yoast_seo	1	1	0	100	a:0:{}	0	4	3	12	20	252	0	0	0	0	0	Drupal\\Core\\Menu\\Form\\MenuLinkDefaultForm
admin	254	metatag.settings	entity.metatag_defaults.collection	metatag.settings		a:0:{}		O:48:"Drupal\\\\Core\\\\StringTranslation\\\\TranslatableMarkup":3:{s:9:"\\000*\\000string";s:8:"Settings";s:12:"\\000*\\000arguments";a:0:{}s:10:"\\000*\\000options";a:0:{}}	O:48:"Drupal\\\\Core\\\\StringTranslation\\\\TranslatableMarkup":3:{s:9:"\\000*\\000string";s:27:"Configure Metatag defaults.";s:12:"\\000*\\000arguments";a:0:{}s:10:"\\000*\\000options";a:0:{}}	Drupal\\Core\\Menu\\MenuLinkDefault	a:0:{}	metatag	1	1	0	0	a:0:{}	0	5	3	12	28	253	254	0	0	0	0	Drupal\\Core\\Menu\\Form\\MenuLinkDefaultForm
admin	268	entity.webform_submission.collection_purge.item	entity.webform_submission.collection.item	entity.webform_submission.collection_purge		a:0:{}		O:48:"Drupal\\\\Core\\\\StringTranslation\\\\TranslatableMarkup":3:{s:9:"\\000*\\000string";s:5:"Purge";s:12:"\\000*\\000arguments";a:0:{}s:10:"\\000*\\000options";a:0:{}}	s:0:"";	Drupal\\Core\\Menu\\MenuLinkDefault	a:0:{}	webform	1	1	0	10	a:0:{}	0	5	3	6	264	266	268	0	0	0	0	Drupal\\Core\\Menu\\Form\\MenuLinkDefaultForm
admin	266	entity.webform_submission.collection.item	entity.webform.collection	entity.webform_submission.collection		a:0:{}		O:48:"Drupal\\\\Core\\\\StringTranslation\\\\TranslatableMarkup":3:{s:9:"\\000*\\000string";s:11:"Submissions";s:12:"\\000*\\000arguments";a:0:{}s:10:"\\000*\\000options";a:0:{}}	s:0:"";	Drupal\\Core\\Menu\\MenuLinkDefault	a:0:{}	webform	1	1	0	20	a:0:{}	1	4	3	6	264	266	0	0	0	0	0	Drupal\\Core\\Menu\\Form\\MenuLinkDefaultForm
admin	362	admin_toolbar_tools.extra_links:entity.block_content_type.edit_form.varbase_featured_card_block	entity.block_content_type.collection	entity.block_content_type.edit_form	block_content_type=varbase_featured_card_block	a:1:{s:18:"block_content_type";s:27:"varbase_featured_card_block";}		s:0:"";	s:0:"";	Drupal\\admin_toolbar_tools\\Plugin\\Menu\\MenuLinkEntity	a:0:{}	admin_toolbar_tools	1	1	0	0	a:2:{s:11:"entity_type";s:18:"block_content_type";s:9:"entity_id";s:27:"varbase_featured_card_block";}	1	4	3	6	8	362	0	0	0	0	0	Drupal\\Core\\Menu\\Form\\MenuLinkDefaultForm
admin	477	admin_toolbar_tools.extra_links:views_ui.media	entity.view.collection	entity.view.edit_form	view=media	a:1:{s:4:"view";s:5:"media";}		s:5:"Media";	s:0:"";	Drupal\\Core\\Menu\\MenuLinkDefault	a:0:{}	admin_toolbar_tools	1	1	0	0	a:0:{}	0	4	3	6	467	477	0	0	0	0	0	Drupal\\Core\\Menu\\Form\\MenuLinkDefaultForm
admin	224	admin_toolbar_tools.help	system.admin	<front>		a:0:{}		O:48:"Drupal\\\\Core\\\\StringTranslation\\\\TranslatableMarkup":3:{s:9:"\\000*\\000string";s:5:"Tools";s:12:"\\000*\\000arguments";a:0:{}s:10:"\\000*\\000options";a:0:{}}	s:0:"";	Drupal\\Core\\Menu\\MenuLinkDefault	a:0:{}	admin_toolbar_tools	1	1	0	-100	a:0:{}	1	2	3	224	0	0	0	0	0	0	0	Drupal\\Core\\Menu\\Form\\MenuLinkDefaultForm
admin	368	admin_toolbar_tools.extra_links:block_content.add.varbase_impressed_card_block	admin_toolbar_tools.extra_links:add_block	block_content.add_form	block_content_type=varbase_impressed_card_block	a:1:{s:18:"block_content_type";s:28:"varbase_impressed_card_block";}		s:0:"";	s:0:"";	Drupal\\admin_toolbar_tools\\Plugin\\Menu\\MenuLinkEntity	a:0:{}	admin_toolbar_tools	1	1	0	0	a:2:{s:11:"entity_type";s:18:"block_content_type";s:9:"entity_id";s:28:"varbase_impressed_card_block";}	0	5	3	5	100	101	368	0	0	0	0	Drupal\\Core\\Menu\\Form\\MenuLinkDefaultForm
admin	229	admin_toolbar_tools.cssjs	admin_toolbar_tools.flush	admin_toolbar_tools.cssjs		a:0:{}		O:48:"Drupal\\\\Core\\\\StringTranslation\\\\TranslatableMarkup":3:{s:9:"\\000*\\000string";s:24:"Flush CSS and JavaScript";s:12:"\\000*\\000arguments";a:0:{}s:10:"\\000*\\000options";a:0:{}}	s:0:"";	Drupal\\Core\\Menu\\MenuLinkDefault	a:0:{}	admin_toolbar_tools	1	1	0	0	a:0:{}	0	4	3	224	228	229	0	0	0	0	0	Drupal\\Core\\Menu\\Form\\MenuLinkDefaultForm
admin	230	admin_toolbar_tools.plugin	admin_toolbar_tools.flush	admin_toolbar_tools.plugin		a:0:{}		O:48:"Drupal\\\\Core\\\\StringTranslation\\\\TranslatableMarkup":3:{s:9:"\\000*\\000string";s:19:"Flush plugins cache";s:12:"\\000*\\000arguments";a:0:{}s:10:"\\000*\\000options";a:0:{}}	s:0:"";	Drupal\\Core\\Menu\\MenuLinkDefault	a:0:{}	admin_toolbar_tools	1	1	0	0	a:0:{}	0	4	3	224	228	230	0	0	0	0	0	Drupal\\Core\\Menu\\Form\\MenuLinkDefaultForm
admin	261	simple_sitemap.status	simple_sitemap.sitemaps	entity.simple_sitemap.collection		a:0:{}		O:48:"Drupal\\\\Core\\\\StringTranslation\\\\TranslatableMarkup":3:{s:9:"\\000*\\000string";s:8:"Sitemaps";s:12:"\\000*\\000arguments";a:0:{}s:10:"\\000*\\000options";a:0:{}}	s:0:"";	Drupal\\Core\\Menu\\MenuLinkDefault	a:0:{}	simple_sitemap	1	1	0	0	a:0:{}	0	5	3	12	28	260	261	0	0	0	0	Drupal\\Core\\Menu\\Form\\MenuLinkDefaultForm
admin	231	admin_toolbar_tools.flush_static	admin_toolbar_tools.flush	admin_toolbar_tools.flush_static		a:0:{}		O:48:"Drupal\\\\Core\\\\StringTranslation\\\\TranslatableMarkup":3:{s:9:"\\000*\\000string";s:18:"Flush static cache";s:12:"\\000*\\000arguments";a:0:{}s:10:"\\000*\\000options";a:0:{}}	s:0:"";	Drupal\\Core\\Menu\\MenuLinkDefault	a:0:{}	admin_toolbar_tools	1	1	0	0	a:0:{}	0	4	3	224	228	231	0	0	0	0	0	Drupal\\Core\\Menu\\Form\\MenuLinkDefaultForm
admin	232	admin_toolbar_tools.flush_menu	admin_toolbar_tools.flush	admin_toolbar_tools.flush_menu		a:0:{}		O:48:"Drupal\\\\Core\\\\StringTranslation\\\\TranslatableMarkup":3:{s:9:"\\000*\\000string";s:29:"Flush routing and links cache";s:12:"\\000*\\000arguments";a:0:{}s:10:"\\000*\\000options";a:0:{}}	s:0:"";	Drupal\\Core\\Menu\\MenuLinkDefault	a:0:{}	admin_toolbar_tools	1	1	0	0	a:0:{}	0	4	3	224	228	232	0	0	0	0	0	Drupal\\Core\\Menu\\Form\\MenuLinkDefaultForm
admin	233	admin_toolbar_tools.flush_twig	admin_toolbar_tools.flush	admin_toolbar_tools.flush_twig		a:0:{}		O:48:"Drupal\\\\Core\\\\StringTranslation\\\\TranslatableMarkup":3:{s:9:"\\000*\\000string";s:16:"Flush twig cache";s:12:"\\000*\\000arguments";a:0:{}s:10:"\\000*\\000options";a:0:{}}	s:0:"";	Drupal\\Core\\Menu\\MenuLinkDefault	a:0:{}	admin_toolbar_tools	1	1	0	0	a:0:{}	0	4	3	224	228	233	0	0	0	0	0	Drupal\\Core\\Menu\\Form\\MenuLinkDefaultForm
admin	262	simple_sitemap.inclusion	simple_sitemap.sitemaps	simple_sitemap.entities		a:0:{}		O:48:"Drupal\\\\Core\\\\StringTranslation\\\\TranslatableMarkup":3:{s:9:"\\000*\\000string";s:9:"Inclusion";s:12:"\\000*\\000arguments";a:0:{}s:10:"\\000*\\000options";a:0:{}}	s:0:"";	Drupal\\Core\\Menu\\MenuLinkDefault	a:0:{}	simple_sitemap	1	1	0	1	a:0:{}	0	5	3	12	28	260	262	0	0	0	0	Drupal\\Core\\Menu\\Form\\MenuLinkDefaultForm
admin	260	simple_sitemap.sitemaps	system.admin_config_search	entity.simple_sitemap.collection		a:0:{}		O:48:"Drupal\\\\Core\\\\StringTranslation\\\\TranslatableMarkup":3:{s:9:"\\000*\\000string";s:18:"Simple XML Sitemap";s:12:"\\000*\\000arguments";a:0:{}s:10:"\\000*\\000options";a:0:{}}	O:48:"Drupal\\\\Core\\\\StringTranslation\\\\TranslatableMarkup":3:{s:9:"\\000*\\000string";s:52:"Configure, add content to and generate XML sitemaps.";s:12:"\\000*\\000arguments";a:0:{}s:10:"\\000*\\000options";a:0:{}}	Drupal\\Core\\Menu\\MenuLinkDefault	a:0:{}	simple_sitemap	1	1	0	0	a:0:{}	1	4	3	12	28	260	0	0	0	0	0	Drupal\\Core\\Menu\\Form\\MenuLinkDefaultForm
admin	263	metatag.reports_plugins	system.admin_reports	metatag.reports_plugins		a:0:{}		O:48:"Drupal\\\\Core\\\\StringTranslation\\\\TranslatableMarkup":3:{s:9:"\\000*\\000string";s:15:"Metatag plugins";s:12:"\\000*\\000arguments";a:0:{}s:10:"\\000*\\000options";a:0:{}}	O:48:"Drupal\\\\Core\\\\StringTranslation\\\\TranslatableMarkup":3:{s:9:"\\000*\\000string";s:36:"Overview of plugins used in metatag.";s:12:"\\000*\\000arguments";a:0:{}s:10:"\\000*\\000options";a:0:{}}	Drupal\\Core\\Menu\\MenuLinkDefault	a:0:{}	metatag	1	1	0	0	a:0:{}	0	3	3	39	263	0	0	0	0	0	0	Drupal\\Core\\Menu\\Form\\MenuLinkDefaultForm
admin	277	webform.config.exporters.item	webform.config.item	webform.config.exporters		a:0:{}		O:48:"Drupal\\\\Core\\\\StringTranslation\\\\TranslatableMarkup":3:{s:9:"\\000*\\000string";s:9:"Exporters";s:12:"\\000*\\000arguments";a:0:{}s:10:"\\000*\\000options";a:0:{}}	s:0:"";	Drupal\\Core\\Menu\\MenuLinkDefault	a:0:{}	webform	1	1	0	70	a:0:{}	0	5	3	6	264	271	277	0	0	0	0	Drupal\\Core\\Menu\\Form\\MenuLinkDefaultForm
admin	278	webform.config.libraries.item	webform.config.item	webform.config.libraries		a:0:{}		O:48:"Drupal\\\\Core\\\\StringTranslation\\\\TranslatableMarkup":3:{s:9:"\\000*\\000string";s:9:"Libraries";s:12:"\\000*\\000arguments";a:0:{}s:10:"\\000*\\000options";a:0:{}}	s:0:"";	Drupal\\Core\\Menu\\MenuLinkDefault	a:0:{}	webform	1	1	0	80	a:0:{}	0	5	3	6	264	271	278	0	0	0	0	Drupal\\Core\\Menu\\Form\\MenuLinkDefaultForm
admin	234	admin_toolbar_tools.flush_rendercache	admin_toolbar_tools.flush	admin_toolbar_tools.flush_rendercache		a:0:{}		O:48:"Drupal\\\\Core\\\\StringTranslation\\\\TranslatableMarkup":3:{s:9:"\\000*\\000string";s:18:"Flush render cache";s:12:"\\000*\\000arguments";a:0:{}s:10:"\\000*\\000options";a:0:{}}	s:0:"";	Drupal\\Core\\Menu\\MenuLinkDefault	a:0:{}	admin_toolbar_tools	1	1	0	0	a:0:{}	0	4	3	224	228	234	0	0	0	0	0	Drupal\\Core\\Menu\\Form\\MenuLinkDefaultForm
admin	235	admin_toolbar_tools.theme_rebuild	admin_toolbar_tools.flush	admin_toolbar_tools.theme_rebuild		a:0:{}		O:48:"Drupal\\\\Core\\\\StringTranslation\\\\TranslatableMarkup":3:{s:9:"\\000*\\000string";s:22:"Rebuild theme registry";s:12:"\\000*\\000arguments";a:0:{}s:10:"\\000*\\000options";a:0:{}}	s:0:"";	Drupal\\Core\\Menu\\MenuLinkDefault	a:0:{}	admin_toolbar_tools	1	1	0	0	a:0:{}	0	4	3	224	228	235	0	0	0	0	0	Drupal\\Core\\Menu\\Form\\MenuLinkDefaultForm
admin	613	admin_toolbar_tools.extra_links:entity.entity_form_display.node.defaultnew	admin_toolbar_tools.extra_links:entity.node_type.edit_form.new	entity.entity_form_display.node.default	node_type=new	a:1:{s:9:"node_type";s:3:"new";}		O:48:"Drupal\\\\Core\\\\StringTranslation\\\\TranslatableMarkup":3:{s:9:"\\000*\\000string";s:19:"Manage form display";s:12:"\\000*\\000arguments";a:0:{}s:10:"\\000*\\000options";a:0:{}}	s:0:"";	Drupal\\Core\\Menu\\MenuLinkDefault	a:0:{}	admin_toolbar_tools	1	1	0	2	a:0:{}	0	5	3	6	9	611	613	0	0	0	0	Drupal\\Core\\Menu\\Form\\MenuLinkDefaultForm
admin	236	admin_toolbar_tools.extra_links:flush_views	admin_toolbar_tools.flush	admin_toolbar_tools.flush_views		a:0:{}		O:48:"Drupal\\\\Core\\\\StringTranslation\\\\TranslatableMarkup":3:{s:9:"\\000*\\000string";s:17:"Flush views cache";s:12:"\\000*\\000arguments";a:0:{}s:10:"\\000*\\000options";a:0:{}}	s:0:"";	Drupal\\Core\\Menu\\MenuLinkDefault	a:0:{}	admin_toolbar_tools	1	1	0	0	a:0:{}	0	4	3	224	228	236	0	0	0	0	0	Drupal\\Core\\Menu\\Form\\MenuLinkDefaultForm
admin	228	admin_toolbar_tools.flush	admin_toolbar_tools.help	admin_toolbar_tools.flush		a:0:{}		O:48:"Drupal\\\\Core\\\\StringTranslation\\\\TranslatableMarkup":3:{s:9:"\\000*\\000string";s:16:"Flush all caches";s:12:"\\000*\\000arguments";a:0:{}s:10:"\\000*\\000options";a:0:{}}	s:0:"";	Drupal\\Core\\Menu\\MenuLinkDefault	a:0:{}	admin_toolbar_tools	1	1	0	-9	a:0:{}	1	3	3	224	228	0	0	0	0	0	0	Drupal\\Core\\Menu\\Form\\MenuLinkDefaultForm
admin	370	admin_toolbar_tools.extra_links:entity.block_content.field_ui_fieldsvarbase_impressed_card_block	admin_toolbar_tools.extra_links:entity.block_content_type.edit_form.varbase_impressed_card_block	entity.block_content.field_ui_fields	block_content_type=varbase_impressed_card_block	a:1:{s:18:"block_content_type";s:28:"varbase_impressed_card_block";}		O:48:"Drupal\\\\Core\\\\StringTranslation\\\\TranslatableMarkup":3:{s:9:"\\000*\\000string";s:13:"Manage fields";s:12:"\\000*\\000arguments";a:0:{}s:10:"\\000*\\000options";a:0:{}}	s:0:"";	Drupal\\Core\\Menu\\MenuLinkDefault	a:0:{}	admin_toolbar_tools	1	1	0	1	a:0:{}	0	5	3	6	8	369	370	0	0	0	0	Drupal\\Core\\Menu\\Form\\MenuLinkDefaultForm
account	237	masquerade.unmasquerade		masquerade.unmasquerade		a:0:{}		O:48:"Drupal\\\\Core\\\\StringTranslation\\\\TranslatableMarkup":3:{s:9:"\\000*\\000string";s:12:"Unmasquerade";s:12:"\\000*\\000arguments";a:0:{}s:10:"\\000*\\000options";a:0:{}}	O:48:"Drupal\\\\Core\\\\StringTranslation\\\\TranslatableMarkup":3:{s:9:"\\000*\\000string";s:33:"Switch back to your user account.";s:12:"\\000*\\000arguments";a:0:{}s:10:"\\000*\\000options";a:0:{}}	Drupal\\Core\\Menu\\MenuLinkDefault	a:0:{}	masquerade	1	1	0	-50	a:0:{}	0	1	237	0	0	0	0	0	0	0	0	Drupal\\Core\\Menu\\Form\\MenuLinkDefaultForm
admin	371	admin_toolbar_tools.extra_links:entity.entity_form_display.block_content.defaultvarbase_impressed_card_block	admin_toolbar_tools.extra_links:entity.block_content_type.edit_form.varbase_impressed_card_block	entity.entity_form_display.block_content.default	block_content_type=varbase_impressed_card_block	a:1:{s:18:"block_content_type";s:28:"varbase_impressed_card_block";}		O:48:"Drupal\\\\Core\\\\StringTranslation\\\\TranslatableMarkup":3:{s:9:"\\000*\\000string";s:19:"Manage form display";s:12:"\\000*\\000arguments";a:0:{}s:10:"\\000*\\000options";a:0:{}}	s:0:"";	Drupal\\Core\\Menu\\MenuLinkDefault	a:0:{}	admin_toolbar_tools	1	1	0	2	a:0:{}	0	5	3	6	8	369	371	0	0	0	0	Drupal\\Core\\Menu\\Form\\MenuLinkDefaultForm
admin	372	admin_toolbar_tools.extra_links:entity.entity_view_display.block_content.default.varbase_impressed_card_block	admin_toolbar_tools.extra_links:entity.block_content_type.edit_form.varbase_impressed_card_block	entity.entity_view_display.block_content.default	block_content_type=varbase_impressed_card_block	a:1:{s:18:"block_content_type";s:28:"varbase_impressed_card_block";}		O:48:"Drupal\\\\Core\\\\StringTranslation\\\\TranslatableMarkup":3:{s:9:"\\000*\\000string";s:14:"Manage display";s:12:"\\000*\\000arguments";a:0:{}s:10:"\\000*\\000options";a:0:{}}	s:0:"";	Drupal\\Core\\Menu\\MenuLinkDefault	a:0:{}	admin_toolbar_tools	1	1	0	3	a:0:{}	0	5	3	6	8	369	372	0	0	0	0	Drupal\\Core\\Menu\\Form\\MenuLinkDefaultForm
admin	399	admin_toolbar_tools.extra_links:entity.entity_permissions_form.node.default.landing_page_lb	admin_toolbar_tools.extra_links:entity.node_type.edit_form.landing_page_lb	entity.node_type.entity_permissions_form	node_type=landing_page_lb	a:1:{s:9:"node_type";s:15:"landing_page_lb";}		O:48:"Drupal\\\\Core\\\\StringTranslation\\\\TranslatableMarkup":3:{s:9:"\\000*\\000string";s:18:"Manage permissions";s:12:"\\000*\\000arguments";a:0:{}s:10:"\\000*\\000options";a:0:{}}	s:0:"";	Drupal\\Core\\Menu\\MenuLinkDefault	a:0:{}	admin_toolbar_tools	1	1	0	3	a:0:{}	0	5	3	6	9	395	399	0	0	0	0	Drupal\\Core\\Menu\\Form\\MenuLinkDefaultForm
admin	400	admin_toolbar_tools.extra_links:entity.node_type.delete_form.landing_page_lb	admin_toolbar_tools.extra_links:entity.node_type.edit_form.landing_page_lb	entity.node_type.delete_form	node_type=landing_page_lb	a:1:{s:9:"node_type";s:15:"landing_page_lb";}		O:48:"Drupal\\\\Core\\\\StringTranslation\\\\TranslatableMarkup":3:{s:9:"\\000*\\000string";s:6:"Delete";s:12:"\\000*\\000arguments";a:0:{}s:10:"\\000*\\000options";a:0:{}}	s:0:"";	Drupal\\Core\\Menu\\MenuLinkDefault	a:0:{}	admin_toolbar_tools	1	1	0	5	a:0:{}	0	5	3	6	9	395	400	0	0	0	0	Drupal\\Core\\Menu\\Form\\MenuLinkDefaultForm
admin	395	admin_toolbar_tools.extra_links:entity.node_type.edit_form.landing_page_lb	entity.node_type.collection	entity.node_type.edit_form	node_type=landing_page_lb	a:1:{s:9:"node_type";s:15:"landing_page_lb";}		s:0:"";	s:0:"";	Drupal\\admin_toolbar_tools\\Plugin\\Menu\\MenuLinkEntity	a:0:{}	admin_toolbar_tools	1	1	0	0	a:2:{s:11:"entity_type";s:9:"node_type";s:9:"entity_id";s:15:"landing_page_lb";}	1	4	3	6	9	395	0	0	0	0	0	Drupal\\Core\\Menu\\Form\\MenuLinkDefaultForm
admin	242	recaptcha.admin_settings_form	captcha.settings	recaptcha.admin_settings_form		a:0:{}		O:48:"Drupal\\\\Core\\\\StringTranslation\\\\TranslatableMarkup":3:{s:9:"\\000*\\000string";s:9:"reCAPTCHA";s:12:"\\000*\\000arguments";a:0:{}s:10:"\\000*\\000options";a:0:{}}	O:48:"Drupal\\\\Core\\\\StringTranslation\\\\TranslatableMarkup":3:{s:9:"\\000*\\000string";s:55:"Administer the Google No CAPTCHA reCAPTCHA web service.";s:12:"\\000*\\000arguments";a:0:{}s:10:"\\000*\\000options";a:0:{}}	Drupal\\Core\\Menu\\MenuLinkDefault	a:0:{}	recaptcha	1	1	0	1	a:0:{}	0	5	3	12	37	240	242	0	0	0	0	Drupal\\Core\\Menu\\Form\\MenuLinkDefaultForm
admin	240	captcha.settings	user.admin_index	captcha_settings		a:0:{}		O:48:"Drupal\\\\Core\\\\StringTranslation\\\\TranslatableMarkup":3:{s:9:"\\000*\\000string";s:16:"CAPTCHA settings";s:12:"\\000*\\000arguments";a:0:{}s:10:"\\000*\\000options";a:0:{}}	O:48:"Drupal\\\\Core\\\\StringTranslation\\\\TranslatableMarkup":3:{s:9:"\\000*\\000string";s:27:"Administer CAPTCHA settings";s:12:"\\000*\\000arguments";a:0:{}s:10:"\\000*\\000options";a:0:{}}	Drupal\\Core\\Menu\\MenuLinkDefault	a:0:{}	captcha	1	1	0	-1	a:0:{}	1	4	3	12	37	240	0	0	0	0	0	Drupal\\Core\\Menu\\Form\\MenuLinkDefaultForm
admin	478	admin_toolbar_tools.extra_links:views_ui.media_browsers	entity.view.collection	entity.view.edit_form	view=media_browsers	a:1:{s:4:"view";s:14:"media_browsers";}		s:21:"Media Entity Browsers";	s:0:"";	Drupal\\Core\\Menu\\MenuLinkDefault	a:0:{}	admin_toolbar_tools	1	1	0	0	a:0:{}	0	4	3	6	467	478	0	0	0	0	0	Drupal\\Core\\Menu\\Form\\MenuLinkDefaultForm
admin	373	admin_toolbar_tools.extra_links:entity.entity_permissions_form.block_content.default.varbase_impressed_card_block	admin_toolbar_tools.extra_links:entity.block_content_type.edit_form.varbase_impressed_card_block	entity.block_content_type.entity_permissions_form	block_content_type=varbase_impressed_card_block	a:1:{s:18:"block_content_type";s:28:"varbase_impressed_card_block";}		O:48:"Drupal\\\\Core\\\\StringTranslation\\\\TranslatableMarkup":3:{s:9:"\\000*\\000string";s:18:"Manage permissions";s:12:"\\000*\\000arguments";a:0:{}s:10:"\\000*\\000options";a:0:{}}	s:0:"";	Drupal\\Core\\Menu\\MenuLinkDefault	a:0:{}	admin_toolbar_tools	1	1	0	3	a:0:{}	0	5	3	6	8	369	373	0	0	0	0	Drupal\\Core\\Menu\\Form\\MenuLinkDefaultForm
admin	244	varbase_security.password_suggestions.settings	varbase_security.settings	varbase_security.password_suggestions.settings		a:0:{}		O:48:"Drupal\\\\Core\\\\StringTranslation\\\\TranslatableMarkup":3:{s:9:"\\000*\\000string";s:29:"Password Suggestions settings";s:12:"\\000*\\000arguments";a:0:{}s:10:"\\000*\\000options";a:0:{}}	O:48:"Drupal\\\\Core\\\\StringTranslation\\\\TranslatableMarkup":3:{s:9:"\\000*\\000string";s:63:"Configuring password confirmation suggestions message settings.";s:12:"\\000*\\000arguments";a:0:{}s:10:"\\000*\\000options";a:0:{}}	Drupal\\Core\\Menu\\MenuLinkDefault	a:0:{}	varbase_security	1	1	0	0	a:0:{}	0	5	3	12	64	243	244	0	0	0	0	Drupal\\Core\\Menu\\Form\\MenuLinkDefaultForm
admin	243	varbase_security.settings	varbase_core.settings_index	varbase_security.settings		a:0:{}		O:48:"Drupal\\\\Core\\\\StringTranslation\\\\TranslatableMarkup":3:{s:9:"\\000*\\000string";s:25:"Varbase Security settings";s:12:"\\000*\\000arguments";a:0:{}s:10:"\\000*\\000options";a:0:{}}	O:48:"Drupal\\\\Core\\\\StringTranslation\\\\TranslatableMarkup":3:{s:9:"\\000*\\000string";s:36:"Configure Varbase Security settings.";s:12:"\\000*\\000arguments";a:0:{}s:10:"\\000*\\000options";a:0:{}}	Drupal\\Core\\Menu\\MenuLinkDefault	a:0:{}	varbase_security	1	1	0	0	a:0:{}	1	4	3	12	64	243	0	0	0	0	0	Drupal\\Core\\Menu\\Form\\MenuLinkDefaultForm
admin	245	seckit.admin	system.admin_config_system	seckit.settings		a:0:{}		O:48:"Drupal\\\\Core\\\\StringTranslation\\\\TranslatableMarkup":3:{s:9:"\\000*\\000string";s:21:"Security Kit settings";s:12:"\\000*\\000arguments";a:0:{}s:10:"\\000*\\000options";a:0:{}}	O:48:"Drupal\\\\Core\\\\StringTranslation\\\\TranslatableMarkup":3:{s:9:"\\000*\\000string";s:29:"Manage Security Kit settings.";s:12:"\\000*\\000arguments";a:0:{}s:10:"\\000*\\000options";a:0:{}}	Drupal\\Core\\Menu\\MenuLinkDefault	a:0:{}	seckit	1	1	0	100	a:0:{}	0	4	3	12	29	245	0	0	0	0	0	Drupal\\Core\\Menu\\Form\\MenuLinkDefaultForm
admin	246	antibot.settings	system.admin_config_ui	antibot.settings		a:0:{}		O:48:"Drupal\\\\Core\\\\StringTranslation\\\\TranslatableMarkup":3:{s:9:"\\000*\\000string";s:7:"Antibot";s:12:"\\000*\\000arguments";a:0:{}s:10:"\\000*\\000options";a:0:{}}	O:48:"Drupal\\\\Core\\\\StringTranslation\\\\TranslatableMarkup":3:{s:9:"\\000*\\000string";s:35:"Configure the settings for Antibot.";s:12:"\\000*\\000arguments";a:0:{}s:10:"\\000*\\000options";a:0:{}}	Drupal\\Core\\Menu\\MenuLinkDefault	a:0:{}	antibot	1	1	0	99	a:0:{}	0	4	3	12	33	246	0	0	0	0	0	Drupal\\Core\\Menu\\Form\\MenuLinkDefaultForm
admin	247	flood_control.admin	user.admin_index	flood_control.settings		a:0:{}		O:48:"Drupal\\\\Core\\\\StringTranslation\\\\TranslatableMarkup":3:{s:9:"\\000*\\000string";s:13:"Flood control";s:12:"\\000*\\000arguments";a:0:{}s:10:"\\000*\\000options";a:0:{}}	O:48:"Drupal\\\\Core\\\\StringTranslation\\\\TranslatableMarkup":3:{s:9:"\\000*\\000string";s:74:"Configure hidden flood control variables, like the login attempt limiters.";s:12:"\\000*\\000arguments";a:0:{}s:10:"\\000*\\000options";a:0:{}}	Drupal\\Core\\Menu\\MenuLinkDefault	a:0:{}	flood_control	1	1	0	0	a:0:{}	0	4	3	12	37	247	0	0	0	0	0	Drupal\\Core\\Menu\\Form\\MenuLinkDefaultForm
admin	249	entity.password_policy.collection	password_policy.admin_index	entity.password_policy.collection		a:0:{}		O:48:"Drupal\\\\Core\\\\StringTranslation\\\\TranslatableMarkup":3:{s:9:"\\000*\\000string";s:15:"Password Policy";s:12:"\\000*\\000arguments";a:0:{}s:10:"\\000*\\000options";a:0:{}}	O:48:"Drupal\\\\Core\\\\StringTranslation\\\\TranslatableMarkup":3:{s:9:"\\000*\\000string";s:25:"Create password policies.";s:12:"\\000*\\000arguments";a:0:{}s:10:"\\000*\\000options";a:0:{}}	Drupal\\Core\\Menu\\MenuLinkDefault	a:0:{}	password_policy	1	1	0	0	a:0:{}	0	4	3	12	248	249	0	0	0	0	0	Drupal\\Core\\Menu\\Form\\MenuLinkDefaultForm
admin	248	password_policy.admin_index	system.admin_config	password_policy.admin_index		a:0:{}		O:48:"Drupal\\\\Core\\\\StringTranslation\\\\TranslatableMarkup":3:{s:9:"\\000*\\000string";s:8:"Security";s:12:"\\000*\\000arguments";a:0:{}s:10:"\\000*\\000options";a:0:{}}	O:48:"Drupal\\\\Core\\\\StringTranslation\\\\TranslatableMarkup":3:{s:9:"\\000*\\000string";s:30:"Configuring security settings.";s:12:"\\000*\\000arguments";a:0:{}s:10:"\\000*\\000options";a:0:{}}	Drupal\\Core\\Menu\\MenuLinkDefault	a:0:{}	password_policy	1	1	0	0	a:0:{}	1	3	3	12	248	0	0	0	0	0	0	Drupal\\Core\\Menu\\Form\\MenuLinkDefaultForm
admin	250	flood_control.user.admin	entity.user.collection	flood_control.unblock_form		a:0:{}		O:48:"Drupal\\\\Core\\\\StringTranslation\\\\TranslatableMarkup":3:{s:9:"\\000*\\000string";s:13:"Flood unblock";s:12:"\\000*\\000arguments";a:0:{}s:10:"\\000*\\000options";a:0:{}}	s:0:"";	Drupal\\Core\\Menu\\MenuLinkDefault	a:0:{}	flood_control	1	1	0	0	a:0:{}	0	3	3	41	250	0	0	0	0	0	0	Drupal\\Core\\Menu\\Form\\MenuLinkDefaultForm
admin	253	entity.metatag_defaults.collection	system.admin_config_search	entity.metatag_defaults.collection		a:0:{}		O:48:"Drupal\\\\Core\\\\StringTranslation\\\\TranslatableMarkup":3:{s:9:"\\000*\\000string";s:7:"Metatag";s:12:"\\000*\\000arguments";a:0:{}s:10:"\\000*\\000options";a:0:{}}	O:48:"Drupal\\\\Core\\\\StringTranslation\\\\TranslatableMarkup":3:{s:9:"\\000*\\000string";s:27:"Configure Metatag defaults.";s:12:"\\000*\\000arguments";a:0:{}s:10:"\\000*\\000options";a:0:{}}	Drupal\\Core\\Menu\\MenuLinkDefault	a:0:{}	metatag	1	1	0	0	a:0:{}	1	4	3	12	28	253	0	0	0	0	0	Drupal\\Core\\Menu\\Form\\MenuLinkDefaultForm
admin	596	admin_toolbar_tools.extra_links:views_ui.watchdog	entity.view.collection	entity.view.edit_form	view=watchdog	a:1:{s:4:"view";s:8:"watchdog";}		s:8:"Watchdog";	s:0:"";	Drupal\\Core\\Menu\\MenuLinkDefault	a:0:{}	admin_toolbar_tools	1	1	0	0	a:0:{}	0	4	3	6	467	596	0	0	0	0	0	Drupal\\Core\\Menu\\Form\\MenuLinkDefaultForm
admin	374	admin_toolbar_tools.extra_links:entity.block_content_type.delete_form.varbase_impressed_card_block	admin_toolbar_tools.extra_links:entity.block_content_type.edit_form.varbase_impressed_card_block	entity.block_content_type.delete_form	block_content_type=varbase_impressed_card_block	a:1:{s:18:"block_content_type";s:28:"varbase_impressed_card_block";}		O:48:"Drupal\\\\Core\\\\StringTranslation\\\\TranslatableMarkup":3:{s:9:"\\000*\\000string";s:6:"Delete";s:12:"\\000*\\000arguments";a:0:{}s:10:"\\000*\\000options";a:0:{}}	s:0:"";	Drupal\\Core\\Menu\\MenuLinkDefault	a:0:{}	admin_toolbar_tools	1	1	0	5	a:0:{}	0	5	3	6	8	369	374	0	0	0	0	Drupal\\Core\\Menu\\Form\\MenuLinkDefaultForm
admin	256	redirect.add	redirect.list	redirect.add		a:0:{}		O:48:"Drupal\\\\Core\\\\StringTranslation\\\\TranslatableMarkup":3:{s:9:"\\000*\\000string";s:12:"Add redirect";s:12:"\\000*\\000arguments";a:0:{}s:10:"\\000*\\000options";a:0:{}}	s:0:"";	Drupal\\Core\\Menu\\MenuLinkDefault	a:0:{}	redirect	1	1	0	0	a:0:{}	0	5	3	12	28	255	256	0	0	0	0	Drupal\\Core\\Menu\\Form\\MenuLinkDefaultForm
admin	369	admin_toolbar_tools.extra_links:entity.block_content_type.edit_form.varbase_impressed_card_block	entity.block_content_type.collection	entity.block_content_type.edit_form	block_content_type=varbase_impressed_card_block	a:1:{s:18:"block_content_type";s:28:"varbase_impressed_card_block";}		s:0:"";	s:0:"";	Drupal\\admin_toolbar_tools\\Plugin\\Menu\\MenuLinkEntity	a:0:{}	admin_toolbar_tools	1	1	0	0	a:2:{s:11:"entity_type";s:18:"block_content_type";s:9:"entity_id";s:28:"varbase_impressed_card_block";}	1	4	3	6	8	369	0	0	0	0	0	Drupal\\Core\\Menu\\Form\\MenuLinkDefaultForm
admin	257	redirect.settings	redirect.list	redirect.settings		a:0:{}		O:48:"Drupal\\\\Core\\\\StringTranslation\\\\TranslatableMarkup":3:{s:9:"\\000*\\000string";s:8:"Settings";s:12:"\\000*\\000arguments";a:0:{}s:10:"\\000*\\000options";a:0:{}}	O:48:"Drupal\\\\Core\\\\StringTranslation\\\\TranslatableMarkup":3:{s:9:"\\000*\\000string";s:37:"Configure behavior for URL redirects.";s:12:"\\000*\\000arguments";a:0:{}s:10:"\\000*\\000options";a:0:{}}	Drupal\\Core\\Menu\\MenuLinkDefault	a:0:{}	redirect	1	1	0	0	a:0:{}	0	5	3	12	28	255	257	0	0	0	0	Drupal\\Core\\Menu\\Form\\MenuLinkDefaultForm
admin	375	admin_toolbar_tools.extra_links:block_content.add.varbase_overlay_card_block	admin_toolbar_tools.extra_links:add_block	block_content.add_form	block_content_type=varbase_overlay_card_block	a:1:{s:18:"block_content_type";s:26:"varbase_overlay_card_block";}		s:0:"";	s:0:"";	Drupal\\admin_toolbar_tools\\Plugin\\Menu\\MenuLinkEntity	a:0:{}	admin_toolbar_tools	1	1	0	0	a:2:{s:11:"entity_type";s:18:"block_content_type";s:9:"entity_id";s:26:"varbase_overlay_card_block";}	0	5	3	5	100	101	375	0	0	0	0	Drupal\\Core\\Menu\\Form\\MenuLinkDefaultForm
admin	258	redirect_404.fix_404	redirect.list	redirect_404.fix_404		a:0:{}		O:48:"Drupal\\\\Core\\\\StringTranslation\\\\TranslatableMarkup":3:{s:9:"\\000*\\000string";s:13:"Fix 404 pages";s:12:"\\000*\\000arguments";a:0:{}s:10:"\\000*\\000options";a:0:{}}	O:48:"Drupal\\\\Core\\\\StringTranslation\\\\TranslatableMarkup":3:{s:9:"\\000*\\000string";s:28:"Add redirects for 404 pages.";s:12:"\\000*\\000arguments";a:0:{}s:10:"\\000*\\000options";a:0:{}}	Drupal\\Core\\Menu\\MenuLinkDefault	a:0:{}	redirect_404	1	1	0	0	a:0:{}	0	5	3	12	28	255	258	0	0	0	0	Drupal\\Core\\Menu\\Form\\MenuLinkDefaultForm
admin	259	redirect_domain.domain_list	redirect.list	redirect_domain.domain_list		a:0:{}		O:48:"Drupal\\\\Core\\\\StringTranslation\\\\TranslatableMarkup":3:{s:9:"\\000*\\000string";s:16:"Domain redirects";s:12:"\\000*\\000arguments";a:0:{}s:10:"\\000*\\000options";a:0:{}}	O:48:"Drupal\\\\Core\\\\StringTranslation\\\\TranslatableMarkup":3:{s:9:"\\000*\\000string";s:27:"Configure domain redirects.";s:12:"\\000*\\000arguments";a:0:{}s:10:"\\000*\\000options";a:0:{}}	Drupal\\Core\\Menu\\MenuLinkDefault	a:0:{}	redirect_domain	1	1	0	0	a:0:{}	0	5	3	12	28	255	259	0	0	0	0	Drupal\\Core\\Menu\\Form\\MenuLinkDefaultForm
admin	255	redirect.list	system.admin_config_search	redirect.list		a:0:{}		O:48:"Drupal\\\\Core\\\\StringTranslation\\\\TranslatableMarkup":3:{s:9:"\\000*\\000string";s:13:"URL redirects";s:12:"\\000*\\000arguments";a:0:{}s:10:"\\000*\\000options";a:0:{}}	O:48:"Drupal\\\\Core\\\\StringTranslation\\\\TranslatableMarkup":3:{s:9:"\\000*\\000string";s:39:"Redirect users from one URL to another.";s:12:"\\000*\\000arguments";a:0:{}s:10:"\\000*\\000options";a:0:{}}	Drupal\\Core\\Menu\\MenuLinkDefault	a:0:{}	redirect	1	1	0	0	a:0:{}	1	4	3	12	28	255	0	0	0	0	0	Drupal\\Core\\Menu\\Form\\MenuLinkDefaultForm
admin	377	admin_toolbar_tools.extra_links:entity.block_content.field_ui_fieldsvarbase_overlay_card_block	admin_toolbar_tools.extra_links:entity.block_content_type.edit_form.varbase_overlay_card_block	entity.block_content.field_ui_fields	block_content_type=varbase_overlay_card_block	a:1:{s:18:"block_content_type";s:26:"varbase_overlay_card_block";}		O:48:"Drupal\\\\Core\\\\StringTranslation\\\\TranslatableMarkup":3:{s:9:"\\000*\\000string";s:13:"Manage fields";s:12:"\\000*\\000arguments";a:0:{}s:10:"\\000*\\000options";a:0:{}}	s:0:"";	Drupal\\Core\\Menu\\MenuLinkDefault	a:0:{}	admin_toolbar_tools	1	1	0	1	a:0:{}	0	5	3	6	8	376	377	0	0	0	0	Drupal\\Core\\Menu\\Form\\MenuLinkDefaultForm
admin	401	dashboards.collection	system.admin_structure	entity.dashboard.collection		a:0:{}		O:48:"Drupal\\\\Core\\\\StringTranslation\\\\TranslatableMarkup":3:{s:9:"\\000*\\000string";s:10:"Dashboards";s:12:"\\000*\\000arguments";a:0:{}s:10:"\\000*\\000options";a:0:{}}	O:48:"Drupal\\\\Core\\\\StringTranslation\\\\TranslatableMarkup":3:{s:9:"\\000*\\000string";s:21:"Administer dashboard.";s:12:"\\000*\\000arguments";a:0:{}s:10:"\\000*\\000options";a:0:{}}	Drupal\\Core\\Menu\\MenuLinkDefault	a:0:{}	dashboards	1	1	0	2	a:0:{}	0	3	3	6	401	0	0	0	0	0	0	Drupal\\Core\\Menu\\Form\\MenuLinkDefaultForm
admin	402	dashboards.dashboards_settings_form	system.admin_config_system	dashboards.dashboards_settings_form		a:0:{}		O:48:"Drupal\\\\Core\\\\StringTranslation\\\\TranslatableMarkup":3:{s:9:"\\000*\\000string";s:18:"Dashboard Settings";s:12:"\\000*\\000arguments";a:0:{}s:10:"\\000*\\000options";a:0:{}}	O:48:"Drupal\\\\Core\\\\StringTranslation\\\\TranslatableMarkup":3:{s:9:"\\000*\\000string";s:18:"Dashboard Settings";s:12:"\\000*\\000arguments";a:0:{}s:10:"\\000*\\000options";a:0:{}}	Drupal\\Core\\Menu\\MenuLinkDefault	a:0:{}	dashboards	1	1	0	99	a:0:{}	0	4	3	12	29	402	0	0	0	0	0	Drupal\\Core\\Menu\\Form\\MenuLinkDefaultForm
admin	597	dblog.overview	system.admin_reports	dblog.overview		a:0:{}		O:48:"Drupal\\\\Core\\\\StringTranslation\\\\TranslatableMarkup":3:{s:9:"\\000*\\000string";s:19:"Recent log messages";s:12:"\\000*\\000arguments";a:0:{}s:10:"\\000*\\000options";a:0:{}}	O:48:"Drupal\\\\Core\\\\StringTranslation\\\\TranslatableMarkup":3:{s:9:"\\000*\\000string";s:43:"View events that have recently been logged.";s:12:"\\000*\\000arguments";a:0:{}s:10:"\\000*\\000options";a:0:{}}	Drupal\\Core\\Menu\\MenuLinkDefault	a:0:{}	dblog	1	1	0	-1	a:0:{}	0	3	3	39	597	0	0	0	0	0	0	Drupal\\Core\\Menu\\Form\\MenuLinkDefaultForm
admin	270	webform.config.options.item	webform.options.item	entity.webform_options.collection		a:0:{}		O:48:"Drupal\\\\Core\\\\StringTranslation\\\\TranslatableMarkup":3:{s:9:"\\000*\\000string";s:7:"Options";s:12:"\\000*\\000arguments";a:0:{}s:10:"\\000*\\000options";a:0:{}}	s:0:"";	Drupal\\Core\\Menu\\MenuLinkDefault	a:0:{}	webform	1	1	0	0	a:0:{}	0	5	3	6	264	269	270	0	0	0	0	Drupal\\Core\\Menu\\Form\\MenuLinkDefaultForm
admin	269	webform.options.item	entity.webform.collection	entity.webform_options.collection		a:0:{}		O:48:"Drupal\\\\Core\\\\StringTranslation\\\\TranslatableMarkup":3:{s:9:"\\000*\\000string";s:7:"Options";s:12:"\\000*\\000arguments";a:0:{}s:10:"\\000*\\000options";a:0:{}}	s:0:"";	Drupal\\Core\\Menu\\MenuLinkDefault	a:0:{}	webform	1	1	0	30	a:0:{}	1	4	3	6	264	269	0	0	0	0	0	Drupal\\Core\\Menu\\Form\\MenuLinkDefaultForm
admin	378	admin_toolbar_tools.extra_links:entity.entity_form_display.block_content.defaultvarbase_overlay_card_block	admin_toolbar_tools.extra_links:entity.block_content_type.edit_form.varbase_overlay_card_block	entity.entity_form_display.block_content.default	block_content_type=varbase_overlay_card_block	a:1:{s:18:"block_content_type";s:26:"varbase_overlay_card_block";}		O:48:"Drupal\\\\Core\\\\StringTranslation\\\\TranslatableMarkup":3:{s:9:"\\000*\\000string";s:19:"Manage form display";s:12:"\\000*\\000arguments";a:0:{}s:10:"\\000*\\000options";a:0:{}}	s:0:"";	Drupal\\Core\\Menu\\MenuLinkDefault	a:0:{}	admin_toolbar_tools	1	1	0	2	a:0:{}	0	5	3	6	8	376	378	0	0	0	0	Drupal\\Core\\Menu\\Form\\MenuLinkDefaultForm
admin	479	admin_toolbar_tools.extra_links:views_ui.media_library	entity.view.collection	entity.view.edit_form	view=media_library	a:1:{s:4:"view";s:13:"media_library";}		s:13:"Media library";	s:0:"";	Drupal\\Core\\Menu\\MenuLinkDefault	a:0:{}	admin_toolbar_tools	1	1	0	0	a:0:{}	0	4	3	6	467	479	0	0	0	0	0	Drupal\\Core\\Menu\\Form\\MenuLinkDefaultForm
admin	379	admin_toolbar_tools.extra_links:entity.entity_view_display.block_content.default.varbase_overlay_card_block	admin_toolbar_tools.extra_links:entity.block_content_type.edit_form.varbase_overlay_card_block	entity.entity_view_display.block_content.default	block_content_type=varbase_overlay_card_block	a:1:{s:18:"block_content_type";s:26:"varbase_overlay_card_block";}		O:48:"Drupal\\\\Core\\\\StringTranslation\\\\TranslatableMarkup":3:{s:9:"\\000*\\000string";s:14:"Manage display";s:12:"\\000*\\000arguments";a:0:{}s:10:"\\000*\\000options";a:0:{}}	s:0:"";	Drupal\\Core\\Menu\\MenuLinkDefault	a:0:{}	admin_toolbar_tools	1	1	0	3	a:0:{}	0	5	3	6	8	376	379	0	0	0	0	Drupal\\Core\\Menu\\Form\\MenuLinkDefaultForm
admin	272	webform.config.forms.item	webform.config.item	webform.config		a:0:{}		O:48:"Drupal\\\\Core\\\\StringTranslation\\\\TranslatableMarkup":3:{s:9:"\\000*\\000string";s:5:"Forms";s:12:"\\000*\\000arguments";a:0:{}s:10:"\\000*\\000options";a:0:{}}	s:0:"";	Drupal\\Core\\Menu\\MenuLinkDefault	a:0:{}	webform	1	1	0	10	a:0:{}	0	5	3	6	264	271	272	0	0	0	0	Drupal\\Core\\Menu\\Form\\MenuLinkDefaultForm
admin	403	statistics.settings	system.admin_config_system	statistics.settings		a:0:{}		O:48:"Drupal\\\\Core\\\\StringTranslation\\\\TranslatableMarkup":3:{s:9:"\\000*\\000string";s:10:"Statistics";s:12:"\\000*\\000arguments";a:0:{}s:10:"\\000*\\000options";a:0:{}}	O:48:"Drupal\\\\Core\\\\StringTranslation\\\\TranslatableMarkup":3:{s:9:"\\000*\\000string";s:44:"Configure the logging of content statistics.";s:12:"\\000*\\000arguments";a:0:{}s:10:"\\000*\\000options";a:0:{}}	Drupal\\Core\\Menu\\MenuLinkDefault	a:0:{}	statistics	1	1	0	-15	a:0:{}	0	4	3	12	29	403	0	0	0	0	0	Drupal\\Core\\Menu\\Form\\MenuLinkDefaultForm
admin	273	webform.config.elements.item	webform.config.item	webform.config.elements		a:0:{}		O:48:"Drupal\\\\Core\\\\StringTranslation\\\\TranslatableMarkup":3:{s:9:"\\000*\\000string";s:8:"Elements";s:12:"\\000*\\000arguments";a:0:{}s:10:"\\000*\\000options";a:0:{}}	s:0:"";	Drupal\\Core\\Menu\\MenuLinkDefault	a:0:{}	webform	1	1	0	20	a:0:{}	0	5	3	6	264	271	273	0	0	0	0	Drupal\\Core\\Menu\\Form\\MenuLinkDefaultForm
admin	404	varbase_dashboards.dashboard	system.admin			a:0:{}	internal:/admin/dashboard	O:48:"Drupal\\\\Core\\\\StringTranslation\\\\TranslatableMarkup":3:{s:9:"\\000*\\000string";s:9:"Dashboard";s:12:"\\000*\\000arguments";a:0:{}s:10:"\\000*\\000options";a:0:{}}	O:48:"Drupal\\\\Core\\\\StringTranslation\\\\TranslatableMarkup":3:{s:9:"\\000*\\000string";s:86:"See an overview of your site and get access to various useful functions and shortcuts.";s:12:"\\000*\\000arguments";a:0:{}s:10:"\\000*\\000options";a:0:{}}	Drupal\\Core\\Menu\\MenuLinkDefault	a:0:{}	varbase_dashboards	1	1	0	-50	a:0:{}	0	2	3	404	0	0	0	0	0	0	0	Drupal\\Core\\Menu\\Form\\MenuLinkDefaultForm
admin	274	webform.config.submissions.item	webform.config.item	webform.config.submissions		a:0:{}		O:48:"Drupal\\\\Core\\\\StringTranslation\\\\TranslatableMarkup":3:{s:9:"\\000*\\000string";s:11:"Submissions";s:12:"\\000*\\000arguments";a:0:{}s:10:"\\000*\\000options";a:0:{}}	s:0:"";	Drupal\\Core\\Menu\\MenuLinkDefault	a:0:{}	webform	1	1	0	40	a:0:{}	0	5	3	6	264	271	274	0	0	0	0	Drupal\\Core\\Menu\\Form\\MenuLinkDefaultForm
admin	3	system.admin		system.admin		a:0:{}		O:48:"Drupal\\\\Core\\\\StringTranslation\\\\TranslatableMarkup":3:{s:9:"\\000*\\000string";s:14:"Administration";s:12:"\\000*\\000arguments";a:0:{}s:10:"\\000*\\000options";a:0:{}}	s:0:"";	Drupal\\Core\\Menu\\MenuLinkDefault	a:0:{}	system	1	1	0	9	a:0:{}	1	1	3	0	0	0	0	0	0	0	0	Drupal\\Core\\Menu\\Form\\MenuLinkDefaultForm
admin	275	webform.config.handlers.item	webform.config.item	webform.config.handlers		a:0:{}		O:48:"Drupal\\\\Core\\\\StringTranslation\\\\TranslatableMarkup":3:{s:9:"\\000*\\000string";s:8:"Handlers";s:12:"\\000*\\000arguments";a:0:{}s:10:"\\000*\\000options";a:0:{}}	s:0:"";	Drupal\\Core\\Menu\\MenuLinkDefault	a:0:{}	webform	1	1	0	50	a:0:{}	0	5	3	6	264	271	275	0	0	0	0	Drupal\\Core\\Menu\\Form\\MenuLinkDefaultForm
admin	276	webform.config.variants.item	webform.config.item	webform.config.variants		a:0:{}		O:48:"Drupal\\\\Core\\\\StringTranslation\\\\TranslatableMarkup":3:{s:9:"\\000*\\000string";s:8:"Variants";s:12:"\\000*\\000arguments";a:0:{}s:10:"\\000*\\000options";a:0:{}}	s:0:"";	Drupal\\Core\\Menu\\MenuLinkDefault	a:0:{}	webform	1	1	0	60	a:0:{}	0	5	3	6	264	271	276	0	0	0	0	Drupal\\Core\\Menu\\Form\\MenuLinkDefaultForm
admin	279	webform.config.advanced.item	webform.config.item	webform.config.advanced		a:0:{}		O:48:"Drupal\\\\Core\\\\StringTranslation\\\\TranslatableMarkup":3:{s:9:"\\000*\\000string";s:8:"Advanced";s:12:"\\000*\\000arguments";a:0:{}s:10:"\\000*\\000options";a:0:{}}	s:0:"";	Drupal\\Core\\Menu\\MenuLinkDefault	a:0:{}	webform	1	1	0	90	a:0:{}	0	5	3	6	264	271	279	0	0	0	0	Drupal\\Core\\Menu\\Form\\MenuLinkDefaultForm
admin	380	admin_toolbar_tools.extra_links:entity.entity_permissions_form.block_content.default.varbase_overlay_card_block	admin_toolbar_tools.extra_links:entity.block_content_type.edit_form.varbase_overlay_card_block	entity.block_content_type.entity_permissions_form	block_content_type=varbase_overlay_card_block	a:1:{s:18:"block_content_type";s:26:"varbase_overlay_card_block";}		O:48:"Drupal\\\\Core\\\\StringTranslation\\\\TranslatableMarkup":3:{s:9:"\\000*\\000string";s:18:"Manage permissions";s:12:"\\000*\\000arguments";a:0:{}s:10:"\\000*\\000options";a:0:{}}	s:0:"";	Drupal\\Core\\Menu\\MenuLinkDefault	a:0:{}	admin_toolbar_tools	1	1	0	3	a:0:{}	0	5	3	6	8	376	380	0	0	0	0	Drupal\\Core\\Menu\\Form\\MenuLinkDefaultForm
admin	280	webform.addons.item	entity.webform.collection	webform.addons		a:0:{}		O:48:"Drupal\\\\Core\\\\StringTranslation\\\\TranslatableMarkup":3:{s:9:"\\000*\\000string";s:7:"Add-ons";s:12:"\\000*\\000arguments";a:0:{}s:10:"\\000*\\000options";a:0:{}}	s:0:"";	Drupal\\Core\\Menu\\MenuLinkDefault	a:0:{}	webform	1	1	0	50	a:0:{}	0	4	3	6	264	280	0	0	0	0	0	Drupal\\Core\\Menu\\Form\\MenuLinkDefaultForm
admin	281	webform.help.item	entity.webform.collection	webform.help		a:0:{}		O:48:"Drupal\\\\Core\\\\StringTranslation\\\\TranslatableMarkup":3:{s:9:"\\000*\\000string";s:4:"Help";s:12:"\\000*\\000arguments";a:0:{}s:10:"\\000*\\000options";a:0:{}}	s:0:"";	Drupal\\Core\\Menu\\MenuLinkDefault	a:0:{}	webform	1	1	0	60	a:0:{}	0	4	3	6	264	281	0	0	0	0	0	Drupal\\Core\\Menu\\Form\\MenuLinkDefaultForm
admin	271	webform.config.item	entity.webform.collection	webform.config		a:0:{}		O:48:"Drupal\\\\Core\\\\StringTranslation\\\\TranslatableMarkup":3:{s:9:"\\000*\\000string";s:13:"Configuration";s:12:"\\000*\\000arguments";a:0:{}s:10:"\\000*\\000options";a:0:{}}	s:0:"";	Drupal\\Core\\Menu\\MenuLinkDefault	a:0:{}	webform	1	1	0	40	a:0:{}	1	4	3	6	264	271	0	0	0	0	0	Drupal\\Core\\Menu\\Form\\MenuLinkDefaultForm
admin	381	admin_toolbar_tools.extra_links:entity.block_content_type.delete_form.varbase_overlay_card_block	admin_toolbar_tools.extra_links:entity.block_content_type.edit_form.varbase_overlay_card_block	entity.block_content_type.delete_form	block_content_type=varbase_overlay_card_block	a:1:{s:18:"block_content_type";s:26:"varbase_overlay_card_block";}		O:48:"Drupal\\\\Core\\\\StringTranslation\\\\TranslatableMarkup":3:{s:9:"\\000*\\000string";s:6:"Delete";s:12:"\\000*\\000arguments";a:0:{}s:10:"\\000*\\000options";a:0:{}}	s:0:"";	Drupal\\Core\\Menu\\MenuLinkDefault	a:0:{}	admin_toolbar_tools	1	1	0	5	a:0:{}	0	5	3	6	8	376	381	0	0	0	0	Drupal\\Core\\Menu\\Form\\MenuLinkDefaultForm
admin	282	webform.reports_plugins	system.admin_reports	webform.reports_plugins.elements		a:0:{}		O:48:"Drupal\\\\Core\\\\StringTranslation\\\\TranslatableMarkup":3:{s:9:"\\000*\\000string";s:15:"Webform plugins";s:12:"\\000*\\000arguments";a:0:{}s:10:"\\000*\\000options";a:0:{}}	O:48:"Drupal\\\\Core\\\\StringTranslation\\\\TranslatableMarkup":3:{s:9:"\\000*\\000string";s:47:"Overview of plugins used by the Webform module.";s:12:"\\000*\\000arguments";a:0:{}s:10:"\\000*\\000options";a:0:{}}	Drupal\\Core\\Menu\\MenuLinkDefault	a:0:{}	webform	1	1	0	0	a:0:{}	0	3	3	39	282	0	0	0	0	0	0	Drupal\\Core\\Menu\\Form\\MenuLinkDefaultForm
admin	376	admin_toolbar_tools.extra_links:entity.block_content_type.edit_form.varbase_overlay_card_block	entity.block_content_type.collection	entity.block_content_type.edit_form	block_content_type=varbase_overlay_card_block	a:1:{s:18:"block_content_type";s:26:"varbase_overlay_card_block";}		s:0:"";	s:0:"";	Drupal\\admin_toolbar_tools\\Plugin\\Menu\\MenuLinkEntity	a:0:{}	admin_toolbar_tools	1	1	0	0	a:2:{s:11:"entity_type";s:18:"block_content_type";s:9:"entity_id";s:26:"varbase_overlay_card_block";}	1	4	3	6	8	376	0	0	0	0	0	Drupal\\Core\\Menu\\Form\\MenuLinkDefaultForm
admin	598	dblog.page_not_found	system.admin_reports	dblog.page_not_found		a:0:{}		O:48:"Drupal\\\\Core\\\\StringTranslation\\\\TranslatableMarkup":3:{s:9:"\\000*\\000string";s:27:"Top 'page not found' errors";s:12:"\\000*\\000arguments";a:0:{}s:10:"\\000*\\000options";a:0:{}}	O:48:"Drupal\\\\Core\\\\StringTranslation\\\\TranslatableMarkup":3:{s:9:"\\000*\\000string";s:36:"View 'page not found' errors (404s).";s:12:"\\000*\\000arguments";a:0:{}s:10:"\\000*\\000options";a:0:{}}	Drupal\\Core\\Menu\\MenuLinkDefault	a:0:{}	dblog	1	1	0	0	a:0:{}	0	3	3	39	598	0	0	0	0	0	0	Drupal\\Core\\Menu\\Form\\MenuLinkDefaultForm
admin	264	entity.webform.collection	system.admin_structure	entity.webform.collection		a:0:{}		O:48:"Drupal\\\\Core\\\\StringTranslation\\\\TranslatableMarkup":3:{s:9:"\\000*\\000string";s:8:"Webforms";s:12:"\\000*\\000arguments";a:0:{}s:10:"\\000*\\000options";a:0:{}}	O:48:"Drupal\\\\Core\\\\StringTranslation\\\\TranslatableMarkup":3:{s:9:"\\000*\\000string";s:39:"Create webforms and manage submissions.";s:12:"\\000*\\000arguments";a:0:{}s:10:"\\000*\\000options";a:0:{}}	Drupal\\Core\\Menu\\MenuLinkDefault	a:0:{}	webform	1	1	0	0	a:0:{}	1	3	3	6	264	0	0	0	0	0	0	Drupal\\Core\\Menu\\Form\\MenuLinkDefaultForm
admin	382	admin_toolbar_tools.extra_links:block_content.add.varbase_accordion_block	admin_toolbar_tools.extra_links:add_block	block_content.add_form	block_content_type=varbase_accordion_block	a:1:{s:18:"block_content_type";s:23:"varbase_accordion_block";}		s:0:"";	s:0:"";	Drupal\\admin_toolbar_tools\\Plugin\\Menu\\MenuLinkEntity	a:0:{}	admin_toolbar_tools	1	1	0	0	a:2:{s:11:"entity_type";s:18:"block_content_type";s:9:"entity_id";s:23:"varbase_accordion_block";}	0	5	3	5	100	101	382	0	0	0	0	Drupal\\Core\\Menu\\Form\\MenuLinkDefaultForm
admin	284	entity.webform.templates.view.item	entity.webform.templates.item	entity.webform.templates		a:0:{}		O:48:"Drupal\\\\Core\\\\StringTranslation\\\\TranslatableMarkup":3:{s:9:"\\000*\\000string";s:4:"List";s:12:"\\000*\\000arguments";a:0:{}s:10:"\\000*\\000options";a:0:{}}	s:0:"";	Drupal\\Core\\Menu\\MenuLinkDefault	a:0:{}	webform	1	1	0	0	a:0:{}	0	5	3	6	264	283	284	0	0	0	0	Drupal\\Core\\Menu\\Form\\MenuLinkDefaultForm
admin	285	entity.webform.templates.manage.item	entity.webform.templates.item	entity.webform.templates.manage		a:0:{}		O:48:"Drupal\\\\Core\\\\StringTranslation\\\\TranslatableMarkup":3:{s:9:"\\000*\\000string";s:6:"Manage";s:12:"\\000*\\000arguments";a:0:{}s:10:"\\000*\\000options";a:0:{}}	s:0:"";	Drupal\\Core\\Menu\\MenuLinkDefault	a:0:{}	webform	1	1	0	10	a:0:{}	0	5	3	6	264	283	285	0	0	0	0	Drupal\\Core\\Menu\\Form\\MenuLinkDefaultForm
admin	283	entity.webform.templates.item	entity.webform.collection	entity.webform.templates		a:0:{}		O:48:"Drupal\\\\Core\\\\StringTranslation\\\\TranslatableMarkup":3:{s:9:"\\000*\\000string";s:9:"Templates";s:12:"\\000*\\000arguments";a:0:{}s:10:"\\000*\\000options";a:0:{}}	s:0:"";	Drupal\\Core\\Menu\\MenuLinkDefault	a:0:{}	webform	1	1	0	10	a:0:{}	1	4	3	6	264	283	0	0	0	0	0	Drupal\\Core\\Menu\\Form\\MenuLinkDefaultForm
admin	392	admin_toolbar_tools.extra_links:entity.entity_view_display.paragraph.default.accordion_item	admin_toolbar_tools.extra_links:entity.paragraphs_type.edit_form.accordion_item	entity.entity_view_display.paragraph.default	paragraphs_type=accordion_item	a:1:{s:15:"paragraphs_type";s:14:"accordion_item";}		O:48:"Drupal\\\\Core\\\\StringTranslation\\\\TranslatableMarkup":3:{s:9:"\\000*\\000string";s:14:"Manage display";s:12:"\\000*\\000arguments";a:0:{}s:10:"\\000*\\000options";a:0:{}}	s:0:"";	Drupal\\Core\\Menu\\MenuLinkDefault	a:0:{}	admin_toolbar_tools	1	1	0	3	a:0:{}	0	5	3	6	314	389	392	0	0	0	0	Drupal\\Core\\Menu\\Form\\MenuLinkDefaultForm
admin	393	admin_toolbar_tools.extra_links:entity.paragraphs_type.delete_form.accordion_item	admin_toolbar_tools.extra_links:entity.paragraphs_type.edit_form.accordion_item	entity.paragraphs_type.delete_form	paragraphs_type=accordion_item	a:1:{s:15:"paragraphs_type";s:14:"accordion_item";}		O:48:"Drupal\\\\Core\\\\StringTranslation\\\\TranslatableMarkup":3:{s:9:"\\000*\\000string";s:6:"Delete";s:12:"\\000*\\000arguments";a:0:{}s:10:"\\000*\\000options";a:0:{}}	s:0:"";	Drupal\\Core\\Menu\\MenuLinkDefault	a:0:{}	admin_toolbar_tools	1	1	0	5	a:0:{}	0	5	3	6	314	389	393	0	0	0	0	Drupal\\Core\\Menu\\Form\\MenuLinkDefaultForm
admin	389	admin_toolbar_tools.extra_links:entity.paragraphs_type.edit_form.accordion_item	entity.paragraphs_type.collection	entity.paragraphs_type.edit_form	paragraphs_type=accordion_item	a:1:{s:15:"paragraphs_type";s:14:"accordion_item";}		s:0:"";	s:0:"";	Drupal\\admin_toolbar_tools\\Plugin\\Menu\\MenuLinkEntity	a:0:{}	admin_toolbar_tools	1	1	0	0	a:2:{s:11:"entity_type";s:15:"paragraphs_type";s:9:"entity_id";s:14:"accordion_item";}	1	4	3	6	314	389	0	0	0	0	0	Drupal\\Core\\Menu\\Form\\MenuLinkDefaultForm
admin	480	admin_toolbar_tools.extra_links:views_ui.moderated_content	entity.view.collection	entity.view.edit_form	view=moderated_content	a:1:{s:4:"view";s:17:"moderated_content";}		s:17:"Moderated content";	s:0:"";	Drupal\\Core\\Menu\\MenuLinkDefault	a:0:{}	admin_toolbar_tools	1	1	0	0	a:0:{}	0	4	3	6	467	480	0	0	0	0	0	Drupal\\Core\\Menu\\Form\\MenuLinkDefaultForm
admin	394	admin_toolbar_tools.extra_links:node.add.landing_page_lb	admin_toolbar_tools.extra_links:node.add	node.add	node_type=landing_page_lb	a:1:{s:9:"node_type";s:15:"landing_page_lb";}		s:0:"";	s:0:"";	Drupal\\admin_toolbar_tools\\Plugin\\Menu\\MenuLinkEntity	a:0:{}	admin_toolbar_tools	1	1	0	0	a:2:{s:11:"entity_type";s:9:"node_type";s:9:"entity_id";s:15:"landing_page_lb";}	0	4	3	5	99	394	0	0	0	0	0	Drupal\\Core\\Menu\\Form\\MenuLinkDefaultForm
admin	599	dblog.access_denied	system.admin_reports	dblog.access_denied		a:0:{}		O:48:"Drupal\\\\Core\\\\StringTranslation\\\\TranslatableMarkup":3:{s:9:"\\000*\\000string";s:26:"Top 'access denied' errors";s:12:"\\000*\\000arguments";a:0:{}s:10:"\\000*\\000options";a:0:{}}	O:48:"Drupal\\\\Core\\\\StringTranslation\\\\TranslatableMarkup":3:{s:9:"\\000*\\000string";s:35:"View 'access denied' errors (403s).";s:12:"\\000*\\000arguments";a:0:{}s:10:"\\000*\\000options";a:0:{}}	Drupal\\Core\\Menu\\MenuLinkDefault	a:0:{}	dblog	1	1	0	0	a:0:{}	0	3	3	39	599	0	0	0	0	0	0	Drupal\\Core\\Menu\\Form\\MenuLinkDefaultForm
admin	481	admin_toolbar_tools.extra_links:views_ui.redirect	entity.view.collection	entity.view.edit_form	view=redirect	a:1:{s:4:"view";s:8:"redirect";}		s:8:"Redirect";	s:0:"";	Drupal\\Core\\Menu\\MenuLinkDefault	a:0:{}	admin_toolbar_tools	1	1	0	0	a:0:{}	0	4	3	6	467	481	0	0	0	0	0	Drupal\\Core\\Menu\\Form\\MenuLinkDefaultForm
admin	396	admin_toolbar_tools.extra_links:entity.node.field_ui_fieldslanding_page_lb	admin_toolbar_tools.extra_links:entity.node_type.edit_form.landing_page_lb	entity.node.field_ui_fields	node_type=landing_page_lb	a:1:{s:9:"node_type";s:15:"landing_page_lb";}		O:48:"Drupal\\\\Core\\\\StringTranslation\\\\TranslatableMarkup":3:{s:9:"\\000*\\000string";s:13:"Manage fields";s:12:"\\000*\\000arguments";a:0:{}s:10:"\\000*\\000options";a:0:{}}	s:0:"";	Drupal\\Core\\Menu\\MenuLinkDefault	a:0:{}	admin_toolbar_tools	1	1	0	1	a:0:{}	0	5	3	6	9	395	396	0	0	0	0	Drupal\\Core\\Menu\\Form\\MenuLinkDefaultForm
admin	397	admin_toolbar_tools.extra_links:entity.entity_form_display.node.defaultlanding_page_lb	admin_toolbar_tools.extra_links:entity.node_type.edit_form.landing_page_lb	entity.entity_form_display.node.default	node_type=landing_page_lb	a:1:{s:9:"node_type";s:15:"landing_page_lb";}		O:48:"Drupal\\\\Core\\\\StringTranslation\\\\TranslatableMarkup":3:{s:9:"\\000*\\000string";s:19:"Manage form display";s:12:"\\000*\\000arguments";a:0:{}s:10:"\\000*\\000options";a:0:{}}	s:0:"";	Drupal\\Core\\Menu\\MenuLinkDefault	a:0:{}	admin_toolbar_tools	1	1	0	2	a:0:{}	0	5	3	6	9	395	397	0	0	0	0	Drupal\\Core\\Menu\\Form\\MenuLinkDefaultForm
admin	482	admin_toolbar_tools.extra_links:views_ui.redirect_404	entity.view.collection	entity.view.edit_form	view=redirect_404	a:1:{s:4:"view";s:12:"redirect_404";}		s:12:"Redirect 404";	s:0:"";	Drupal\\Core\\Menu\\MenuLinkDefault	a:0:{}	admin_toolbar_tools	1	1	0	0	a:0:{}	0	4	3	6	467	482	0	0	0	0	0	Drupal\\Core\\Menu\\Form\\MenuLinkDefaultForm
admin	398	admin_toolbar_tools.extra_links:entity.entity_view_display.node.default.landing_page_lb	admin_toolbar_tools.extra_links:entity.node_type.edit_form.landing_page_lb	entity.entity_view_display.node.default	node_type=landing_page_lb	a:1:{s:9:"node_type";s:15:"landing_page_lb";}		O:48:"Drupal\\\\Core\\\\StringTranslation\\\\TranslatableMarkup":3:{s:9:"\\000*\\000string";s:14:"Manage display";s:12:"\\000*\\000arguments";a:0:{}s:10:"\\000*\\000options";a:0:{}}	s:0:"";	Drupal\\Core\\Menu\\MenuLinkDefault	a:0:{}	admin_toolbar_tools	1	1	0	3	a:0:{}	0	5	3	6	9	395	398	0	0	0	0	Drupal\\Core\\Menu\\Form\\MenuLinkDefaultForm
admin	600	dblog.search	system.admin_reports	dblog.search		a:0:{}		O:48:"Drupal\\\\Core\\\\StringTranslation\\\\TranslatableMarkup":3:{s:9:"\\000*\\000string";s:18:"Top search phrases";s:12:"\\000*\\000arguments";a:0:{}s:10:"\\000*\\000options";a:0:{}}	O:48:"Drupal\\\\Core\\\\StringTranslation\\\\TranslatableMarkup":3:{s:9:"\\000*\\000string";s:33:"View most popular search phrases.";s:12:"\\000*\\000arguments";a:0:{}s:10:"\\000*\\000options";a:0:{}}	Drupal\\Core\\Menu\\MenuLinkDefault	a:0:{}		1	1	0	0	a:0:{}	0	3	3	39	600	0	0	0	0	0	0	Drupal\\Core\\Menu\\Form\\MenuLinkDefaultForm
admin	420	admin_toolbar_tools.extra_links:entity.entity_form_display.block_content.defaultvarbase_carousel_block	admin_toolbar_tools.extra_links:entity.block_content_type.edit_form.varbase_carousel_block	entity.entity_form_display.block_content.default	block_content_type=varbase_carousel_block	a:1:{s:18:"block_content_type";s:22:"varbase_carousel_block";}		O:48:"Drupal\\\\Core\\\\StringTranslation\\\\TranslatableMarkup":3:{s:9:"\\000*\\000string";s:19:"Manage form display";s:12:"\\000*\\000arguments";a:0:{}s:10:"\\000*\\000options";a:0:{}}	s:0:"";	Drupal\\Core\\Menu\\MenuLinkDefault	a:0:{}	admin_toolbar_tools	1	1	0	2	a:0:{}	0	5	3	6	8	418	420	0	0	0	0	Drupal\\Core\\Menu\\Form\\MenuLinkDefaultForm
admin	39	system.admin_reports	system.admin	system.admin_reports		a:0:{}		O:48:"Drupal\\\\Core\\\\StringTranslation\\\\TranslatableMarkup":3:{s:9:"\\000*\\000string";s:7:"Reports";s:12:"\\000*\\000arguments";a:0:{}s:10:"\\000*\\000options";a:0:{}}	O:48:"Drupal\\\\Core\\\\StringTranslation\\\\TranslatableMarkup":3:{s:9:"\\000*\\000string";s:34:"View reports, updates, and errors.";s:12:"\\000*\\000arguments";a:0:{}s:10:"\\000*\\000options";a:0:{}}	Drupal\\Core\\Menu\\MenuLinkDefault	a:0:{}	system	1	1	0	5	a:0:{}	1	2	3	39	0	0	0	0	0	0	0	Drupal\\Core\\Menu\\Form\\MenuLinkDefaultForm
admin	483	admin_toolbar_tools.extra_links:views_ui.scheduler_scheduled_content	entity.view.collection	entity.view.edit_form	view=scheduler_scheduled_content	a:1:{s:4:"view";s:27:"scheduler_scheduled_content";}		s:17:"Scheduled Content";	s:0:"";	Drupal\\Core\\Menu\\MenuLinkDefault	a:0:{}	admin_toolbar_tools	1	1	0	0	a:0:{}	0	4	3	6	467	483	0	0	0	0	0	Drupal\\Core\\Menu\\Form\\MenuLinkDefaultForm
admin	421	admin_toolbar_tools.extra_links:entity.entity_view_display.block_content.default.varbase_carousel_block	admin_toolbar_tools.extra_links:entity.block_content_type.edit_form.varbase_carousel_block	entity.entity_view_display.block_content.default	block_content_type=varbase_carousel_block	a:1:{s:18:"block_content_type";s:22:"varbase_carousel_block";}		O:48:"Drupal\\\\Core\\\\StringTranslation\\\\TranslatableMarkup":3:{s:9:"\\000*\\000string";s:14:"Manage display";s:12:"\\000*\\000arguments";a:0:{}s:10:"\\000*\\000options";a:0:{}}	s:0:"";	Drupal\\Core\\Menu\\MenuLinkDefault	a:0:{}	admin_toolbar_tools	1	1	0	3	a:0:{}	0	5	3	6	8	418	421	0	0	0	0	Drupal\\Core\\Menu\\Form\\MenuLinkDefaultForm
admin	614	admin_toolbar_tools.extra_links:entity.entity_view_display.node.default.new	admin_toolbar_tools.extra_links:entity.node_type.edit_form.new	entity.entity_view_display.node.default	node_type=new	a:1:{s:9:"node_type";s:3:"new";}		O:48:"Drupal\\\\Core\\\\StringTranslation\\\\TranslatableMarkup":3:{s:9:"\\000*\\000string";s:14:"Manage display";s:12:"\\000*\\000arguments";a:0:{}s:10:"\\000*\\000options";a:0:{}}	s:0:"";	Drupal\\Core\\Menu\\MenuLinkDefault	a:0:{}	admin_toolbar_tools	1	1	0	3	a:0:{}	0	5	3	6	9	611	614	0	0	0	0	Drupal\\Core\\Menu\\Form\\MenuLinkDefaultForm
admin	422	admin_toolbar_tools.extra_links:entity.entity_permissions_form.block_content.default.varbase_carousel_block	admin_toolbar_tools.extra_links:entity.block_content_type.edit_form.varbase_carousel_block	entity.block_content_type.entity_permissions_form	block_content_type=varbase_carousel_block	a:1:{s:18:"block_content_type";s:22:"varbase_carousel_block";}		O:48:"Drupal\\\\Core\\\\StringTranslation\\\\TranslatableMarkup":3:{s:9:"\\000*\\000string";s:18:"Manage permissions";s:12:"\\000*\\000arguments";a:0:{}s:10:"\\000*\\000options";a:0:{}}	s:0:"";	Drupal\\Core\\Menu\\MenuLinkDefault	a:0:{}	admin_toolbar_tools	1	1	0	3	a:0:{}	0	5	3	6	8	418	422	0	0	0	0	Drupal\\Core\\Menu\\Form\\MenuLinkDefaultForm
admin	484	admin_toolbar_tools.extra_links:views_ui.scheduler_scheduled_media	entity.view.collection	entity.view.edit_form	view=scheduler_scheduled_media	a:1:{s:4:"view";s:25:"scheduler_scheduled_media";}		s:15:"Scheduled Media";	s:0:"";	Drupal\\Core\\Menu\\MenuLinkDefault	a:0:{}	admin_toolbar_tools	1	1	0	0	a:0:{}	0	4	3	6	467	484	0	0	0	0	0	Drupal\\Core\\Menu\\Form\\MenuLinkDefaultForm
admin	423	admin_toolbar_tools.extra_links:entity.block_content_type.delete_form.varbase_carousel_block	admin_toolbar_tools.extra_links:entity.block_content_type.edit_form.varbase_carousel_block	entity.block_content_type.delete_form	block_content_type=varbase_carousel_block	a:1:{s:18:"block_content_type";s:22:"varbase_carousel_block";}		O:48:"Drupal\\\\Core\\\\StringTranslation\\\\TranslatableMarkup":3:{s:9:"\\000*\\000string";s:6:"Delete";s:12:"\\000*\\000arguments";a:0:{}s:10:"\\000*\\000options";a:0:{}}	s:0:"";	Drupal\\Core\\Menu\\MenuLinkDefault	a:0:{}	admin_toolbar_tools	1	1	0	5	a:0:{}	0	5	3	6	8	418	423	0	0	0	0	Drupal\\Core\\Menu\\Form\\MenuLinkDefaultForm
admin	418	admin_toolbar_tools.extra_links:entity.block_content_type.edit_form.varbase_carousel_block	entity.block_content_type.collection	entity.block_content_type.edit_form	block_content_type=varbase_carousel_block	a:1:{s:18:"block_content_type";s:22:"varbase_carousel_block";}		s:0:"";	s:0:"";	Drupal\\admin_toolbar_tools\\Plugin\\Menu\\MenuLinkEntity	a:0:{}	admin_toolbar_tools	1	1	0	0	a:2:{s:11:"entity_type";s:18:"block_content_type";s:9:"entity_id";s:22:"varbase_carousel_block";}	1	4	3	6	8	418	0	0	0	0	0	Drupal\\Core\\Menu\\Form\\MenuLinkDefaultForm
admin	485	admin_toolbar_tools.extra_links:views_ui.scheduler_scheduled_taxonomy_term	entity.view.collection	entity.view.edit_form	view=scheduler_scheduled_taxonomy_term	a:1:{s:4:"view";s:33:"scheduler_scheduled_taxonomy_term";}		s:24:"Scheduled Taxonomy Terms";	s:0:"";	Drupal\\Core\\Menu\\MenuLinkDefault	a:0:{}	admin_toolbar_tools	1	1	0	0	a:0:{}	0	4	3	6	467	485	0	0	0	0	0	Drupal\\Core\\Menu\\Form\\MenuLinkDefaultForm
admin	426	search_api.overview	system.admin_config_search	search_api.overview		a:0:{}		O:48:"Drupal\\\\Core\\\\StringTranslation\\\\TranslatableMarkup":3:{s:9:"\\000*\\000string";s:10:"Search API";s:12:"\\000*\\000arguments";a:0:{}s:10:"\\000*\\000options";a:0:{}}	O:48:"Drupal\\\\Core\\\\StringTranslation\\\\TranslatableMarkup":3:{s:9:"\\000*\\000string";s:48:"Create and configure search indexes and servers.";s:12:"\\000*\\000arguments";a:0:{}s:10:"\\000*\\000options";a:0:{}}	Drupal\\Core\\Menu\\MenuLinkDefault	a:0:{}	search_api	1	1	0	0	a:0:{}	0	4	3	12	28	426	0	0	0	0	0	Drupal\\Core\\Menu\\Form\\MenuLinkDefaultForm
admin	601	admin_toolbar_tools.extra_links:node.add.articles	admin_toolbar_tools.extra_links:node.add	node.add	node_type=articles	a:1:{s:9:"node_type";s:8:"articles";}		s:0:"";	s:0:"";	Drupal\\admin_toolbar_tools\\Plugin\\Menu\\MenuLinkEntity	a:0:{}	admin_toolbar_tools	1	1	0	0	a:2:{s:11:"entity_type";s:9:"node_type";s:9:"entity_id";s:8:"articles";}	0	4	3	5	99	601	0	0	0	0	0	Drupal\\Core\\Menu\\Form\\MenuLinkDefaultForm
admin	486	admin_toolbar_tools.extra_links:views_ui.section_library	entity.view.collection	entity.view.edit_form	view=section_library	a:1:{s:4:"view";s:15:"section_library";}		s:22:"Layout Builder Library";	s:0:"";	Drupal\\Core\\Menu\\MenuLinkDefault	a:0:{}	admin_toolbar_tools	1	1	0	0	a:0:{}	0	4	3	6	467	486	0	0	0	0	0	Drupal\\Core\\Menu\\Form\\MenuLinkDefaultForm
admin	564	admin_toolbar_tools.extra_links:entity.entity_form_display.taxonomy_term.defaultcourse_type	admin_toolbar_tools.extra_links:entity.taxonomy_vocabulary.overview_form.course_type	entity.entity_form_display.taxonomy_term.default	taxonomy_vocabulary=course_type	a:1:{s:19:"taxonomy_vocabulary";s:11:"course_type";}		O:48:"Drupal\\\\Core\\\\StringTranslation\\\\TranslatableMarkup":3:{s:9:"\\000*\\000string";s:19:"Manage form display";s:12:"\\000*\\000arguments";a:0:{}s:10:"\\000*\\000options";a:0:{}}	s:0:"";	Drupal\\Core\\Menu\\MenuLinkDefault	a:0:{}	admin_toolbar_tools	1	1	0	2	a:0:{}	0	5	3	6	49	561	564	0	0	0	0	Drupal\\Core\\Menu\\Form\\MenuLinkDefaultForm
admin	487	admin_toolbar_tools.extra_links:views_ui.taxonomy_term	entity.view.collection	entity.view.edit_form	view=taxonomy_term	a:1:{s:4:"view";s:13:"taxonomy_term";}		s:13:"Taxonomy term";	s:0:"";	Drupal\\Core\\Menu\\MenuLinkDefault	a:0:{}	admin_toolbar_tools	1	1	0	0	a:0:{}	0	4	3	6	467	487	0	0	0	0	0	Drupal\\Core\\Menu\\Form\\MenuLinkDefaultForm
admin	565	admin_toolbar_tools.extra_links:entity.entity_view_display.taxonomy_term.default.course_type	admin_toolbar_tools.extra_links:entity.taxonomy_vocabulary.overview_form.course_type	entity.entity_view_display.taxonomy_term.default	taxonomy_vocabulary=course_type	a:1:{s:19:"taxonomy_vocabulary";s:11:"course_type";}		O:48:"Drupal\\\\Core\\\\StringTranslation\\\\TranslatableMarkup":3:{s:9:"\\000*\\000string";s:14:"Manage display";s:12:"\\000*\\000arguments";a:0:{}s:10:"\\000*\\000options";a:0:{}}	s:0:"";	Drupal\\Core\\Menu\\MenuLinkDefault	a:0:{}	admin_toolbar_tools	1	1	0	3	a:0:{}	0	5	3	6	49	561	565	0	0	0	0	Drupal\\Core\\Menu\\Form\\MenuLinkDefaultForm
admin	488	admin_toolbar_tools.extra_links:views_ui.user_admin_people	entity.view.collection	entity.view.edit_form	view=user_admin_people	a:1:{s:4:"view";s:17:"user_admin_people";}		s:6:"People";	s:0:"";	Drupal\\Core\\Menu\\MenuLinkDefault	a:0:{}	admin_toolbar_tools	1	1	0	0	a:0:{}	0	4	3	6	467	488	0	0	0	0	0	Drupal\\Core\\Menu\\Form\\MenuLinkDefaultForm
admin	567	admin_toolbar_tools.extra_links:entity.taxonomy_vocabulary.delete_form.course_type	admin_toolbar_tools.extra_links:entity.taxonomy_vocabulary.overview_form.course_type	entity.taxonomy_vocabulary.delete_form	taxonomy_vocabulary=course_type	a:1:{s:19:"taxonomy_vocabulary";s:11:"course_type";}		O:48:"Drupal\\\\Core\\\\StringTranslation\\\\TranslatableMarkup":3:{s:9:"\\000*\\000string";s:6:"Delete";s:12:"\\000*\\000arguments";a:0:{}s:10:"\\000*\\000options";a:0:{}}	s:0:"";	Drupal\\Core\\Menu\\MenuLinkDefault	a:0:{}	admin_toolbar_tools	1	1	0	5	a:0:{}	0	5	3	6	49	561	567	0	0	0	0	Drupal\\Core\\Menu\\Form\\MenuLinkDefaultForm
admin	489	admin_toolbar_tools.extra_links:views_ui.varbase_blog	entity.view.collection	entity.view.edit_form	view=varbase_blog	a:1:{s:4:"view";s:12:"varbase_blog";}		s:12:"Varbase Blog";	s:0:"";	Drupal\\Core\\Menu\\MenuLinkDefault	a:0:{}	admin_toolbar_tools	1	1	0	0	a:0:{}	0	4	3	6	467	489	0	0	0	0	0	Drupal\\Core\\Menu\\Form\\MenuLinkDefaultForm
admin	566	admin_toolbar_tools.extra_links:entity.entity_permissions_form.taxonomy_term.default.course_type	admin_toolbar_tools.extra_links:entity.taxonomy_vocabulary.overview_form.course_type	entity.taxonomy_vocabulary.entity_permissions_form	taxonomy_vocabulary=course_type	a:1:{s:19:"taxonomy_vocabulary";s:11:"course_type";}		O:48:"Drupal\\\\Core\\\\StringTranslation\\\\TranslatableMarkup":3:{s:9:"\\000*\\000string";s:18:"Manage permissions";s:12:"\\000*\\000arguments";a:0:{}s:10:"\\000*\\000options";a:0:{}}	s:0:"";	Drupal\\Core\\Menu\\MenuLinkDefault	a:0:{}	admin_toolbar_tools	1	1	0	3	a:0:{}	0	5	3	6	49	561	566	0	0	0	0	Drupal\\Core\\Menu\\Form\\MenuLinkDefaultForm
admin	490	admin_toolbar_tools.extra_links:views_ui.varbase_dashboards_content	entity.view.collection	entity.view.edit_form	view=varbase_dashboards_content	a:1:{s:4:"view";s:26:"varbase_dashboards_content";}		s:26:"Varbase Dashboards Content";	s:0:"";	Drupal\\Core\\Menu\\MenuLinkDefault	a:0:{}	admin_toolbar_tools	1	1	0	0	a:0:{}	0	4	3	6	467	490	0	0	0	0	0	Drupal\\Core\\Menu\\Form\\MenuLinkDefaultForm
admin	561	admin_toolbar_tools.extra_links:entity.taxonomy_vocabulary.overview_form.course_type	entity.taxonomy_vocabulary.collection	entity.taxonomy_vocabulary.overview_form	taxonomy_vocabulary=course_type	a:1:{s:19:"taxonomy_vocabulary";s:11:"course_type";}		s:0:"";	s:0:"";	Drupal\\admin_toolbar_tools\\Plugin\\Menu\\MenuLinkEntity	a:0:{}	admin_toolbar_tools	1	1	0	0	a:2:{s:11:"entity_type";s:19:"taxonomy_vocabulary";s:9:"entity_id";s:11:"course_type";}	1	4	3	6	49	561	0	0	0	0	0	Drupal\\Core\\Menu\\Form\\MenuLinkDefaultForm
admin	571	fontawesome.admin_settings	system.admin_config_content	fontawesome.admin_settings		a:0:{}		O:48:"Drupal\\\\Core\\\\StringTranslation\\\\TranslatableMarkup":3:{s:9:"\\000*\\000string";s:21:"Font Awesome Settings";s:12:"\\000*\\000arguments";a:0:{}s:10:"\\000*\\000options";a:0:{}}	O:48:"Drupal\\\\Core\\\\StringTranslation\\\\TranslatableMarkup":3:{s:9:"\\000*\\000string";s:54:"Global settings for the display of Font Awesome icons.";s:12:"\\000*\\000arguments";a:0:{}s:10:"\\000*\\000options";a:0:{}}	Drupal\\Core\\Menu\\MenuLinkDefault	a:0:{}	fontawesome	1	1	0	0	a:0:{}	0	4	3	12	35	571	0	0	0	0	0	Drupal\\Core\\Menu\\Form\\MenuLinkDefaultForm
admin	429	admin_toolbar_tools.extra_links:entity.node.field_ui_fieldsvarbase_blog	admin_toolbar_tools.extra_links:entity.node_type.edit_form.varbase_blog	entity.node.field_ui_fields	node_type=varbase_blog	a:1:{s:9:"node_type";s:12:"varbase_blog";}		O:48:"Drupal\\\\Core\\\\StringTranslation\\\\TranslatableMarkup":3:{s:9:"\\000*\\000string";s:13:"Manage fields";s:12:"\\000*\\000arguments";a:0:{}s:10:"\\000*\\000options";a:0:{}}	s:0:"";	Drupal\\Core\\Menu\\MenuLinkDefault	a:0:{}	admin_toolbar_tools	1	1	0	1	a:0:{}	0	5	3	6	9	428	429	0	0	0	0	Drupal\\Core\\Menu\\Form\\MenuLinkDefaultForm
admin	491	admin_toolbar_tools.extra_links:views_ui.varbase_dashboards_content_in_draft	entity.view.collection	entity.view.edit_form	view=varbase_dashboards_content_in_draft	a:1:{s:4:"view";s:35:"varbase_dashboards_content_in_draft";}		s:35:"Varbase Dashboards Content In Draft";	s:0:"";	Drupal\\Core\\Menu\\MenuLinkDefault	a:0:{}	admin_toolbar_tools	1	1	0	0	a:0:{}	0	4	3	6	467	491	0	0	0	0	0	Drupal\\Core\\Menu\\Form\\MenuLinkDefaultForm
admin	430	admin_toolbar_tools.extra_links:entity.entity_form_display.node.defaultvarbase_blog	admin_toolbar_tools.extra_links:entity.node_type.edit_form.varbase_blog	entity.entity_form_display.node.default	node_type=varbase_blog	a:1:{s:9:"node_type";s:12:"varbase_blog";}		O:48:"Drupal\\\\Core\\\\StringTranslation\\\\TranslatableMarkup":3:{s:9:"\\000*\\000string";s:19:"Manage form display";s:12:"\\000*\\000arguments";a:0:{}s:10:"\\000*\\000options";a:0:{}}	s:0:"";	Drupal\\Core\\Menu\\MenuLinkDefault	a:0:{}	admin_toolbar_tools	1	1	0	2	a:0:{}	0	5	3	6	9	428	430	0	0	0	0	Drupal\\Core\\Menu\\Form\\MenuLinkDefaultForm
admin	431	admin_toolbar_tools.extra_links:entity.entity_view_display.node.default.varbase_blog	admin_toolbar_tools.extra_links:entity.node_type.edit_form.varbase_blog	entity.entity_view_display.node.default	node_type=varbase_blog	a:1:{s:9:"node_type";s:12:"varbase_blog";}		O:48:"Drupal\\\\Core\\\\StringTranslation\\\\TranslatableMarkup":3:{s:9:"\\000*\\000string";s:14:"Manage display";s:12:"\\000*\\000arguments";a:0:{}s:10:"\\000*\\000options";a:0:{}}	s:0:"";	Drupal\\Core\\Menu\\MenuLinkDefault	a:0:{}	admin_toolbar_tools	1	1	0	3	a:0:{}	0	5	3	6	9	428	431	0	0	0	0	Drupal\\Core\\Menu\\Form\\MenuLinkDefaultForm
admin	432	admin_toolbar_tools.extra_links:entity.entity_permissions_form.node.default.varbase_blog	admin_toolbar_tools.extra_links:entity.node_type.edit_form.varbase_blog	entity.node_type.entity_permissions_form	node_type=varbase_blog	a:1:{s:9:"node_type";s:12:"varbase_blog";}		O:48:"Drupal\\\\Core\\\\StringTranslation\\\\TranslatableMarkup":3:{s:9:"\\000*\\000string";s:18:"Manage permissions";s:12:"\\000*\\000arguments";a:0:{}s:10:"\\000*\\000options";a:0:{}}	s:0:"";	Drupal\\Core\\Menu\\MenuLinkDefault	a:0:{}	admin_toolbar_tools	1	1	0	3	a:0:{}	0	5	3	6	9	428	432	0	0	0	0	Drupal\\Core\\Menu\\Form\\MenuLinkDefaultForm
admin	433	admin_toolbar_tools.extra_links:entity.node_type.delete_form.varbase_blog	admin_toolbar_tools.extra_links:entity.node_type.edit_form.varbase_blog	entity.node_type.delete_form	node_type=varbase_blog	a:1:{s:9:"node_type";s:12:"varbase_blog";}		O:48:"Drupal\\\\Core\\\\StringTranslation\\\\TranslatableMarkup":3:{s:9:"\\000*\\000string";s:6:"Delete";s:12:"\\000*\\000arguments";a:0:{}s:10:"\\000*\\000options";a:0:{}}	s:0:"";	Drupal\\Core\\Menu\\MenuLinkDefault	a:0:{}	admin_toolbar_tools	1	1	0	5	a:0:{}	0	5	3	6	9	428	433	0	0	0	0	Drupal\\Core\\Menu\\Form\\MenuLinkDefaultForm
admin	428	admin_toolbar_tools.extra_links:entity.node_type.edit_form.varbase_blog	entity.node_type.collection	entity.node_type.edit_form	node_type=varbase_blog	a:1:{s:9:"node_type";s:12:"varbase_blog";}		s:0:"";	s:0:"";	Drupal\\admin_toolbar_tools\\Plugin\\Menu\\MenuLinkEntity	a:0:{}	admin_toolbar_tools	1	1	0	0	a:2:{s:11:"entity_type";s:9:"node_type";s:9:"entity_id";s:12:"varbase_blog";}	1	4	3	6	9	428	0	0	0	0	0	Drupal\\Core\\Menu\\Form\\MenuLinkDefaultForm
admin	434	entity.taxonomy_menu.collection	system.admin_structure	entity.taxonomy_menu.collection		a:0:{}		O:48:"Drupal\\\\Core\\\\StringTranslation\\\\TranslatableMarkup":3:{s:9:"\\000*\\000string";s:13:"Taxonomy Menu";s:12:"\\000*\\000arguments";a:0:{}s:10:"\\000*\\000options";a:0:{}}	O:48:"Drupal\\\\Core\\\\StringTranslation\\\\TranslatableMarkup":3:{s:9:"\\000*\\000string";s:19:"List Taxonomy Menus";s:12:"\\000*\\000arguments";a:0:{}s:10:"\\000*\\000options";a:0:{}}	Drupal\\Core\\Menu\\MenuLinkDefault	a:0:{}	taxonomy_menu	1	1	0	0	a:0:{}	0	3	3	6	434	0	0	0	0	0	0	Drupal\\Core\\Menu\\Form\\MenuLinkDefaultForm
admin	436	admin_toolbar_tools.extra_links:entity.menu.add_link_form.blog-menu	admin_toolbar_tools.extra_links:entity.menu.edit_form.blog-menu	entity.menu.add_link_form	menu=blog-menu	a:1:{s:4:"menu";s:9:"blog-menu";}		O:48:"Drupal\\\\Core\\\\StringTranslation\\\\TranslatableMarkup":3:{s:9:"\\000*\\000string";s:8:"Add link";s:12:"\\000*\\000arguments";a:0:{}s:10:"\\000*\\000options";a:0:{}}	s:0:"";	Drupal\\Core\\Menu\\MenuLinkDefault	a:0:{}	admin_toolbar_tools	1	1	0	0	a:0:{}	0	5	3	6	48	435	436	0	0	0	0	Drupal\\Core\\Menu\\Form\\MenuLinkDefaultForm
admin	437	admin_toolbar_tools.extra_links:entity.menu.delete_form.blog-menu	admin_toolbar_tools.extra_links:entity.menu.edit_form.blog-menu	entity.menu.delete_form	menu=blog-menu	a:1:{s:4:"menu";s:9:"blog-menu";}		O:48:"Drupal\\\\Core\\\\StringTranslation\\\\TranslatableMarkup":3:{s:9:"\\000*\\000string";s:6:"Delete";s:12:"\\000*\\000arguments";a:0:{}s:10:"\\000*\\000options";a:0:{}}	s:0:"";	Drupal\\Core\\Menu\\MenuLinkDefault	a:0:{}	admin_toolbar_tools	1	1	0	0	a:0:{}	0	5	3	6	48	435	437	0	0	0	0	Drupal\\Core\\Menu\\Form\\MenuLinkDefaultForm
admin	435	admin_toolbar_tools.extra_links:entity.menu.edit_form.blog-menu	entity.menu.collection	entity.menu.edit_form	menu=blog-menu	a:1:{s:4:"menu";s:9:"blog-menu";}		s:0:"";	s:0:"";	Drupal\\admin_toolbar_tools\\Plugin\\Menu\\MenuLinkEntity	a:0:{}	admin_toolbar_tools	1	1	0	1	a:2:{s:11:"entity_type";s:4:"menu";s:9:"entity_id";s:9:"blog-menu";}	1	4	3	6	48	435	0	0	0	0	0	Drupal\\Core\\Menu\\Form\\MenuLinkDefaultForm
admin	439	admin_toolbar_tools.extra_links:entity.taxonomy_vocabulary.edit_form.blog_categories	admin_toolbar_tools.extra_links:entity.taxonomy_vocabulary.overview_form.blog_categories	entity.taxonomy_vocabulary.edit_form	taxonomy_vocabulary=blog_categories	a:1:{s:19:"taxonomy_vocabulary";s:15:"blog_categories";}		O:48:"Drupal\\\\Core\\\\StringTranslation\\\\TranslatableMarkup":3:{s:9:"\\000*\\000string";s:4:"Edit";s:12:"\\000*\\000arguments";a:0:{}s:10:"\\000*\\000options";a:0:{}}	s:0:"";	Drupal\\Core\\Menu\\MenuLinkDefault	a:0:{}	admin_toolbar_tools	1	1	0	0	a:0:{}	0	5	3	6	49	438	439	0	0	0	0	Drupal\\Core\\Menu\\Form\\MenuLinkDefaultForm
admin	543	admin_toolbar_tools.extra_links:block_content.add.footer_bottom	admin_toolbar_tools.extra_links:add_block	block_content.add_form	block_content_type=footer_bottom	a:1:{s:18:"block_content_type";s:13:"footer_bottom";}		s:0:"";	s:0:"";	Drupal\\admin_toolbar_tools\\Plugin\\Menu\\MenuLinkEntity	a:0:{}	admin_toolbar_tools	1	1	0	0	a:2:{s:11:"entity_type";s:18:"block_content_type";s:9:"entity_id";s:13:"footer_bottom";}	0	5	3	5	100	101	543	0	0	0	0	Drupal\\Core\\Menu\\Form\\MenuLinkDefaultForm
admin	440	admin_toolbar_tools.extra_links:entity.taxonomy_term.field_ui_fieldsblog_categories	admin_toolbar_tools.extra_links:entity.taxonomy_vocabulary.overview_form.blog_categories	entity.taxonomy_term.field_ui_fields	taxonomy_vocabulary=blog_categories	a:1:{s:19:"taxonomy_vocabulary";s:15:"blog_categories";}		O:48:"Drupal\\\\Core\\\\StringTranslation\\\\TranslatableMarkup":3:{s:9:"\\000*\\000string";s:13:"Manage fields";s:12:"\\000*\\000arguments";a:0:{}s:10:"\\000*\\000options";a:0:{}}	s:0:"";	Drupal\\Core\\Menu\\MenuLinkDefault	a:0:{}	admin_toolbar_tools	1	1	0	1	a:0:{}	0	5	3	6	49	438	440	0	0	0	0	Drupal\\Core\\Menu\\Form\\MenuLinkDefaultForm
admin	438	admin_toolbar_tools.extra_links:entity.taxonomy_vocabulary.overview_form.blog_categories	entity.taxonomy_vocabulary.collection	entity.taxonomy_vocabulary.overview_form	taxonomy_vocabulary=blog_categories	a:1:{s:19:"taxonomy_vocabulary";s:15:"blog_categories";}		s:0:"";	s:0:"";	Drupal\\admin_toolbar_tools\\Plugin\\Menu\\MenuLinkEntity	a:0:{}	admin_toolbar_tools	1	1	0	0	a:2:{s:11:"entity_type";s:19:"taxonomy_vocabulary";s:9:"entity_id";s:15:"blog_categories";}	1	4	3	6	49	438	0	0	0	0	0	Drupal\\Core\\Menu\\Form\\MenuLinkDefaultForm
admin	492	admin_toolbar_tools.extra_links:views_ui.varbase_dashboards_recent_changes	entity.view.collection	entity.view.edit_form	view=varbase_dashboards_recent_changes	a:1:{s:4:"view";s:33:"varbase_dashboards_recent_changes";}		s:33:"Varbase Dashboards Recent Changes";	s:0:"";	Drupal\\Core\\Menu\\MenuLinkDefault	a:0:{}	admin_toolbar_tools	1	1	0	0	a:0:{}	0	4	3	6	467	492	0	0	0	0	0	Drupal\\Core\\Menu\\Form\\MenuLinkDefaultForm
admin	441	admin_toolbar_tools.extra_links:entity.entity_form_display.taxonomy_term.defaultblog_categories	admin_toolbar_tools.extra_links:entity.taxonomy_vocabulary.overview_form.blog_categories	entity.entity_form_display.taxonomy_term.default	taxonomy_vocabulary=blog_categories	a:1:{s:19:"taxonomy_vocabulary";s:15:"blog_categories";}		O:48:"Drupal\\\\Core\\\\StringTranslation\\\\TranslatableMarkup":3:{s:9:"\\000*\\000string";s:19:"Manage form display";s:12:"\\000*\\000arguments";a:0:{}s:10:"\\000*\\000options";a:0:{}}	s:0:"";	Drupal\\Core\\Menu\\MenuLinkDefault	a:0:{}	admin_toolbar_tools	1	1	0	2	a:0:{}	0	5	3	6	49	438	441	0	0	0	0	Drupal\\Core\\Menu\\Form\\MenuLinkDefaultForm
admin	101	admin_toolbar_tools.extra_links:add_block	admin_toolbar_tools.extra_links:block_content_page	block_content.add_page		a:0:{}		O:48:"Drupal\\\\Core\\\\StringTranslation\\\\TranslatableMarkup":3:{s:9:"\\000*\\000string";s:17:"Add content block";s:12:"\\000*\\000arguments";a:0:{}s:10:"\\000*\\000options";a:0:{}}	s:0:"";	Drupal\\Core\\Menu\\MenuLinkDefault	a:0:{}	admin_toolbar_tools	1	1	0	0	a:0:{}	1	4	3	5	100	101	0	0	0	0	0	Drupal\\Core\\Menu\\Form\\MenuLinkDefaultForm
admin	442	admin_toolbar_tools.extra_links:entity.entity_view_display.taxonomy_term.default.blog_categories	admin_toolbar_tools.extra_links:entity.taxonomy_vocabulary.overview_form.blog_categories	entity.entity_view_display.taxonomy_term.default	taxonomy_vocabulary=blog_categories	a:1:{s:19:"taxonomy_vocabulary";s:15:"blog_categories";}		O:48:"Drupal\\\\Core\\\\StringTranslation\\\\TranslatableMarkup":3:{s:9:"\\000*\\000string";s:14:"Manage display";s:12:"\\000*\\000arguments";a:0:{}s:10:"\\000*\\000options";a:0:{}}	s:0:"";	Drupal\\Core\\Menu\\MenuLinkDefault	a:0:{}	admin_toolbar_tools	1	1	0	3	a:0:{}	0	5	3	6	49	438	442	0	0	0	0	Drupal\\Core\\Menu\\Form\\MenuLinkDefaultForm
admin	493	admin_toolbar_tools.extra_links:views_ui.varbase_dashboards_recently_created	entity.view.collection	entity.view.edit_form	view=varbase_dashboards_recently_created	a:1:{s:4:"view";s:35:"varbase_dashboards_recently_created";}		s:35:"Varbase Dashboards Recently Created";	s:0:"";	Drupal\\Core\\Menu\\MenuLinkDefault	a:0:{}	admin_toolbar_tools	1	1	0	0	a:0:{}	0	4	3	6	467	493	0	0	0	0	0	Drupal\\Core\\Menu\\Form\\MenuLinkDefaultForm
admin	443	admin_toolbar_tools.extra_links:entity.entity_permissions_form.taxonomy_term.default.blog_categories	admin_toolbar_tools.extra_links:entity.taxonomy_vocabulary.overview_form.blog_categories	entity.taxonomy_vocabulary.entity_permissions_form	taxonomy_vocabulary=blog_categories	a:1:{s:19:"taxonomy_vocabulary";s:15:"blog_categories";}		O:48:"Drupal\\\\Core\\\\StringTranslation\\\\TranslatableMarkup":3:{s:9:"\\000*\\000string";s:18:"Manage permissions";s:12:"\\000*\\000arguments";a:0:{}s:10:"\\000*\\000options";a:0:{}}	s:0:"";	Drupal\\Core\\Menu\\MenuLinkDefault	a:0:{}	admin_toolbar_tools	1	1	0	3	a:0:{}	0	5	3	6	49	438	443	0	0	0	0	Drupal\\Core\\Menu\\Form\\MenuLinkDefaultForm
admin	494	admin_toolbar_tools.extra_links:views_ui.varbase_dashboards_terms	entity.view.collection	entity.view.edit_form	view=varbase_dashboards_terms	a:1:{s:4:"view";s:24:"varbase_dashboards_terms";}		s:31:"Varbase Dashboards Terms (Term)";	s:0:"";	Drupal\\Core\\Menu\\MenuLinkDefault	a:0:{}	admin_toolbar_tools	1	1	0	0	a:0:{}	0	4	3	6	467	494	0	0	0	0	0	Drupal\\Core\\Menu\\Form\\MenuLinkDefaultForm
admin	444	admin_toolbar_tools.extra_links:entity.taxonomy_vocabulary.delete_form.blog_categories	admin_toolbar_tools.extra_links:entity.taxonomy_vocabulary.overview_form.blog_categories	entity.taxonomy_vocabulary.delete_form	taxonomy_vocabulary=blog_categories	a:1:{s:19:"taxonomy_vocabulary";s:15:"blog_categories";}		O:48:"Drupal\\\\Core\\\\StringTranslation\\\\TranslatableMarkup":3:{s:9:"\\000*\\000string";s:6:"Delete";s:12:"\\000*\\000arguments";a:0:{}s:10:"\\000*\\000options";a:0:{}}	s:0:"";	Drupal\\Core\\Menu\\MenuLinkDefault	a:0:{}	admin_toolbar_tools	1	1	0	5	a:0:{}	0	5	3	6	49	438	444	0	0	0	0	Drupal\\Core\\Menu\\Form\\MenuLinkDefaultForm
admin	544	admin_toolbar_tools.extra_links:entity.block_content_type.edit_form.footer_bottom	entity.block_content_type.collection	entity.block_content_type.edit_form	block_content_type=footer_bottom	a:1:{s:18:"block_content_type";s:13:"footer_bottom";}		s:0:"";	s:0:"";	Drupal\\admin_toolbar_tools\\Plugin\\Menu\\MenuLinkEntity	a:0:{}	admin_toolbar_tools	1	1	0	0	a:2:{s:11:"entity_type";s:18:"block_content_type";s:9:"entity_id";s:13:"footer_bottom";}	1	4	3	6	8	544	0	0	0	0	0	Drupal\\Core\\Menu\\Form\\MenuLinkDefaultForm
admin	603	admin_toolbar_tools.extra_links:entity.node.field_ui_fieldsarticles	admin_toolbar_tools.extra_links:entity.node_type.edit_form.articles	entity.node.field_ui_fields	node_type=articles	a:1:{s:9:"node_type";s:8:"articles";}		O:48:"Drupal\\\\Core\\\\StringTranslation\\\\TranslatableMarkup":3:{s:9:"\\000*\\000string";s:13:"Manage fields";s:12:"\\000*\\000arguments";a:0:{}s:10:"\\000*\\000options";a:0:{}}	s:0:"";	Drupal\\Core\\Menu\\MenuLinkDefault	a:0:{}	admin_toolbar_tools	1	1	0	1	a:0:{}	0	5	3	6	9	602	603	0	0	0	0	Drupal\\Core\\Menu\\Form\\MenuLinkDefaultForm
admin	496	admin_toolbar_tools.extra_links:views_ui.varbase_heroslider	entity.view.collection	entity.view.edit_form	view=varbase_heroslider	a:1:{s:4:"view";s:18:"varbase_heroslider";}		s:11:"Hero Slider";	s:0:"";	Drupal\\Core\\Menu\\MenuLinkDefault	a:0:{}	admin_toolbar_tools	1	1	0	0	a:0:{}	0	4	3	6	467	496	0	0	0	0	0	Drupal\\Core\\Menu\\Form\\MenuLinkDefaultForm
admin	547	admin_toolbar_tools.extra_links:entity.entity_view_display.block_content.default.footer_bottom	admin_toolbar_tools.extra_links:entity.block_content_type.edit_form.footer_bottom	entity.entity_view_display.block_content.default	block_content_type=footer_bottom	a:1:{s:18:"block_content_type";s:13:"footer_bottom";}		O:48:"Drupal\\\\Core\\\\StringTranslation\\\\TranslatableMarkup":3:{s:9:"\\000*\\000string";s:14:"Manage display";s:12:"\\000*\\000arguments";a:0:{}s:10:"\\000*\\000options";a:0:{}}	s:0:"";	Drupal\\Core\\Menu\\MenuLinkDefault	a:0:{}	admin_toolbar_tools	1	1	0	3	a:0:{}	0	5	3	6	8	544	547	0	0	0	0	Drupal\\Core\\Menu\\Form\\MenuLinkDefaultForm
admin	497	admin_toolbar_tools.extra_links:views_ui.webform_submissions	entity.view.collection	entity.view.edit_form	view=webform_submissions	a:1:{s:4:"view";s:19:"webform_submissions";}		s:19:"Webform submissions";	s:0:"";	Drupal\\Core\\Menu\\MenuLinkDefault	a:0:{}	admin_toolbar_tools	1	1	0	0	a:0:{}	0	4	3	6	467	497	0	0	0	0	0	Drupal\\Core\\Menu\\Form\\MenuLinkDefaultForm
admin	8	entity.block_content_type.collection	system.admin_structure	entity.block_content_type.collection		a:0:{}		O:48:"Drupal\\\\Core\\\\StringTranslation\\\\TranslatableMarkup":3:{s:9:"\\000*\\000string";s:11:"Block types";s:12:"\\000*\\000arguments";a:0:{}s:10:"\\000*\\000options";a:0:{}}	O:48:"Drupal\\\\Core\\\\StringTranslation\\\\TranslatableMarkup":3:{s:9:"\\000*\\000string";s:78:"Create and manage fields, forms, and display settings for your content blocks.";s:12:"\\000*\\000arguments";a:0:{}s:10:"\\000*\\000options";a:0:{}}	Drupal\\Core\\Menu\\MenuLinkDefault	a:0:{}	block_content	1	1	0	0	a:0:{}	1	3	3	6	8	0	0	0	0	0	0	Drupal\\Core\\Menu\\Form\\MenuLinkDefaultForm
admin	545	admin_toolbar_tools.extra_links:entity.block_content.field_ui_fieldsfooter_bottom	admin_toolbar_tools.extra_links:entity.block_content_type.edit_form.footer_bottom	entity.block_content.field_ui_fields	block_content_type=footer_bottom	a:1:{s:18:"block_content_type";s:13:"footer_bottom";}		O:48:"Drupal\\\\Core\\\\StringTranslation\\\\TranslatableMarkup":3:{s:9:"\\000*\\000string";s:13:"Manage fields";s:12:"\\000*\\000arguments";a:0:{}s:10:"\\000*\\000options";a:0:{}}	s:0:"";	Drupal\\Core\\Menu\\MenuLinkDefault	a:0:{}	admin_toolbar_tools	1	1	0	1	a:0:{}	0	5	3	6	8	544	545	0	0	0	0	Drupal\\Core\\Menu\\Form\\MenuLinkDefaultForm
admin	499	admin_toolbar_tools.extra_links:views_ui.who_s_online	entity.view.collection	entity.view.edit_form	view=who_s_online	a:1:{s:4:"view";s:12:"who_s_online";}		s:18:"Who's online block";	s:0:"";	Drupal\\Core\\Menu\\MenuLinkDefault	a:0:{}	admin_toolbar_tools	1	1	0	0	a:0:{}	0	4	3	6	467	499	0	0	0	0	0	Drupal\\Core\\Menu\\Form\\MenuLinkDefaultForm
admin	546	admin_toolbar_tools.extra_links:entity.entity_form_display.block_content.defaultfooter_bottom	admin_toolbar_tools.extra_links:entity.block_content_type.edit_form.footer_bottom	entity.entity_form_display.block_content.default	block_content_type=footer_bottom	a:1:{s:18:"block_content_type";s:13:"footer_bottom";}		O:48:"Drupal\\\\Core\\\\StringTranslation\\\\TranslatableMarkup":3:{s:9:"\\000*\\000string";s:19:"Manage form display";s:12:"\\000*\\000arguments";a:0:{}s:10:"\\000*\\000options";a:0:{}}	s:0:"";	Drupal\\Core\\Menu\\MenuLinkDefault	a:0:{}	admin_toolbar_tools	1	1	0	2	a:0:{}	0	5	3	6	8	544	546	0	0	0	0	Drupal\\Core\\Menu\\Form\\MenuLinkDefaultForm
admin	500	admin_toolbar_tools.extra_links:views_ui.field_list	entity.field_storage_config.collection	views_ui.reports_fields		a:0:{}		O:48:"Drupal\\\\Core\\\\StringTranslation\\\\TranslatableMarkup":3:{s:9:"\\000*\\000string";s:13:"Used in views";s:12:"\\000*\\000arguments";a:0:{}s:10:"\\000*\\000options";a:0:{}}	s:0:"";	Drupal\\Core\\Menu\\MenuLinkDefault	a:0:{}	admin_toolbar_tools	1	1	0	0	a:0:{}	0	4	3	39	66	500	0	0	0	0	0	Drupal\\Core\\Menu\\Form\\MenuLinkDefaultForm
admin	548	admin_toolbar_tools.extra_links:entity.entity_permissions_form.block_content.default.footer_bottom	admin_toolbar_tools.extra_links:entity.block_content_type.edit_form.footer_bottom	entity.block_content_type.entity_permissions_form	block_content_type=footer_bottom	a:1:{s:18:"block_content_type";s:13:"footer_bottom";}		O:48:"Drupal\\\\Core\\\\StringTranslation\\\\TranslatableMarkup":3:{s:9:"\\000*\\000string";s:18:"Manage permissions";s:12:"\\000*\\000arguments";a:0:{}s:10:"\\000*\\000options";a:0:{}}	s:0:"";	Drupal\\Core\\Menu\\MenuLinkDefault	a:0:{}	admin_toolbar_tools	1	1	0	3	a:0:{}	0	5	3	6	8	544	548	0	0	0	0	Drupal\\Core\\Menu\\Form\\MenuLinkDefaultForm
admin	501	views_ui.reports_plugins	system.admin_reports	views_ui.reports_plugins		a:0:{}		O:48:"Drupal\\\\Core\\\\StringTranslation\\\\TranslatableMarkup":3:{s:9:"\\000*\\000string";s:13:"Views plugins";s:12:"\\000*\\000arguments";a:0:{}s:10:"\\000*\\000options";a:0:{}}	O:48:"Drupal\\\\Core\\\\StringTranslation\\\\TranslatableMarkup":3:{s:9:"\\000*\\000string";s:38:"Overview of plugins used in all views.";s:12:"\\000*\\000arguments";a:0:{}s:10:"\\000*\\000options";a:0:{}}	Drupal\\Core\\Menu\\MenuLinkDefault	a:0:{}	views_ui	1	1	0	0	a:0:{}	0	3	3	39	501	0	0	0	0	0	0	Drupal\\Core\\Menu\\Form\\MenuLinkDefaultForm
admin	549	admin_toolbar_tools.extra_links:entity.block_content_type.delete_form.footer_bottom	admin_toolbar_tools.extra_links:entity.block_content_type.edit_form.footer_bottom	entity.block_content_type.delete_form	block_content_type=footer_bottom	a:1:{s:18:"block_content_type";s:13:"footer_bottom";}		O:48:"Drupal\\\\Core\\\\StringTranslation\\\\TranslatableMarkup":3:{s:9:"\\000*\\000string";s:6:"Delete";s:12:"\\000*\\000arguments";a:0:{}s:10:"\\000*\\000options";a:0:{}}	s:0:"";	Drupal\\Core\\Menu\\MenuLinkDefault	a:0:{}	admin_toolbar_tools	1	1	0	5	a:0:{}	0	5	3	6	8	544	549	0	0	0	0	Drupal\\Core\\Menu\\Form\\MenuLinkDefaultForm
admin	550	admin_toolbar_tools.extra_links:views_ui.slide_courses	entity.view.collection	entity.view.edit_form	view=slide_courses	a:1:{s:4:"view";s:13:"slide_courses";}		s:13:"Slide courses";	s:0:"";	Drupal\\Core\\Menu\\MenuLinkDefault	a:0:{}	admin_toolbar_tools	1	1	0	0	a:0:{}	0	4	3	6	467	550	0	0	0	0	0	Drupal\\Core\\Menu\\Form\\MenuLinkDefaultForm
main	570	menu_link_content:e040398a-7a57-4c69-8d1b-7814c23daa1b		\N		a:0:{}	https://line.me/ti/p/~omka	s:4:"LINE";	\N	Drupal\\menu_link_content\\Plugin\\Menu\\MenuLinkContent	a:6:{s:10:"attributes";a:1:{s:5:"class";a:1:{i:0;s:0:"";}}s:7:"fa_icon";s:17:"fa-brands fa-line";s:14:"fa_icon_prefix";s:8:"fa-solid";s:11:"fa_icon_tag";s:1:"i";s:18:"fa_icon_appearance";s:6:"before";s:8:"external";b:1;}	menu_link_content	1	0	0	-44	a:1:{s:9:"entity_id";s:2:"15";}	0	1	570	0	0	0	0	0	0	0	0	\\Drupal\\menu_link_content\\Form\\MenuLinkContentForm
admin	604	admin_toolbar_tools.extra_links:entity.entity_form_display.node.defaultarticles	admin_toolbar_tools.extra_links:entity.node_type.edit_form.articles	entity.entity_form_display.node.default	node_type=articles	a:1:{s:9:"node_type";s:8:"articles";}		O:48:"Drupal\\\\Core\\\\StringTranslation\\\\TranslatableMarkup":3:{s:9:"\\000*\\000string";s:19:"Manage form display";s:12:"\\000*\\000arguments";a:0:{}s:10:"\\000*\\000options";a:0:{}}	s:0:"";	Drupal\\Core\\Menu\\MenuLinkDefault	a:0:{}	admin_toolbar_tools	1	1	0	2	a:0:{}	0	5	3	6	9	602	604	0	0	0	0	Drupal\\Core\\Menu\\Form\\MenuLinkDefaultForm
main	411	menu_link_content:605e9416-aac7-4076-b477-78bc4d786ec1		<front>		a:0:{}		s:21:"\\340\\270\\253\\340\\270\\231\\340\\271\\211\\340\\270\\262\\340\\271\\201\\340\\270\\243\\340\\270\\201";	\N	Drupal\\menu_link_content\\Plugin\\Menu\\MenuLinkContent	a:1:{s:10:"attributes";a:1:{s:5:"class";a:1:{i:0;s:0:"";}}}	menu_link_content	1	1	0	-50	a:1:{s:9:"entity_id";s:1:"7";}	0	1	411	0	0	0	0	0	0	0	0	\\Drupal\\menu_link_content\\Form\\MenuLinkContentForm
main	527	menu_link_content:9dde17f7-374d-4e9f-b85b-4193d0f42aa6		view.all_courses.page_1	view_id=all_courses&display_id=page_1	a:2:{s:7:"view_id";s:11:"all_courses";s:10:"display_id";s:6:"page_1";}		s:30:"\\340\\270\\204\\340\\270\\255\\340\\270\\243\\340\\271\\214\\340\\270\\252\\340\\271\\200\\340\\270\\243\\340\\270\\265\\340\\270\\242\\340\\270\\231";	\N	Drupal\\menu_link_content\\Plugin\\Menu\\MenuLinkContent	a:6:{s:10:"attributes";a:1:{s:5:"class";a:1:{i:0;s:0:"";}}s:7:"fa_icon";s:0:"";s:14:"fa_icon_prefix";s:2:"fa";s:11:"fa_icon_tag";s:1:"i";s:18:"fa_icon_appearance";s:6:"before";s:5:"query";a:0:{}}	menu_link_content	1	1	1	-48	a:1:{s:9:"entity_id";s:2:"13";}	0	1	527	0	0	0	0	0	0	0	0	\\Drupal\\menu_link_content\\Form\\MenuLinkContentForm
admin	552	slick.settings	entity.slick.collection	slick.settings		a:0:{}		O:48:"Drupal\\\\Core\\\\StringTranslation\\\\TranslatableMarkup":3:{s:9:"\\000*\\000string";s:8:"Slick UI";s:12:"\\000*\\000arguments";a:0:{}s:10:"\\000*\\000options";a:0:{}}	O:48:"Drupal\\\\Core\\\\StringTranslation\\\\TranslatableMarkup":3:{s:9:"\\000*\\000string";s:16:"Manage Slick UI.";s:12:"\\000*\\000arguments";a:0:{}s:10:"\\000*\\000options";a:0:{}}	Drupal\\Core\\Menu\\MenuLinkDefault	a:0:{}	slick_ui	1	1	0	21	a:0:{}	0	5	3	12	13	551	552	0	0	0	0	Drupal\\Core\\Menu\\Form\\MenuLinkDefaultForm
admin	551	entity.slick.collection	system.admin_config_media	entity.slick.collection		a:0:{}		O:48:"Drupal\\\\Core\\\\StringTranslation\\\\TranslatableMarkup":3:{s:9:"\\000*\\000string";s:5:"Slick";s:12:"\\000*\\000arguments";a:0:{}s:10:"\\000*\\000options";a:0:{}}	O:48:"Drupal\\\\Core\\\\StringTranslation\\\\TranslatableMarkup":3:{s:9:"\\000*\\000string";s:23:"Manage Slick optionset.";s:12:"\\000*\\000arguments";a:0:{}s:10:"\\000*\\000options";a:0:{}}	Drupal\\Core\\Menu\\MenuLinkDefault	a:0:{}	slick_ui	1	1	0	0	a:0:{}	1	4	3	12	13	551	0	0	0	0	0	Drupal\\Core\\Menu\\Form\\MenuLinkDefaultForm
admin	555	admin_toolbar_tools.extra_links:entity.taxonomy_vocabulary.edit_form.course_level	admin_toolbar_tools.extra_links:entity.taxonomy_vocabulary.overview_form.course_level	entity.taxonomy_vocabulary.edit_form	taxonomy_vocabulary=course_level	a:1:{s:19:"taxonomy_vocabulary";s:12:"course_level";}		O:48:"Drupal\\\\Core\\\\StringTranslation\\\\TranslatableMarkup":3:{s:9:"\\000*\\000string";s:4:"Edit";s:12:"\\000*\\000arguments";a:0:{}s:10:"\\000*\\000options";a:0:{}}	s:0:"";	Drupal\\Core\\Menu\\MenuLinkDefault	a:0:{}	admin_toolbar_tools	1	1	0	0	a:0:{}	0	5	3	6	49	554	555	0	0	0	0	Drupal\\Core\\Menu\\Form\\MenuLinkDefaultForm
admin	556	admin_toolbar_tools.extra_links:entity.taxonomy_term.field_ui_fieldscourse_level	admin_toolbar_tools.extra_links:entity.taxonomy_vocabulary.overview_form.course_level	entity.taxonomy_term.field_ui_fields	taxonomy_vocabulary=course_level	a:1:{s:19:"taxonomy_vocabulary";s:12:"course_level";}		O:48:"Drupal\\\\Core\\\\StringTranslation\\\\TranslatableMarkup":3:{s:9:"\\000*\\000string";s:13:"Manage fields";s:12:"\\000*\\000arguments";a:0:{}s:10:"\\000*\\000options";a:0:{}}	s:0:"";	Drupal\\Core\\Menu\\MenuLinkDefault	a:0:{}	admin_toolbar_tools	1	1	0	1	a:0:{}	0	5	3	6	49	554	556	0	0	0	0	Drupal\\Core\\Menu\\Form\\MenuLinkDefaultForm
admin	557	admin_toolbar_tools.extra_links:entity.entity_form_display.taxonomy_term.defaultcourse_level	admin_toolbar_tools.extra_links:entity.taxonomy_vocabulary.overview_form.course_level	entity.entity_form_display.taxonomy_term.default	taxonomy_vocabulary=course_level	a:1:{s:19:"taxonomy_vocabulary";s:12:"course_level";}		O:48:"Drupal\\\\Core\\\\StringTranslation\\\\TranslatableMarkup":3:{s:9:"\\000*\\000string";s:19:"Manage form display";s:12:"\\000*\\000arguments";a:0:{}s:10:"\\000*\\000options";a:0:{}}	s:0:"";	Drupal\\Core\\Menu\\MenuLinkDefault	a:0:{}	admin_toolbar_tools	1	1	0	2	a:0:{}	0	5	3	6	49	554	557	0	0	0	0	Drupal\\Core\\Menu\\Form\\MenuLinkDefaultForm
admin	558	admin_toolbar_tools.extra_links:entity.entity_view_display.taxonomy_term.default.course_level	admin_toolbar_tools.extra_links:entity.taxonomy_vocabulary.overview_form.course_level	entity.entity_view_display.taxonomy_term.default	taxonomy_vocabulary=course_level	a:1:{s:19:"taxonomy_vocabulary";s:12:"course_level";}		O:48:"Drupal\\\\Core\\\\StringTranslation\\\\TranslatableMarkup":3:{s:9:"\\000*\\000string";s:14:"Manage display";s:12:"\\000*\\000arguments";a:0:{}s:10:"\\000*\\000options";a:0:{}}	s:0:"";	Drupal\\Core\\Menu\\MenuLinkDefault	a:0:{}	admin_toolbar_tools	1	1	0	3	a:0:{}	0	5	3	6	49	554	558	0	0	0	0	Drupal\\Core\\Menu\\Form\\MenuLinkDefaultForm
admin	554	admin_toolbar_tools.extra_links:entity.taxonomy_vocabulary.overview_form.course_level	entity.taxonomy_vocabulary.collection	entity.taxonomy_vocabulary.overview_form	taxonomy_vocabulary=course_level	a:1:{s:19:"taxonomy_vocabulary";s:12:"course_level";}		s:0:"";	s:0:"";	Drupal\\admin_toolbar_tools\\Plugin\\Menu\\MenuLinkEntity	a:0:{}	admin_toolbar_tools	1	1	0	0	a:2:{s:11:"entity_type";s:19:"taxonomy_vocabulary";s:9:"entity_id";s:12:"course_level";}	1	4	3	6	49	554	0	0	0	0	0	Drupal\\Core\\Menu\\Form\\MenuLinkDefaultForm
admin	467	entity.view.collection	system.admin_structure	entity.view.collection		a:0:{}		O:48:"Drupal\\\\Core\\\\StringTranslation\\\\TranslatableMarkup":3:{s:9:"\\000*\\000string";s:5:"Views";s:12:"\\000*\\000arguments";a:0:{}s:10:"\\000*\\000options";a:0:{}}	O:48:"Drupal\\\\Core\\\\StringTranslation\\\\TranslatableMarkup":3:{s:9:"\\000*\\000string";s:35:"Manage customized lists of content.";s:12:"\\000*\\000arguments";a:0:{}s:10:"\\000*\\000options";a:0:{}}	Drupal\\Core\\Menu\\MenuLinkDefault	a:0:{}	views_ui	1	1	0	0	a:0:{}	1	3	3	6	467	0	0	0	0	0	0	Drupal\\Core\\Menu\\Form\\MenuLinkDefaultForm
admin	559	admin_toolbar_tools.extra_links:entity.entity_permissions_form.taxonomy_term.default.course_level	admin_toolbar_tools.extra_links:entity.taxonomy_vocabulary.overview_form.course_level	entity.taxonomy_vocabulary.entity_permissions_form	taxonomy_vocabulary=course_level	a:1:{s:19:"taxonomy_vocabulary";s:12:"course_level";}		O:48:"Drupal\\\\Core\\\\StringTranslation\\\\TranslatableMarkup":3:{s:9:"\\000*\\000string";s:18:"Manage permissions";s:12:"\\000*\\000arguments";a:0:{}s:10:"\\000*\\000options";a:0:{}}	s:0:"";	Drupal\\Core\\Menu\\MenuLinkDefault	a:0:{}	admin_toolbar_tools	1	1	0	3	a:0:{}	0	5	3	6	49	554	559	0	0	0	0	Drupal\\Core\\Menu\\Form\\MenuLinkDefaultForm
admin	560	admin_toolbar_tools.extra_links:entity.taxonomy_vocabulary.delete_form.course_level	admin_toolbar_tools.extra_links:entity.taxonomy_vocabulary.overview_form.course_level	entity.taxonomy_vocabulary.delete_form	taxonomy_vocabulary=course_level	a:1:{s:19:"taxonomy_vocabulary";s:12:"course_level";}		O:48:"Drupal\\\\Core\\\\StringTranslation\\\\TranslatableMarkup":3:{s:9:"\\000*\\000string";s:6:"Delete";s:12:"\\000*\\000arguments";a:0:{}s:10:"\\000*\\000options";a:0:{}}	s:0:"";	Drupal\\Core\\Menu\\MenuLinkDefault	a:0:{}	admin_toolbar_tools	1	1	0	5	a:0:{}	0	5	3	6	49	554	560	0	0	0	0	Drupal\\Core\\Menu\\Form\\MenuLinkDefaultForm
main	464	menu_link_content:a22d5eca-e8be-4626-a7d0-5acf9da3862d		view.all_news.page_1	view_id=all_news&display_id=page_1	a:2:{s:7:"view_id";s:8:"all_news";s:10:"display_id";s:6:"page_1";}		s:12:"\\340\\270\\202\\340\\271\\210\\340\\270\\262\\340\\270\\247";	\N	Drupal\\menu_link_content\\Plugin\\Menu\\MenuLinkContent	a:6:{s:10:"attributes";a:1:{s:5:"class";a:1:{i:0;s:0:"";}}s:7:"fa_icon";s:0:"";s:14:"fa_icon_prefix";s:2:"fa";s:11:"fa_icon_tag";s:1:"i";s:18:"fa_icon_appearance";s:6:"before";s:5:"query";a:0:{}}	menu_link_content	1	1	0	-47	a:1:{s:9:"entity_id";s:2:"11";}	0	1	464	0	0	0	0	0	0	0	0	\\Drupal\\menu_link_content\\Form\\MenuLinkContentForm
admin	605	admin_toolbar_tools.extra_links:entity.entity_view_display.node.default.articles	admin_toolbar_tools.extra_links:entity.node_type.edit_form.articles	entity.entity_view_display.node.default	node_type=articles	a:1:{s:9:"node_type";s:8:"articles";}		O:48:"Drupal\\\\Core\\\\StringTranslation\\\\TranslatableMarkup":3:{s:9:"\\000*\\000string";s:14:"Manage display";s:12:"\\000*\\000arguments";a:0:{}s:10:"\\000*\\000options";a:0:{}}	s:0:"";	Drupal\\Core\\Menu\\MenuLinkDefault	a:0:{}	admin_toolbar_tools	1	1	0	3	a:0:{}	0	5	3	6	9	602	605	0	0	0	0	Drupal\\Core\\Menu\\Form\\MenuLinkDefaultForm
admin	606	admin_toolbar_tools.extra_links:entity.entity_permissions_form.node.default.articles	admin_toolbar_tools.extra_links:entity.node_type.edit_form.articles	entity.node_type.entity_permissions_form	node_type=articles	a:1:{s:9:"node_type";s:8:"articles";}		O:48:"Drupal\\\\Core\\\\StringTranslation\\\\TranslatableMarkup":3:{s:9:"\\000*\\000string";s:18:"Manage permissions";s:12:"\\000*\\000arguments";a:0:{}s:10:"\\000*\\000options";a:0:{}}	s:0:"";	Drupal\\Core\\Menu\\MenuLinkDefault	a:0:{}	admin_toolbar_tools	1	1	0	3	a:0:{}	0	5	3	6	9	602	606	0	0	0	0	Drupal\\Core\\Menu\\Form\\MenuLinkDefaultForm
